
{"id":10147,"date":"2019-08-29T15:17:19","date_gmt":"2019-08-29T13:17:19","guid":{"rendered":"http:\/\/www.comercialanma.es\/?post_type=product&#038;p=10147"},"modified":"2021-02-04T11:11:02","modified_gmt":"2021-02-04T10:11:02","slug":"agusti-torello-mata-gran-reserva-barrica-brut-nature-75cl","status":"publish","type":"product","link":"https:\/\/www.comercialanma.es\/?product=agusti-torello-mata-gran-reserva-barrica-brut-nature-75cl","title":{"rendered":"Agust\u00ed Torell\u00f3 Mata Gran Reserva Barrica Brut Nature 75cl."},"content":{"rendered":"<h3>D.O.:<\/h3>\n<ul>\n<li>Cava<\/li>\n<\/ul>\n<h3>Variedad:<\/h3>\n<ul>\n<li>Macabeo.<\/li>\n<\/ul>\n<h3>Nota de cata:<\/h3>\n<div id=\"tab_cata_2010\" class=\"tab_content catas_review_container\">\n<div class=\"sp catas_review col-xs-12 nopadding\"><span class=\"cata_title\">Cata a la vista<\/span> <span class=\"cata_content\">Amarillo pajizo con bonitos destellos verdosos. Burbuja fina.<\/span><\/div>\n<div class=\"sp catas_review col-xs-12 nopadding\"><span class=\"cata_title\">Cata en nariz<\/span> <span class=\"cata_content\">Agradables aromas de fruta blanca conjuntados con notas tostadas, bals\u00e1micas y especiadas. Fresco y estructurado.<\/span><\/div>\n<div class=\"sp catas_review col-xs-12 nopadding\"><span class=\"cata_title\">Cata en boca<\/span> <span class=\"cata_content\">Potente y afrutado, de paso cremoso y seco. Destacan las notas afrutadas y especiadas. Muy buena acidez. Final largo y persistente.<\/span><\/div>\n<div class=\"sp catas_review col-xs-12 nopadding\">Graduaci\u00f3n: 11,5% vol.<\/div>\n<\/div>\n","protected":false},"excerpt":{"rendered":"<p>Agust\u00ed Torell\u00f3 Mata Gran Reserva Barrica es un cava brut nature elaborado por la bodega Agust\u00ed Torell\u00f3 Mata en la D.O. Cava.<br \/>\nSe trata de una bodega familiar ubicada en Sant Sadurn\u00ed d&#8217;Anoia (Barcelona), pueblo donde se encuentran las mejores bodegas elaboradoras de cava de Espa\u00f1a.<\/p>\n","protected":false},"featured_media":10148,"template":"","meta":{"spay_email":""},"yoast_head":"<!-- This site is optimized with the Yoast SEO plugin v15.9 - https:\/\/yoast.com\/wordpress\/plugins\/seo\/ -->\n<title>Agust\u00ed Torell\u00f3 Mata Gran Reserva Barrica Brut Nature 75cl. - Comercial de Hosteleria Anma<\/title>\n<meta name=\"robots\" content=\"index, follow, max-snippet:-1, max-image-preview:large, max-video-preview:-1\" \/>\n<link rel=\"canonical\" href=\"https:\/\/www.comercialanma.es\/?product=agusti-torello-mata-gran-reserva-barrica-brut-nature-75cl\" \/>\n<meta property=\"og:locale\" content=\"es_ES\" \/>\n<meta property=\"og:type\" content=\"article\" \/>\n<meta property=\"og:title\" content=\"Agust\u00ed Torell\u00f3 Mata Gran Reserva Barrica Brut Nature 75cl. - Comercial de Hosteleria Anma\" \/>\n<meta property=\"og:description\" content=\"Agust\u00ed Torell\u00f3 Mata Gran Reserva Barrica es un cava brut nature elaborado por la bodega Agust\u00ed Torell\u00f3 Mata en la D.O. Cava. Se trata de una bodega familiar ubicada en Sant Sadurn\u00ed d&#039;Anoia (Barcelona), pueblo donde se encuentran las mejores bodegas elaboradoras de cava de Espa\u00f1a.\" \/>\n<meta property=\"og:url\" content=\"https:\/\/www.comercialanma.es\/?product=agusti-torello-mata-gran-reserva-barrica-brut-nature-75cl\" \/>\n<meta property=\"og:site_name\" content=\"Comercial de Hosteleria Anma\" \/>\n<meta property=\"article:publisher\" content=\"https:\/\/www.facebook.com\/AnmaHosteleria\" \/>\n<meta property=\"article:modified_time\" content=\"2021-02-04T10:11:02+00:00\" \/>\n<meta property=\"og:image\" content=\"https:\/\/i2.wp.com\/www.comercialanma.es\/wp-content\/uploads\/2019\/08\/Agusti-Torello-Mata-Reserva-barrica.jpg?fit=1200%2C1200&#038;ssl=1\" \/>\n\t<meta property=\"og:image:width\" content=\"1200\" \/>\n\t<meta property=\"og:image:height\" content=\"1200\" \/>\n<meta name=\"twitter:card\" content=\"summary_large_image\" \/>\n<script type=\"application\/ld+json\" class=\"yoast-schema-graph\">{\"@context\":\"https:\/\/schema.org\",\"@graph\":[{\"@type\":\"Organization\",\"@id\":\"https:\/\/www.comercialanma.es\/#organization\",\"name\":\"Comercial Anma\",\"url\":\"https:\/\/www.comercialanma.es\/\",\"sameAs\":[\"https:\/\/www.facebook.com\/AnmaHosteleria\",\"https:\/\/www.instagram.com\/anmahosteleria\/?hl=es\",\"https:\/\/www.youtube.com\/channel\/UCT2nmn08Ntks0hmpZPnDgCA\"],\"logo\":{\"@type\":\"ImageObject\",\"@id\":\"https:\/\/www.comercialanma.es\/#logo\",\"inLanguage\":\"es\",\"url\":\"https:\/\/i2.wp.com\/www.comercialanma.es\/wp-content\/uploads\/2019\/06\/logo-anma-color.png?fit=247%2C101&ssl=1\",\"width\":247,\"height\":101,\"caption\":\"Comercial Anma\"},\"image\":{\"@id\":\"https:\/\/www.comercialanma.es\/#logo\"}},{\"@type\":\"WebSite\",\"@id\":\"https:\/\/www.comercialanma.es\/#website\",\"url\":\"https:\/\/www.comercialanma.es\/\",\"name\":\"Comercial de Hosteleria Anma\",\"description\":\"\",\"publisher\":{\"@id\":\"https:\/\/www.comercialanma.es\/#organization\"},\"potentialAction\":[{\"@type\":\"SearchAction\",\"target\":\"https:\/\/www.comercialanma.es\/?s={search_term_string}\",\"query-input\":\"required name=search_term_string\"}],\"inLanguage\":\"es\"},{\"@type\":\"ImageObject\",\"@id\":\"https:\/\/www.comercialanma.es\/?product=agusti-torello-mata-gran-reserva-barrica-brut-nature-75cl#primaryimage\",\"inLanguage\":\"es\",\"url\":\"https:\/\/i2.wp.com\/www.comercialanma.es\/wp-content\/uploads\/2019\/08\/Agusti-Torello-Mata-Reserva-barrica.jpg?fit=1200%2C1200&ssl=1\",\"width\":1200,\"height\":1200},{\"@type\":\"WebPage\",\"@id\":\"https:\/\/www.comercialanma.es\/?product=agusti-torello-mata-gran-reserva-barrica-brut-nature-75cl#webpage\",\"url\":\"https:\/\/www.comercialanma.es\/?product=agusti-torello-mata-gran-reserva-barrica-brut-nature-75cl\",\"name\":\"Agust\\u00ed Torell\\u00f3 Mata Gran Reserva Barrica Brut Nature 75cl. - Comercial de Hosteleria Anma\",\"isPartOf\":{\"@id\":\"https:\/\/www.comercialanma.es\/#website\"},\"primaryImageOfPage\":{\"@id\":\"https:\/\/www.comercialanma.es\/?product=agusti-torello-mata-gran-reserva-barrica-brut-nature-75cl#primaryimage\"},\"datePublished\":\"2019-08-29T13:17:19+00:00\",\"dateModified\":\"2021-02-04T10:11:02+00:00\",\"breadcrumb\":{\"@id\":\"https:\/\/www.comercialanma.es\/?product=agusti-torello-mata-gran-reserva-barrica-brut-nature-75cl#breadcrumb\"},\"inLanguage\":\"es\",\"potentialAction\":[{\"@type\":\"ReadAction\",\"target\":[\"https:\/\/www.comercialanma.es\/?product=agusti-torello-mata-gran-reserva-barrica-brut-nature-75cl\"]}]},{\"@type\":\"BreadcrumbList\",\"@id\":\"https:\/\/www.comercialanma.es\/?product=agusti-torello-mata-gran-reserva-barrica-brut-nature-75cl#breadcrumb\",\"itemListElement\":[{\"@type\":\"ListItem\",\"position\":1,\"item\":{\"@type\":\"WebPage\",\"@id\":\"https:\/\/www.comercialanma.es\/\",\"url\":\"https:\/\/www.comercialanma.es\/\",\"name\":\"Portada\"}},{\"@type\":\"ListItem\",\"position\":2,\"item\":{\"@type\":\"WebPage\",\"@id\":\"https:\/\/www.comercialanma.es\/?page_id=3963\",\"url\":\"https:\/\/www.comercialanma.es\/?page_id=3963\",\"name\":\"Cat\\u00e1logo de Productos\"}},{\"@type\":\"ListItem\",\"position\":3,\"item\":{\"@type\":\"WebPage\",\"@id\":\"https:\/\/www.comercialanma.es\/?product=agusti-torello-mata-gran-reserva-barrica-brut-nature-75cl\",\"url\":\"https:\/\/www.comercialanma.es\/?product=agusti-torello-mata-gran-reserva-barrica-brut-nature-75cl\",\"name\":\"Agust\\u00ed Torell\\u00f3 Mata Gran Reserva Barrica Brut Nature 75cl.\"}}]}]}<\/script>\n<!-- \/ Yoast SEO plugin. -->","_links":{"self":[{"href":"https:\/\/www.comercialanma.es\/index.php?rest_route=\/wp\/v2\/product\/10147"}],"collection":[{"href":"https:\/\/www.comercialanma.es\/index.php?rest_route=\/wp\/v2\/product"}],"about":[{"href":"https:\/\/www.comercialanma.es\/index.php?rest_route=\/wp\/v2\/types\/product"}],"version-history":[{"count":2,"href":"https:\/\/www.comercialanma.es\/index.php?rest_route=\/wp\/v2\/product\/10147\/revisions"}],"predecessor-version":[{"id":15274,"href":"https:\/\/www.comercialanma.es\/index.php?rest_route=\/wp\/v2\/product\/10147\/revisions\/15274"}],"wp:featuredmedia":[{"embeddable":true,"href":"https:\/\/www.comercialanma.es\/index.php?rest_route=\/wp\/v2\/media\/10148"}],"wp:attachment":[{"href":"https:\/\/www.comercialanma.es\/index.php?rest_route=%2Fwp%2Fv2%2Fmedia&parent=10147"}],"curies":[{"name":"wp","href":"https:\/\/api.w.org\/{rel}","templated":true}]}}