
{"id":10166,"date":"2019-08-29T17:20:38","date_gmt":"2019-08-29T15:20:38","guid":{"rendered":"http:\/\/www.comercialanma.es\/?post_type=product&#038;p=10166"},"modified":"2022-10-26T10:03:22","modified_gmt":"2022-10-26T08:03:22","slug":"essential-purpura","status":"publish","type":"product","link":"https:\/\/www.comercialanma.es\/?product=essential-purpura","title":{"rendered":"Juve &#038; Camps Essential P\u00farpura Rva. Brut 75cl."},"content":{"rendered":"<h3>D.O.:<\/h3>\n<ul>\n<li>Cava<\/li>\n<\/ul>\n<h3>Variedad:<\/h3>\n<ul>\n<li>Macabeo, Xarel\u00b7lo, Parellada.<\/li>\n<\/ul>\n<h3>Nota de cata:<\/h3>\n<ul>\n<li class=\"nota_de_cata block-li\"><span class=\"item-value\">Es un cava de una seductora efervescencia, de aroma placentero e intenso, que muestra el encanto de la fruta fresca carnosa y un delicado fondo floral. Poco a poco, en la copa van apareciendo leves toques de pain grill\u00e9 que conforman una deliciosa huida de la simplicidad. De vibraci\u00f3n musical en la boca, su amabilidad le dota de un encanto inesperado y la acidez hace que el sorbo gane en frescura. Es cremoso, agradable, de sencilla exquisitez.<\/span><\/li>\n<li class=\"gastronomia block-li\"><span class=\"item-label\">Gastronom\u00eda<\/span>\u00a0<span class=\"item-value\">Es un espumoso perfecto para el afterwork, el aperitivo o el encuentro inesperado, el punto de extravagancia de un d\u00eda que parec\u00eda destinado ser uno m\u00e1s. Comb\u00ednalo con unos huevos benedictine a la hora del brunch, spaghetti cacio e peppe, tartar de salm\u00f3n con eneldo, tempura de verduras. Y no te olvides de una buena compa\u00f1\u00eda.<\/span><\/li>\n<li>Graduaci\u00f3n: 12% vol.<\/li>\n<\/ul>\n","protected":false},"excerpt":{"rendered":"<div class=\"column\">\n<p>Essential Pu\u0301rpura es la puerta de bienvenida al universo Juve\u0301 &amp; Camps. Una\u00a0melodi\u0301a a tres voces\u00a0donde la xarel\u00b7lo marca el ritmo. Clasicismo audaz en versio\u0301n original.<\/p>\n<\/div>\n<div class=\"page\" title=\"Page 1\">\n<div class=\"section\">\n<div class=\"layoutArea\">\n<div class=\"column\">\n<p>Xarel\u00b7lo, macabeo y parellada fermentan por separado en tinas de acero inoxidable y, tras realizar la fermentacio\u0301n malola\u0301ctica, se realiza el assemblage buscando\u00a0el equilibrio y la elegancia que es marca de la casa en Juve\u0301 &amp; Camps. Solamente forman parte de Essential aquellos vinos que cumplen con los criterios de frescura y cara\u0301cter primario que perseguimos en nuestra casa para estos espumosos.<\/p>\n<p>Una vez embotellado, se realiza la segunda fermentacio\u0301n y comienza la crianza en la tranquilidad y el silencio de nuestras cavas que dara\u0301 lugar a un\u00a0espumoso fresco y burbujeante.<\/p>\n<p>Essential Pu\u0301rpura pasa al menos\u00a025 meses en botella sobre sus li\u0301as\u00a0antes de estar listo para disfrutarlo.<\/p>\n<\/div>\n<\/div>\n<\/div>\n<\/div>\n","protected":false},"featured_media":21873,"template":"","meta":{"spay_email":""},"yoast_head":"<!-- This site is optimized with the Yoast SEO plugin v15.9 - https:\/\/yoast.com\/wordpress\/plugins\/seo\/ -->\n<title>Juve &amp; Camps Essential P\u00farpura Rva. Brut 75cl. - Comercial de Hosteleria Anma<\/title>\n<meta name=\"description\" content=\"Juve &amp; Camps Essential P\u00farpura Rva. Brut | 75cl.| Es un cava de una seductora efervescencia, de aroma placentero e intenso.\" \/>\n<meta name=\"robots\" content=\"index, follow, max-snippet:-1, max-image-preview:large, max-video-preview:-1\" \/>\n<link rel=\"canonical\" href=\"https:\/\/www.comercialanma.es\/?product=essential-purpura\" \/>\n<meta property=\"og:locale\" content=\"es_ES\" \/>\n<meta property=\"og:type\" content=\"article\" \/>\n<meta property=\"og:title\" content=\"Juve &amp; Camps Essential P\u00farpura Rva. Brut 75cl. - Comercial de Hosteleria Anma\" \/>\n<meta property=\"og:description\" content=\"Juve &amp; Camps Essential P\u00farpura Rva. Brut | 75cl.| Es un cava de una seductora efervescencia, de aroma placentero e intenso.\" \/>\n<meta property=\"og:url\" content=\"https:\/\/www.comercialanma.es\/?product=essential-purpura\" \/>\n<meta property=\"og:site_name\" content=\"Comercial de Hosteleria Anma\" \/>\n<meta property=\"article:publisher\" content=\"https:\/\/www.facebook.com\/AnmaHosteleria\" \/>\n<meta property=\"article:modified_time\" content=\"2022-10-26T08:03:22+00:00\" \/>\n<meta property=\"og:image\" content=\"https:\/\/i1.wp.com\/www.comercialanma.es\/wp-content\/uploads\/2019\/08\/Essential-purpura-2022.jpg?fit=1080%2C1080&#038;ssl=1\" \/>\n\t<meta property=\"og:image:width\" content=\"1080\" \/>\n\t<meta property=\"og:image:height\" content=\"1080\" \/>\n<meta name=\"twitter:card\" content=\"summary_large_image\" \/>\n<meta name=\"twitter:label1\" content=\"Tiempo de lectura\">\n\t<meta name=\"twitter:data1\" content=\"1 minuto\">\n<script type=\"application\/ld+json\" class=\"yoast-schema-graph\">{\"@context\":\"https:\/\/schema.org\",\"@graph\":[{\"@type\":\"Organization\",\"@id\":\"https:\/\/www.comercialanma.es\/#organization\",\"name\":\"Comercial Anma\",\"url\":\"https:\/\/www.comercialanma.es\/\",\"sameAs\":[\"https:\/\/www.facebook.com\/AnmaHosteleria\",\"https:\/\/www.instagram.com\/anmahosteleria\/?hl=es\",\"https:\/\/www.youtube.com\/channel\/UCT2nmn08Ntks0hmpZPnDgCA\"],\"logo\":{\"@type\":\"ImageObject\",\"@id\":\"https:\/\/www.comercialanma.es\/#logo\",\"inLanguage\":\"es\",\"url\":\"https:\/\/i2.wp.com\/www.comercialanma.es\/wp-content\/uploads\/2019\/06\/logo-anma-color.png?fit=247%2C101&ssl=1\",\"width\":247,\"height\":101,\"caption\":\"Comercial Anma\"},\"image\":{\"@id\":\"https:\/\/www.comercialanma.es\/#logo\"}},{\"@type\":\"WebSite\",\"@id\":\"https:\/\/www.comercialanma.es\/#website\",\"url\":\"https:\/\/www.comercialanma.es\/\",\"name\":\"Comercial de Hosteleria Anma\",\"description\":\"\",\"publisher\":{\"@id\":\"https:\/\/www.comercialanma.es\/#organization\"},\"potentialAction\":[{\"@type\":\"SearchAction\",\"target\":\"https:\/\/www.comercialanma.es\/?s={search_term_string}\",\"query-input\":\"required name=search_term_string\"}],\"inLanguage\":\"es\"},{\"@type\":\"ImageObject\",\"@id\":\"https:\/\/www.comercialanma.es\/?product=essential-purpura#primaryimage\",\"inLanguage\":\"es\",\"url\":\"https:\/\/i1.wp.com\/www.comercialanma.es\/wp-content\/uploads\/2019\/08\/Essential-purpura-2022.jpg?fit=1080%2C1080&ssl=1\",\"width\":1080,\"height\":1080},{\"@type\":\"WebPage\",\"@id\":\"https:\/\/www.comercialanma.es\/?product=essential-purpura#webpage\",\"url\":\"https:\/\/www.comercialanma.es\/?product=essential-purpura\",\"name\":\"Juve & Camps Essential P\\u00farpura Rva. Brut 75cl. - Comercial de Hosteleria Anma\",\"isPartOf\":{\"@id\":\"https:\/\/www.comercialanma.es\/#website\"},\"primaryImageOfPage\":{\"@id\":\"https:\/\/www.comercialanma.es\/?product=essential-purpura#primaryimage\"},\"datePublished\":\"2019-08-29T15:20:38+00:00\",\"dateModified\":\"2022-10-26T08:03:22+00:00\",\"description\":\"Juve & Camps Essential P\\u00farpura Rva. Brut | 75cl.| Es un cava de una seductora efervescencia, de aroma placentero e intenso.\",\"breadcrumb\":{\"@id\":\"https:\/\/www.comercialanma.es\/?product=essential-purpura#breadcrumb\"},\"inLanguage\":\"es\",\"potentialAction\":[{\"@type\":\"ReadAction\",\"target\":[\"https:\/\/www.comercialanma.es\/?product=essential-purpura\"]}]},{\"@type\":\"BreadcrumbList\",\"@id\":\"https:\/\/www.comercialanma.es\/?product=essential-purpura#breadcrumb\",\"itemListElement\":[{\"@type\":\"ListItem\",\"position\":1,\"item\":{\"@type\":\"WebPage\",\"@id\":\"https:\/\/www.comercialanma.es\/\",\"url\":\"https:\/\/www.comercialanma.es\/\",\"name\":\"Portada\"}},{\"@type\":\"ListItem\",\"position\":2,\"item\":{\"@type\":\"WebPage\",\"@id\":\"https:\/\/www.comercialanma.es\/?page_id=3963\",\"url\":\"https:\/\/www.comercialanma.es\/?page_id=3963\",\"name\":\"Cat\\u00e1logo de Productos\"}},{\"@type\":\"ListItem\",\"position\":3,\"item\":{\"@type\":\"WebPage\",\"@id\":\"https:\/\/www.comercialanma.es\/?product=essential-purpura\",\"url\":\"https:\/\/www.comercialanma.es\/?product=essential-purpura\",\"name\":\"Juve &#038; Camps Essential P\\u00farpura Rva. Brut 75cl.\"}}]}]}<\/script>\n<!-- \/ Yoast SEO plugin. -->","_links":{"self":[{"href":"https:\/\/www.comercialanma.es\/index.php?rest_route=\/wp\/v2\/product\/10166"}],"collection":[{"href":"https:\/\/www.comercialanma.es\/index.php?rest_route=\/wp\/v2\/product"}],"about":[{"href":"https:\/\/www.comercialanma.es\/index.php?rest_route=\/wp\/v2\/types\/product"}],"version-history":[{"count":5,"href":"https:\/\/www.comercialanma.es\/index.php?rest_route=\/wp\/v2\/product\/10166\/revisions"}],"predecessor-version":[{"id":21875,"href":"https:\/\/www.comercialanma.es\/index.php?rest_route=\/wp\/v2\/product\/10166\/revisions\/21875"}],"wp:featuredmedia":[{"embeddable":true,"href":"https:\/\/www.comercialanma.es\/index.php?rest_route=\/wp\/v2\/media\/21873"}],"wp:attachment":[{"href":"https:\/\/www.comercialanma.es\/index.php?rest_route=%2Fwp%2Fv2%2Fmedia&parent=10166"}],"curies":[{"name":"wp","href":"https:\/\/api.w.org\/{rel}","templated":true}]}}