
{"id":10197,"date":"2019-08-30T09:01:37","date_gmt":"2019-08-30T07:01:37","guid":{"rendered":"http:\/\/www.comercialanma.es\/?post_type=product&#038;p=10197"},"modified":"2022-11-29T17:27:16","modified_gmt":"2022-11-29T16:27:16","slug":"innoble-gramona","status":"publish","type":"product","link":"https:\/\/www.comercialanma.es\/?product=innoble-gramona","title":{"rendered":"Gramona Innoble Brut Nature 75cl."},"content":{"rendered":"<h3>D.O.:<\/h3>\n<ul>\n<li>Corpinnat<\/li>\n<\/ul>\n<h3>Variedad:<\/h3>\n<ul>\n<li>Xarel\u00b7lo.<\/li>\n<\/ul>\n<h3>Nota de cata:<\/h3>\n<ul>\n<li class=\"content\">Color amarillo pajizo con reflejos dorados.<\/li>\n<li class=\"content\">En nariz presenta gran intensidad en variedad de aromas, de los cuales destacan las notas de fruta blanca madura, notas de panader\u00eda y resposter\u00eda, frutos secos y flores blancas.<\/li>\n<li class=\"content\">En boca es amplio y refrescante, la burbuja es fina y muy integrada, sobresalen las notas de fruta madura y panader\u00eda. Final muy largo y harmonioso.<\/li>\n<\/ul>\n<h3>Maridaje:<\/h3>\n<ul>\n<li>Cava muy vers\u00e1til, fresco y complejo, ideal para tomar durante la comida e incluso con el postre.<\/li>\n<\/ul>\n<h3>Graduaci\u00f3n:<\/h3>\n<ul>\n<li>12% vol.<\/li>\n<\/ul>\n","protected":false},"excerpt":{"rendered":"<p>Innoble es el nuevo vino espumoso de calidad de la Bodega Gramona. Con este vino recuperan una tradici\u00f3n hoy casi inusual de ensamblar tres cosechas diferentes con crianza en madera. Un vino espumoso de viticultura ecol\u00f3gica y biodin\u00e1mica, elaborado sin aplicar ning\u00fan tipo de herbicidas ni pesticidas, s\u00f3lo recursos naturales para preservar el entorno<\/p>\n","protected":false},"featured_media":21954,"template":"","meta":{"spay_email":""},"yoast_head":"<!-- This site is optimized with the Yoast SEO plugin v15.9 - https:\/\/yoast.com\/wordpress\/plugins\/seo\/ -->\n<title>Gramona Innoble Brut Nature 75cl. - Comercial de Hosteleria Anma<\/title>\n<meta name=\"description\" content=\"Gramona Innoble Brut Nature | 75cl. | Innoble es el nuevo vino espumoso de calidad de la Bodega Gramona. Vino Espumoso.\" \/>\n<meta name=\"robots\" content=\"index, follow, max-snippet:-1, max-image-preview:large, max-video-preview:-1\" \/>\n<link rel=\"canonical\" href=\"https:\/\/www.comercialanma.es\/?product=innoble-gramona\" \/>\n<meta property=\"og:locale\" content=\"es_ES\" \/>\n<meta property=\"og:type\" content=\"article\" \/>\n<meta property=\"og:title\" content=\"Gramona Innoble Brut Nature 75cl. - Comercial de Hosteleria Anma\" \/>\n<meta property=\"og:description\" content=\"Gramona Innoble Brut Nature | 75cl. | Innoble es el nuevo vino espumoso de calidad de la Bodega Gramona. Vino Espumoso.\" \/>\n<meta property=\"og:url\" content=\"https:\/\/www.comercialanma.es\/?product=innoble-gramona\" \/>\n<meta property=\"og:site_name\" content=\"Comercial de Hosteleria Anma\" \/>\n<meta property=\"article:publisher\" content=\"https:\/\/www.facebook.com\/AnmaHosteleria\" \/>\n<meta property=\"article:modified_time\" content=\"2022-11-29T16:27:16+00:00\" \/>\n<meta property=\"og:image\" content=\"https:\/\/i0.wp.com\/www.comercialanma.es\/wp-content\/uploads\/2019\/08\/Innoble-brut-nature.jpg?fit=1080%2C1080&#038;ssl=1\" \/>\n\t<meta property=\"og:image:width\" content=\"1080\" \/>\n\t<meta property=\"og:image:height\" content=\"1080\" \/>\n<meta name=\"twitter:card\" content=\"summary_large_image\" \/>\n<meta name=\"twitter:label1\" content=\"Tiempo de lectura\">\n\t<meta name=\"twitter:data1\" content=\"1 minuto\">\n<script type=\"application\/ld+json\" class=\"yoast-schema-graph\">{\"@context\":\"https:\/\/schema.org\",\"@graph\":[{\"@type\":\"Organization\",\"@id\":\"https:\/\/www.comercialanma.es\/#organization\",\"name\":\"Comercial Anma\",\"url\":\"https:\/\/www.comercialanma.es\/\",\"sameAs\":[\"https:\/\/www.facebook.com\/AnmaHosteleria\",\"https:\/\/www.instagram.com\/anmahosteleria\/?hl=es\",\"https:\/\/www.youtube.com\/channel\/UCT2nmn08Ntks0hmpZPnDgCA\"],\"logo\":{\"@type\":\"ImageObject\",\"@id\":\"https:\/\/www.comercialanma.es\/#logo\",\"inLanguage\":\"es\",\"url\":\"https:\/\/i2.wp.com\/www.comercialanma.es\/wp-content\/uploads\/2019\/06\/logo-anma-color.png?fit=247%2C101&ssl=1\",\"width\":247,\"height\":101,\"caption\":\"Comercial Anma\"},\"image\":{\"@id\":\"https:\/\/www.comercialanma.es\/#logo\"}},{\"@type\":\"WebSite\",\"@id\":\"https:\/\/www.comercialanma.es\/#website\",\"url\":\"https:\/\/www.comercialanma.es\/\",\"name\":\"Comercial de Hosteleria Anma\",\"description\":\"\",\"publisher\":{\"@id\":\"https:\/\/www.comercialanma.es\/#organization\"},\"potentialAction\":[{\"@type\":\"SearchAction\",\"target\":\"https:\/\/www.comercialanma.es\/?s={search_term_string}\",\"query-input\":\"required name=search_term_string\"}],\"inLanguage\":\"es\"},{\"@type\":\"ImageObject\",\"@id\":\"https:\/\/www.comercialanma.es\/?product=innoble-gramona#primaryimage\",\"inLanguage\":\"es\",\"url\":\"https:\/\/i0.wp.com\/www.comercialanma.es\/wp-content\/uploads\/2019\/08\/Innoble-brut-nature.jpg?fit=1080%2C1080&ssl=1\",\"width\":1080,\"height\":1080},{\"@type\":\"WebPage\",\"@id\":\"https:\/\/www.comercialanma.es\/?product=innoble-gramona#webpage\",\"url\":\"https:\/\/www.comercialanma.es\/?product=innoble-gramona\",\"name\":\"Gramona Innoble Brut Nature 75cl. - Comercial de Hosteleria Anma\",\"isPartOf\":{\"@id\":\"https:\/\/www.comercialanma.es\/#website\"},\"primaryImageOfPage\":{\"@id\":\"https:\/\/www.comercialanma.es\/?product=innoble-gramona#primaryimage\"},\"datePublished\":\"2019-08-30T07:01:37+00:00\",\"dateModified\":\"2022-11-29T16:27:16+00:00\",\"description\":\"Gramona Innoble Brut Nature | 75cl. | Innoble es el nuevo vino espumoso de calidad de la Bodega Gramona. Vino Espumoso.\",\"breadcrumb\":{\"@id\":\"https:\/\/www.comercialanma.es\/?product=innoble-gramona#breadcrumb\"},\"inLanguage\":\"es\",\"potentialAction\":[{\"@type\":\"ReadAction\",\"target\":[\"https:\/\/www.comercialanma.es\/?product=innoble-gramona\"]}]},{\"@type\":\"BreadcrumbList\",\"@id\":\"https:\/\/www.comercialanma.es\/?product=innoble-gramona#breadcrumb\",\"itemListElement\":[{\"@type\":\"ListItem\",\"position\":1,\"item\":{\"@type\":\"WebPage\",\"@id\":\"https:\/\/www.comercialanma.es\/\",\"url\":\"https:\/\/www.comercialanma.es\/\",\"name\":\"Portada\"}},{\"@type\":\"ListItem\",\"position\":2,\"item\":{\"@type\":\"WebPage\",\"@id\":\"https:\/\/www.comercialanma.es\/?page_id=3963\",\"url\":\"https:\/\/www.comercialanma.es\/?page_id=3963\",\"name\":\"Cat\\u00e1logo de Productos\"}},{\"@type\":\"ListItem\",\"position\":3,\"item\":{\"@type\":\"WebPage\",\"@id\":\"https:\/\/www.comercialanma.es\/?product=innoble-gramona\",\"url\":\"https:\/\/www.comercialanma.es\/?product=innoble-gramona\",\"name\":\"Gramona Innoble Brut Nature 75cl.\"}}]}]}<\/script>\n<!-- \/ Yoast SEO plugin. -->","_links":{"self":[{"href":"https:\/\/www.comercialanma.es\/index.php?rest_route=\/wp\/v2\/product\/10197"}],"collection":[{"href":"https:\/\/www.comercialanma.es\/index.php?rest_route=\/wp\/v2\/product"}],"about":[{"href":"https:\/\/www.comercialanma.es\/index.php?rest_route=\/wp\/v2\/types\/product"}],"version-history":[{"count":5,"href":"https:\/\/www.comercialanma.es\/index.php?rest_route=\/wp\/v2\/product\/10197\/revisions"}],"predecessor-version":[{"id":21955,"href":"https:\/\/www.comercialanma.es\/index.php?rest_route=\/wp\/v2\/product\/10197\/revisions\/21955"}],"wp:featuredmedia":[{"embeddable":true,"href":"https:\/\/www.comercialanma.es\/index.php?rest_route=\/wp\/v2\/media\/21954"}],"wp:attachment":[{"href":"https:\/\/www.comercialanma.es\/index.php?rest_route=%2Fwp%2Fv2%2Fmedia&parent=10197"}],"curies":[{"name":"wp","href":"https:\/\/api.w.org\/{rel}","templated":true}]}}