
{"id":10314,"date":"2019-09-02T09:57:34","date_gmt":"2019-09-02T07:57:34","guid":{"rendered":"http:\/\/www.comercialanma.es\/?post_type=product&#038;p=10314"},"modified":"2026-01-07T10:22:47","modified_gmt":"2026-01-07T09:22:47","slug":"vina-esmeralda-blanco","status":"publish","type":"product","link":"https:\/\/www.comercialanma.es\/?product=vina-esmeralda-blanco","title":{"rendered":"Vino Torres Vi\u00f1a Esmeralda Blanco 75cl."},"content":{"rendered":"<h3>D.O.:<\/h3>\n<ul>\n<li>Catalu\u00f1a.<\/li>\n<\/ul>\n<h3>Variedades de uva:<\/h3>\n<ul>\n<li>Muscat de Alejandr\u00eda<\/li>\n<\/ul>\n<h3>Graduaci\u00f3n:<\/h3>\n<ul>\n<li>Graduaci\u00f3n: 11,5% vol.<\/li>\n<\/ul>\n<h3>Nota de cata:<\/h3>\n<ul>\n<li>Vino color pajizo p\u00e1lido. Fragante, ofrece n\u00edtidas aromas florales (azahar), con matices de fruta madura (manzana, uva).<\/li>\n<li>En boca es sedoso y suave, con un final perfumado (miel de naranjo) y delicadamente goloso.<\/li>\n<\/ul>\n","protected":false},"excerpt":{"rendered":"<div id=\"tw-target-text-container\" class=\"tw-ta-container tw-nfl\">\n<p dir=\"ltr\" data-placeholder=\"Traducci\u00f3n\"><img loading=\"lazy\" class=\"alignnone wp-image-11065\" src=\"http:\/\/www.comercialanma.es\/wp-content\/uploads\/2019\/10\/simbolo-producto-ecologico.jpg\" alt=\"\" width=\"35\" height=\"23\" \/><\/p>\n<p id=\"tw-target-text\" class=\"tw-data-text tw-text-large tw-ta\" dir=\"ltr\" data-placeholder=\"Traducci\u00f3n\"><span lang=\"es\" tabindex=\"0\">La brisa del mediterr\u00e1neo se confunde con el aroma de las rosas que rodean nuestros vi\u00f1edos, dando lugar a nuestra m\u00e1s preciada joya: Vi\u00f1a Esmeralda. Un placer para compartir que evoca la belleza del Mediterr\u00e1neo y sus lugares \u00fanicos.<\/span><\/p>\n<\/div>\n","protected":false},"featured_media":24546,"template":"","meta":{"spay_email":""},"yoast_head":"<!-- This site is optimized with the Yoast SEO plugin v15.9 - https:\/\/yoast.com\/wordpress\/plugins\/seo\/ -->\n<title>Vino Torres Vi\u00f1a Esmeralda Blanco 75cl. - Comercial de Hosteleria Anma<\/title>\n<meta name=\"robots\" content=\"index, follow, max-snippet:-1, max-image-preview:large, max-video-preview:-1\" \/>\n<link rel=\"canonical\" href=\"https:\/\/www.comercialanma.es\/?product=vina-esmeralda-blanco\" \/>\n<meta property=\"og:locale\" content=\"es_ES\" \/>\n<meta property=\"og:type\" content=\"article\" \/>\n<meta property=\"og:title\" content=\"Vino Torres Vi\u00f1a Esmeralda Blanco 75cl. - Comercial de Hosteleria Anma\" \/>\n<meta property=\"og:description\" content=\"La brisa del mediterr\u00e1neo se confunde con el aroma de las rosas que rodean nuestros vi\u00f1edos, dando lugar a nuestra m\u00e1s preciada joya: Vi\u00f1a Esmeralda. Un placer para compartir que evoca la belleza del Mediterr\u00e1neo y sus lugares \u00fanicos.\" \/>\n<meta property=\"og:url\" content=\"https:\/\/www.comercialanma.es\/?product=vina-esmeralda-blanco\" \/>\n<meta property=\"og:site_name\" content=\"Comercial de Hosteleria Anma\" \/>\n<meta property=\"article:publisher\" content=\"https:\/\/www.facebook.com\/AnmaHosteleria\" \/>\n<meta property=\"article:modified_time\" content=\"2026-01-07T09:22:47+00:00\" \/>\n<meta property=\"og:image\" content=\"https:\/\/i2.wp.com\/www.comercialanma.es\/wp-content\/uploads\/2019\/09\/VIN\u0303A-ESMERALDA-2026.jpg?fit=1080%2C1080&#038;ssl=1\" \/>\n\t<meta property=\"og:image:width\" content=\"1080\" \/>\n\t<meta property=\"og:image:height\" content=\"1080\" \/>\n<meta name=\"twitter:card\" content=\"summary_large_image\" \/>\n<meta name=\"twitter:label1\" content=\"Tiempo de lectura\">\n\t<meta name=\"twitter:data1\" content=\"1 minuto\">\n<script type=\"application\/ld+json\" class=\"yoast-schema-graph\">{\"@context\":\"https:\/\/schema.org\",\"@graph\":[{\"@type\":\"Organization\",\"@id\":\"https:\/\/www.comercialanma.es\/#organization\",\"name\":\"Comercial Anma\",\"url\":\"https:\/\/www.comercialanma.es\/\",\"sameAs\":[\"https:\/\/www.facebook.com\/AnmaHosteleria\",\"https:\/\/www.instagram.com\/anmahosteleria\/?hl=es\",\"https:\/\/www.youtube.com\/channel\/UCT2nmn08Ntks0hmpZPnDgCA\"],\"logo\":{\"@type\":\"ImageObject\",\"@id\":\"https:\/\/www.comercialanma.es\/#logo\",\"inLanguage\":\"es\",\"url\":\"https:\/\/i2.wp.com\/www.comercialanma.es\/wp-content\/uploads\/2019\/06\/logo-anma-color.png?fit=247%2C101&ssl=1\",\"width\":247,\"height\":101,\"caption\":\"Comercial Anma\"},\"image\":{\"@id\":\"https:\/\/www.comercialanma.es\/#logo\"}},{\"@type\":\"WebSite\",\"@id\":\"https:\/\/www.comercialanma.es\/#website\",\"url\":\"https:\/\/www.comercialanma.es\/\",\"name\":\"Comercial de Hosteleria Anma\",\"description\":\"\",\"publisher\":{\"@id\":\"https:\/\/www.comercialanma.es\/#organization\"},\"potentialAction\":[{\"@type\":\"SearchAction\",\"target\":\"https:\/\/www.comercialanma.es\/?s={search_term_string}\",\"query-input\":\"required name=search_term_string\"}],\"inLanguage\":\"es\"},{\"@type\":\"ImageObject\",\"@id\":\"https:\/\/www.comercialanma.es\/?product=vina-esmeralda-blanco#primaryimage\",\"inLanguage\":\"es\",\"url\":\"https:\/\/i2.wp.com\/www.comercialanma.es\/wp-content\/uploads\/2019\/09\/VIN\\u0303A-ESMERALDA-2026.jpg?fit=1080%2C1080&ssl=1\",\"width\":1080,\"height\":1080},{\"@type\":\"WebPage\",\"@id\":\"https:\/\/www.comercialanma.es\/?product=vina-esmeralda-blanco#webpage\",\"url\":\"https:\/\/www.comercialanma.es\/?product=vina-esmeralda-blanco\",\"name\":\"Vino Torres Vi\\u00f1a Esmeralda Blanco 75cl. - Comercial de Hosteleria Anma\",\"isPartOf\":{\"@id\":\"https:\/\/www.comercialanma.es\/#website\"},\"primaryImageOfPage\":{\"@id\":\"https:\/\/www.comercialanma.es\/?product=vina-esmeralda-blanco#primaryimage\"},\"datePublished\":\"2019-09-02T07:57:34+00:00\",\"dateModified\":\"2026-01-07T09:22:47+00:00\",\"breadcrumb\":{\"@id\":\"https:\/\/www.comercialanma.es\/?product=vina-esmeralda-blanco#breadcrumb\"},\"inLanguage\":\"es\",\"potentialAction\":[{\"@type\":\"ReadAction\",\"target\":[\"https:\/\/www.comercialanma.es\/?product=vina-esmeralda-blanco\"]}]},{\"@type\":\"BreadcrumbList\",\"@id\":\"https:\/\/www.comercialanma.es\/?product=vina-esmeralda-blanco#breadcrumb\",\"itemListElement\":[{\"@type\":\"ListItem\",\"position\":1,\"item\":{\"@type\":\"WebPage\",\"@id\":\"https:\/\/www.comercialanma.es\/\",\"url\":\"https:\/\/www.comercialanma.es\/\",\"name\":\"Portada\"}},{\"@type\":\"ListItem\",\"position\":2,\"item\":{\"@type\":\"WebPage\",\"@id\":\"https:\/\/www.comercialanma.es\/?page_id=3963\",\"url\":\"https:\/\/www.comercialanma.es\/?page_id=3963\",\"name\":\"Cat\\u00e1logo de Productos\"}},{\"@type\":\"ListItem\",\"position\":3,\"item\":{\"@type\":\"WebPage\",\"@id\":\"https:\/\/www.comercialanma.es\/?product=vina-esmeralda-blanco\",\"url\":\"https:\/\/www.comercialanma.es\/?product=vina-esmeralda-blanco\",\"name\":\"Vino Torres Vi\\u00f1a Esmeralda Blanco 75cl.\"}}]}]}<\/script>\n<!-- \/ Yoast SEO plugin. -->","_links":{"self":[{"href":"https:\/\/www.comercialanma.es\/index.php?rest_route=\/wp\/v2\/product\/10314"}],"collection":[{"href":"https:\/\/www.comercialanma.es\/index.php?rest_route=\/wp\/v2\/product"}],"about":[{"href":"https:\/\/www.comercialanma.es\/index.php?rest_route=\/wp\/v2\/types\/product"}],"version-history":[{"count":6,"href":"https:\/\/www.comercialanma.es\/index.php?rest_route=\/wp\/v2\/product\/10314\/revisions"}],"predecessor-version":[{"id":24553,"href":"https:\/\/www.comercialanma.es\/index.php?rest_route=\/wp\/v2\/product\/10314\/revisions\/24553"}],"wp:featuredmedia":[{"embeddable":true,"href":"https:\/\/www.comercialanma.es\/index.php?rest_route=\/wp\/v2\/media\/24546"}],"wp:attachment":[{"href":"https:\/\/www.comercialanma.es\/index.php?rest_route=%2Fwp%2Fv2%2Fmedia&parent=10314"}],"curies":[{"name":"wp","href":"https:\/\/api.w.org\/{rel}","templated":true}]}}

Vino Torres Viña Esmeralda Blanco 75cl.

<h3>D.O.:</h3>
<ul>
<li>Cataluña.</li>
</ul>
<h3>Variedades de uva:</h3>
<ul>
<li>Muscat de Alejandría</li>
</ul>
<h3>Graduación:</h3>
<ul>
<li>Graduación: 11,5% vol.</li>
</ul>
<h3>Nota de cata:</h3>
<ul>
<li>Vino color pajizo pálido. Fragante, ofrece nítidas aromas florales (azahar), con matices de fruta madura (manzana, uva).</li>
<li>En boca es sedoso y suave, con un final perfumado (miel de naranjo) y delicadamente goloso.</li>
</ul>

<div id="tw-target-text-container" class="tw-ta-container tw-nfl">
<p dir="ltr" data-placeholder="Traducción"><img loading="lazy" class="alignnone wp-image-11065" src="http://www.comercialanma.es/wp-content/uploads/2019/10/simbolo-producto-ecologico.jpg" alt="" width="35" height="23" /></p>
<p id="tw-target-text" class="tw-data-text tw-text-large tw-ta" dir="ltr" data-placeholder="Traducción"><span lang="es" tabindex="0">La brisa del mediterráneo se confunde con el aroma de las rosas que rodean nuestros viñedos, dando lugar a nuestra más preciada joya: Viña Esmeralda. Un placer para compartir que evoca la belleza del Mediterráneo y sus lugares únicos.</span></p>
</div>

<!-- This site is optimized with the Yoast SEO plugin v15.9 - https://yoast.com/wordpress/plugins/seo/ -->
<title>Vino Torres Viña Esmeralda Blanco 75cl. - Comercial de Hosteleria Anma</title>
<meta name="robots" content="index, follow, max-snippet:-1, max-image-preview:large, max-video-preview:-1" />
<link rel="canonical" href="https://www.comercialanma.es/?product=vina-esmeralda-blanco" />
<meta property="og:locale" content="es_ES" />
<meta property="og:type" content="article" />
<meta property="og:title" content="Vino Torres Viña Esmeralda Blanco 75cl. - Comercial de Hosteleria Anma" />
<meta property="og:description" content="La brisa del mediterráneo se confunde con el aroma de las rosas que rodean nuestros viñedos, dando lugar a nuestra más preciada joya: Viña Esmeralda. Un placer para compartir que evoca la belleza del Mediterráneo y sus lugares únicos." />
<meta property="og:url" content="https://www.comercialanma.es/?product=vina-esmeralda-blanco" />
<meta property="og:site_name" content="Comercial de Hosteleria Anma" />
<meta property="article:publisher" content="https://www.facebook.com/AnmaHosteleria" />
<meta property="article:modified_time" content="2026-01-07T09:22:47+00:00" />
<meta property="og:image" content="https://i2.wp.com/www.comercialanma.es/wp-content/uploads/2019/09/VIÑA-ESMERALDA-2026.jpg?fit=1080%2C1080&#038;ssl=1" />
	<meta property="og:image:width" content="1080" />
	<meta property="og:image:height" content="1080" />
<meta name="twitter:card" content="summary_large_image" />
<meta name="twitter:label1" content="Tiempo de lectura">
	<meta name="twitter:data1" content="1 minuto">
<script type="application/ld+json" class="yoast-schema-graph">{"@context":"https://schema.org","@graph":[{"@type":"Organization","@id":"https://www.comercialanma.es/#organization","name":"Comercial Anma","url":"https://www.comercialanma.es/","sameAs":["https://www.facebook.com/AnmaHosteleria","https://www.instagram.com/anmahosteleria/?hl=es","https://www.youtube.com/channel/UCT2nmn08Ntks0hmpZPnDgCA"],"logo":{"@type":"ImageObject","@id":"https://www.comercialanma.es/#logo","inLanguage":"es","url":"https://i2.wp.com/www.comercialanma.es/wp-content/uploads/2019/06/logo-anma-color.png?fit=247%2C101&ssl=1","width":247,"height":101,"caption":"Comercial Anma"},"image":{"@id":"https://www.comercialanma.es/#logo"}},{"@type":"WebSite","@id":"https://www.comercialanma.es/#website","url":"https://www.comercialanma.es/","name":"Comercial de Hosteleria Anma","description":"","publisher":{"@id":"https://www.comercialanma.es/#organization"},"potentialAction":[{"@type":"SearchAction","target":"https://www.comercialanma.es/?s={search_term_string}","query-input":"required name=search_term_string"}],"inLanguage":"es"},{"@type":"ImageObject","@id":"https://www.comercialanma.es/?product=vina-esmeralda-blanco#primaryimage","inLanguage":"es","url":"https://i2.wp.com/www.comercialanma.es/wp-content/uploads/2019/09/VIN\u0303A-ESMERALDA-2026.jpg?fit=1080%2C1080&ssl=1","width":1080,"height":1080},{"@type":"WebPage","@id":"https://www.comercialanma.es/?product=vina-esmeralda-blanco#webpage","url":"https://www.comercialanma.es/?product=vina-esmeralda-blanco","name":"Vino Torres Vi\u00f1a Esmeralda Blanco 75cl. - Comercial de Hosteleria Anma","isPartOf":{"@id":"https://www.comercialanma.es/#website"},"primaryImageOfPage":{"@id":"https://www.comercialanma.es/?product=vina-esmeralda-blanco#primaryimage"},"datePublished":"2019-09-02T07:57:34+00:00","dateModified":"2026-01-07T09:22:47+00:00","breadcrumb":{"@id":"https://www.comercialanma.es/?product=vina-esmeralda-blanco#breadcrumb"},"inLanguage":"es","potentialAction":[{"@type":"ReadAction","target":["https://www.comercialanma.es/?product=vina-esmeralda-blanco"]}]},{"@type":"BreadcrumbList","@id":"https://www.comercialanma.es/?product=vina-esmeralda-blanco#breadcrumb","itemListElement":[{"@type":"ListItem","position":1,"item":{"@type":"WebPage","@id":"https://www.comercialanma.es/","url":"https://www.comercialanma.es/","name":"Portada"}},{"@type":"ListItem","position":2,"item":{"@type":"WebPage","@id":"https://www.comercialanma.es/?page_id=3963","url":"https://www.comercialanma.es/?page_id=3963","name":"Cat\u00e1logo de Productos"}},{"@type":"ListItem","position":3,"item":{"@type":"WebPage","@id":"https://www.comercialanma.es/?product=vina-esmeralda-blanco","url":"https://www.comercialanma.es/?product=vina-esmeralda-blanco","name":"Vino Torres Vi\u00f1a Esmeralda Blanco 75cl."}}]}]}</script>
<!-- / Yoast SEO plugin. -->
