
{"id":10461,"date":"2019-09-03T11:01:14","date_gmt":"2019-09-03T09:01:14","guid":{"rendered":"http:\/\/www.comercialanma.es\/?post_type=product&#038;p=10461"},"modified":"2019-09-03T16:14:17","modified_gmt":"2019-09-03T14:14:17","slug":"vino-gramona-gewurztraminer-vi-de-glass-75cl","status":"publish","type":"product","link":"https:\/\/www.comercialanma.es\/?product=vino-gramona-gewurztraminer-vi-de-glass-75cl","title":{"rendered":"Vino Gramona Gew\u00fcrztraminer Vi de Glass 75cl."},"content":{"rendered":"<h3>D.O.:<\/h3>\n<ul>\n<li>Pened\u00e9s<\/li>\n<\/ul>\n<h3>Variedades de uva:<\/h3>\n<ul>\n<li>Gew\u00fcrztraminer.<\/li>\n<\/ul>\n<h3>Graduaci\u00f3n:<\/h3>\n<ul>\n<li>Graduaci\u00f3n: 10% vol.<\/li>\n<\/ul>\n<h3>Nota de cata:<\/h3>\n<ul>\n<li>Vista: Amarillo p\u00e1lido con reflejos verdosos muy brillantes.<\/li>\n<li>Nariz: Muy expresiva, frutos ex\u00f3ticos: lichis, guayaba, mango, albaricoque. Delicado perfume floral: rosas blancas.<\/li>\n<li>Boca: Entrada amable, ligero con gran presencia de fruta. Final refrescante que equilibra el dulzor e invita a beber otro sorbo.<\/li>\n<\/ul>\n","protected":false},"excerpt":{"rendered":"<p>Gramona Vi de Glass nace en 1997. Actualmente, y tras a\u00f1os de investigacio-nes, este vino se elabora con un nuevo prototipo alimentado por dos c\u00e1maras congeladoras que trabajan a -15\u00baC con ayuda de nitr\u00f3geno l\u00edquido. Esto me-jora la congelaci\u00f3n de las uvas, consiguiendo m\u00e1s celeridad y homogeneidad en el proceso.<\/p>\n","protected":false},"featured_media":10462,"template":"","meta":{"spay_email":""},"yoast_head":"<!-- This site is optimized with the Yoast SEO plugin v15.9 - https:\/\/yoast.com\/wordpress\/plugins\/seo\/ -->\n<title>Vino Gramona Gew\u00fcrztraminer Vi de Glass 75cl. - Comercial de Hosteleria Anma<\/title>\n<meta name=\"robots\" content=\"index, follow, max-snippet:-1, max-image-preview:large, max-video-preview:-1\" \/>\n<link rel=\"canonical\" href=\"https:\/\/www.comercialanma.es\/?product=vino-gramona-gewurztraminer-vi-de-glass-75cl\" \/>\n<meta property=\"og:locale\" content=\"es_ES\" \/>\n<meta property=\"og:type\" content=\"article\" \/>\n<meta property=\"og:title\" content=\"Vino Gramona Gew\u00fcrztraminer Vi de Glass 75cl. - Comercial de Hosteleria Anma\" \/>\n<meta property=\"og:description\" content=\"Gramona Vi de Glass nace en 1997. Actualmente, y tras a\u00f1os de investigacio-nes, este vino se elabora con un nuevo prototipo alimentado por dos c\u00e1maras congeladoras que trabajan a -15\u00baC con ayuda de nitr\u00f3geno l\u00edquido. Esto me-jora la congelaci\u00f3n de las uvas, consiguiendo m\u00e1s celeridad y homogeneidad en el proceso.\" \/>\n<meta property=\"og:url\" content=\"https:\/\/www.comercialanma.es\/?product=vino-gramona-gewurztraminer-vi-de-glass-75cl\" \/>\n<meta property=\"og:site_name\" content=\"Comercial de Hosteleria Anma\" \/>\n<meta property=\"article:publisher\" content=\"https:\/\/www.facebook.com\/AnmaHosteleria\" \/>\n<meta property=\"article:modified_time\" content=\"2019-09-03T14:14:17+00:00\" \/>\n<meta property=\"og:image\" content=\"https:\/\/i2.wp.com\/www.comercialanma.es\/wp-content\/uploads\/2019\/09\/Gewurt.jpg?fit=1200%2C1200&#038;ssl=1\" \/>\n\t<meta property=\"og:image:width\" content=\"1200\" \/>\n\t<meta property=\"og:image:height\" content=\"1200\" \/>\n<meta name=\"twitter:card\" content=\"summary_large_image\" \/>\n<script type=\"application\/ld+json\" class=\"yoast-schema-graph\">{\"@context\":\"https:\/\/schema.org\",\"@graph\":[{\"@type\":\"Organization\",\"@id\":\"https:\/\/www.comercialanma.es\/#organization\",\"name\":\"Comercial Anma\",\"url\":\"https:\/\/www.comercialanma.es\/\",\"sameAs\":[\"https:\/\/www.facebook.com\/AnmaHosteleria\",\"https:\/\/www.instagram.com\/anmahosteleria\/?hl=es\",\"https:\/\/www.youtube.com\/channel\/UCT2nmn08Ntks0hmpZPnDgCA\"],\"logo\":{\"@type\":\"ImageObject\",\"@id\":\"https:\/\/www.comercialanma.es\/#logo\",\"inLanguage\":\"es\",\"url\":\"https:\/\/i2.wp.com\/www.comercialanma.es\/wp-content\/uploads\/2019\/06\/logo-anma-color.png?fit=247%2C101&ssl=1\",\"width\":247,\"height\":101,\"caption\":\"Comercial Anma\"},\"image\":{\"@id\":\"https:\/\/www.comercialanma.es\/#logo\"}},{\"@type\":\"WebSite\",\"@id\":\"https:\/\/www.comercialanma.es\/#website\",\"url\":\"https:\/\/www.comercialanma.es\/\",\"name\":\"Comercial de Hosteleria Anma\",\"description\":\"\",\"publisher\":{\"@id\":\"https:\/\/www.comercialanma.es\/#organization\"},\"potentialAction\":[{\"@type\":\"SearchAction\",\"target\":\"https:\/\/www.comercialanma.es\/?s={search_term_string}\",\"query-input\":\"required name=search_term_string\"}],\"inLanguage\":\"es\"},{\"@type\":\"ImageObject\",\"@id\":\"https:\/\/www.comercialanma.es\/?product=vino-gramona-gewurztraminer-vi-de-glass-75cl#primaryimage\",\"inLanguage\":\"es\",\"url\":\"https:\/\/i2.wp.com\/www.comercialanma.es\/wp-content\/uploads\/2019\/09\/Gewurt.jpg?fit=1200%2C1200&ssl=1\",\"width\":1200,\"height\":1200},{\"@type\":\"WebPage\",\"@id\":\"https:\/\/www.comercialanma.es\/?product=vino-gramona-gewurztraminer-vi-de-glass-75cl#webpage\",\"url\":\"https:\/\/www.comercialanma.es\/?product=vino-gramona-gewurztraminer-vi-de-glass-75cl\",\"name\":\"Vino Gramona Gew\\u00fcrztraminer Vi de Glass 75cl. - Comercial de Hosteleria Anma\",\"isPartOf\":{\"@id\":\"https:\/\/www.comercialanma.es\/#website\"},\"primaryImageOfPage\":{\"@id\":\"https:\/\/www.comercialanma.es\/?product=vino-gramona-gewurztraminer-vi-de-glass-75cl#primaryimage\"},\"datePublished\":\"2019-09-03T09:01:14+00:00\",\"dateModified\":\"2019-09-03T14:14:17+00:00\",\"breadcrumb\":{\"@id\":\"https:\/\/www.comercialanma.es\/?product=vino-gramona-gewurztraminer-vi-de-glass-75cl#breadcrumb\"},\"inLanguage\":\"es\",\"potentialAction\":[{\"@type\":\"ReadAction\",\"target\":[\"https:\/\/www.comercialanma.es\/?product=vino-gramona-gewurztraminer-vi-de-glass-75cl\"]}]},{\"@type\":\"BreadcrumbList\",\"@id\":\"https:\/\/www.comercialanma.es\/?product=vino-gramona-gewurztraminer-vi-de-glass-75cl#breadcrumb\",\"itemListElement\":[{\"@type\":\"ListItem\",\"position\":1,\"item\":{\"@type\":\"WebPage\",\"@id\":\"https:\/\/www.comercialanma.es\/\",\"url\":\"https:\/\/www.comercialanma.es\/\",\"name\":\"Portada\"}},{\"@type\":\"ListItem\",\"position\":2,\"item\":{\"@type\":\"WebPage\",\"@id\":\"https:\/\/www.comercialanma.es\/?page_id=3963\",\"url\":\"https:\/\/www.comercialanma.es\/?page_id=3963\",\"name\":\"Cat\\u00e1logo de Productos\"}},{\"@type\":\"ListItem\",\"position\":3,\"item\":{\"@type\":\"WebPage\",\"@id\":\"https:\/\/www.comercialanma.es\/?product=vino-gramona-gewurztraminer-vi-de-glass-75cl\",\"url\":\"https:\/\/www.comercialanma.es\/?product=vino-gramona-gewurztraminer-vi-de-glass-75cl\",\"name\":\"Vino Gramona Gew\\u00fcrztraminer Vi de Glass 75cl.\"}}]}]}<\/script>\n<!-- \/ Yoast SEO plugin. -->","_links":{"self":[{"href":"https:\/\/www.comercialanma.es\/index.php?rest_route=\/wp\/v2\/product\/10461"}],"collection":[{"href":"https:\/\/www.comercialanma.es\/index.php?rest_route=\/wp\/v2\/product"}],"about":[{"href":"https:\/\/www.comercialanma.es\/index.php?rest_route=\/wp\/v2\/types\/product"}],"version-history":[{"count":1,"href":"https:\/\/www.comercialanma.es\/index.php?rest_route=\/wp\/v2\/product\/10461\/revisions"}],"predecessor-version":[{"id":10463,"href":"https:\/\/www.comercialanma.es\/index.php?rest_route=\/wp\/v2\/product\/10461\/revisions\/10463"}],"wp:featuredmedia":[{"embeddable":true,"href":"https:\/\/www.comercialanma.es\/index.php?rest_route=\/wp\/v2\/media\/10462"}],"wp:attachment":[{"href":"https:\/\/www.comercialanma.es\/index.php?rest_route=%2Fwp%2Fv2%2Fmedia&parent=10461"}],"curies":[{"name":"wp","href":"https:\/\/api.w.org\/{rel}","templated":true}]}}