
{"id":10612,"date":"2019-10-01T10:33:00","date_gmt":"2019-10-01T08:33:00","guid":{"rendered":"http:\/\/www.comercialanma.es\/?post_type=product&#038;p=10612"},"modified":"2019-10-01T10:37:37","modified_gmt":"2019-10-01T08:37:37","slug":"whisky-port-charlotte-10-anos-70cl","status":"publish","type":"product","link":"https:\/\/www.comercialanma.es\/?product=whisky-port-charlotte-10-anos-70cl","title":{"rendered":"Whisky Port Charlotte 10 a\u00f1os 70cl."},"content":{"rendered":"<h3>Nota de cata:<\/h3>\n<div id=\"tabs_content_container\">\n<div id=\"tab_cata_0\" class=\"tab_content catas_review_container\">\n<ul>\n<li class=\"sp catas_review col-xs-12 nopadding\"><span class=\"cata_title\">Cata a la vista<\/span> <span class=\"cata_content\">Color caoba bronceada.<\/span><\/li>\n<li class=\"sp catas_review col-xs-12 nopadding\"><span class=\"cata_title\">Cata en nariz<\/span> <span class=\"cata_content\">El jerez y la turba son los primeros en aparecer. Presenta toques de c\u00e1scara de lim\u00f3n, pimienta negra, eucalipto, canela, brezo y menta, todos enriquecidos por las notas de la costa atl\u00e1ntica que se fusionan a la perfecci\u00f3n con la flora y la fauna de los p\u00e1ramos de turba, los brezales y los bosques de este lugar tan especial.<\/span><\/li>\n<li class=\"sp catas_review col-xs-12 nopadding\"><span class=\"cata_title\">Cata en boca<\/span> <span class=\"cata_content\">Tiene un car\u00e1cter suave, fuerte y ahumado. Poco a poco la combinaci\u00f3n de la madera de bourbon y jerez llega junto con suave Oloroso, chocolate y naranja, malta ahumado, nueces tostadas y caramelo oscuro. A medida que se acerca el final, hay un cambio sutil en el sabor puesto que la madera de bourbon americano le a\u00f1ade un brillante destello de estilo espa\u00f1ol: oscuro, apasionado, dulce y atractivo.<\/span><\/li>\n<li>Graduaci\u00f3n: 46% vol.<\/li>\n<\/ul>\n<\/div>\n<\/div>\n<div><\/div>\n<div class=\"field\"><\/div>\n","protected":false},"excerpt":{"rendered":"<p>Con este destilado, Port Charlotte ha llegado a su primera edad emblem\u00e1tica: 10 a\u00f1os. Port Charlotte 10 A\u00f1os envejece lentamente durante 10 a\u00f1os en los almacenes de la isla Islay. Empapado del rico aire marino que sopla en el At\u00e1ntico, es la primera vez que esta destiler\u00eda tiene el lujo de ofrecer Port Charlotte como parte de su gama de productos principal, en lugar de ser simplemente parte de la edici\u00f3n limitada. Definitivamente, Port Charlotte 10 A\u00f1os ha llegado para quedarse.<\/p>\n","protected":false},"featured_media":10613,"template":"","meta":{"spay_email":""},"yoast_head":"<!-- This site is optimized with the Yoast SEO plugin v15.9 - https:\/\/yoast.com\/wordpress\/plugins\/seo\/ -->\n<title>Whisky Port Charlotte 10 a\u00f1os 70cl. - Comercial de Hosteleria Anma<\/title>\n<meta name=\"robots\" content=\"index, follow, max-snippet:-1, max-image-preview:large, max-video-preview:-1\" \/>\n<link rel=\"canonical\" href=\"https:\/\/www.comercialanma.es\/?product=whisky-port-charlotte-10-anos-70cl\" \/>\n<meta property=\"og:locale\" content=\"es_ES\" \/>\n<meta property=\"og:type\" content=\"article\" \/>\n<meta property=\"og:title\" content=\"Whisky Port Charlotte 10 a\u00f1os 70cl. - Comercial de Hosteleria Anma\" \/>\n<meta property=\"og:description\" content=\"Con este destilado, Port Charlotte ha llegado a su primera edad emblem\u00e1tica: 10 a\u00f1os. Port Charlotte 10 A\u00f1os envejece lentamente durante 10 a\u00f1os en los almacenes de la isla Islay. Empapado del rico aire marino que sopla en el At\u00e1ntico, es la primera vez que esta destiler\u00eda tiene el lujo de ofrecer Port Charlotte como parte de su gama de productos principal, en lugar de ser simplemente parte de la edici\u00f3n limitada. Definitivamente, Port Charlotte 10 A\u00f1os ha llegado para quedarse.\" \/>\n<meta property=\"og:url\" content=\"https:\/\/www.comercialanma.es\/?product=whisky-port-charlotte-10-anos-70cl\" \/>\n<meta property=\"og:site_name\" content=\"Comercial de Hosteleria Anma\" \/>\n<meta property=\"article:publisher\" content=\"https:\/\/www.facebook.com\/AnmaHosteleria\" \/>\n<meta property=\"article:modified_time\" content=\"2019-10-01T08:37:37+00:00\" \/>\n<meta property=\"og:image\" content=\"https:\/\/i2.wp.com\/www.comercialanma.es\/wp-content\/uploads\/2019\/10\/Port-Charlotte-Heavily-Peated.jpg?fit=1200%2C1200&#038;ssl=1\" \/>\n\t<meta property=\"og:image:width\" content=\"1200\" \/>\n\t<meta property=\"og:image:height\" content=\"1200\" \/>\n<meta name=\"twitter:card\" content=\"summary_large_image\" \/>\n<meta name=\"twitter:label1\" content=\"Tiempo de lectura\">\n\t<meta name=\"twitter:data1\" content=\"1 minuto\">\n<script type=\"application\/ld+json\" class=\"yoast-schema-graph\">{\"@context\":\"https:\/\/schema.org\",\"@graph\":[{\"@type\":\"Organization\",\"@id\":\"https:\/\/www.comercialanma.es\/#organization\",\"name\":\"Comercial Anma\",\"url\":\"https:\/\/www.comercialanma.es\/\",\"sameAs\":[\"https:\/\/www.facebook.com\/AnmaHosteleria\",\"https:\/\/www.instagram.com\/anmahosteleria\/?hl=es\",\"https:\/\/www.youtube.com\/channel\/UCT2nmn08Ntks0hmpZPnDgCA\"],\"logo\":{\"@type\":\"ImageObject\",\"@id\":\"https:\/\/www.comercialanma.es\/#logo\",\"inLanguage\":\"es\",\"url\":\"https:\/\/i2.wp.com\/www.comercialanma.es\/wp-content\/uploads\/2019\/06\/logo-anma-color.png?fit=247%2C101&ssl=1\",\"width\":247,\"height\":101,\"caption\":\"Comercial Anma\"},\"image\":{\"@id\":\"https:\/\/www.comercialanma.es\/#logo\"}},{\"@type\":\"WebSite\",\"@id\":\"https:\/\/www.comercialanma.es\/#website\",\"url\":\"https:\/\/www.comercialanma.es\/\",\"name\":\"Comercial de Hosteleria Anma\",\"description\":\"\",\"publisher\":{\"@id\":\"https:\/\/www.comercialanma.es\/#organization\"},\"potentialAction\":[{\"@type\":\"SearchAction\",\"target\":\"https:\/\/www.comercialanma.es\/?s={search_term_string}\",\"query-input\":\"required name=search_term_string\"}],\"inLanguage\":\"es\"},{\"@type\":\"ImageObject\",\"@id\":\"https:\/\/www.comercialanma.es\/?product=whisky-port-charlotte-10-anos-70cl#primaryimage\",\"inLanguage\":\"es\",\"url\":\"https:\/\/i2.wp.com\/www.comercialanma.es\/wp-content\/uploads\/2019\/10\/Port-Charlotte-Heavily-Peated.jpg?fit=1200%2C1200&ssl=1\",\"width\":1200,\"height\":1200},{\"@type\":\"WebPage\",\"@id\":\"https:\/\/www.comercialanma.es\/?product=whisky-port-charlotte-10-anos-70cl#webpage\",\"url\":\"https:\/\/www.comercialanma.es\/?product=whisky-port-charlotte-10-anos-70cl\",\"name\":\"Whisky Port Charlotte 10 a\\u00f1os 70cl. - Comercial de Hosteleria Anma\",\"isPartOf\":{\"@id\":\"https:\/\/www.comercialanma.es\/#website\"},\"primaryImageOfPage\":{\"@id\":\"https:\/\/www.comercialanma.es\/?product=whisky-port-charlotte-10-anos-70cl#primaryimage\"},\"datePublished\":\"2019-10-01T08:33:00+00:00\",\"dateModified\":\"2019-10-01T08:37:37+00:00\",\"breadcrumb\":{\"@id\":\"https:\/\/www.comercialanma.es\/?product=whisky-port-charlotte-10-anos-70cl#breadcrumb\"},\"inLanguage\":\"es\",\"potentialAction\":[{\"@type\":\"ReadAction\",\"target\":[\"https:\/\/www.comercialanma.es\/?product=whisky-port-charlotte-10-anos-70cl\"]}]},{\"@type\":\"BreadcrumbList\",\"@id\":\"https:\/\/www.comercialanma.es\/?product=whisky-port-charlotte-10-anos-70cl#breadcrumb\",\"itemListElement\":[{\"@type\":\"ListItem\",\"position\":1,\"item\":{\"@type\":\"WebPage\",\"@id\":\"https:\/\/www.comercialanma.es\/\",\"url\":\"https:\/\/www.comercialanma.es\/\",\"name\":\"Portada\"}},{\"@type\":\"ListItem\",\"position\":2,\"item\":{\"@type\":\"WebPage\",\"@id\":\"https:\/\/www.comercialanma.es\/?page_id=3963\",\"url\":\"https:\/\/www.comercialanma.es\/?page_id=3963\",\"name\":\"Cat\\u00e1logo de Productos\"}},{\"@type\":\"ListItem\",\"position\":3,\"item\":{\"@type\":\"WebPage\",\"@id\":\"https:\/\/www.comercialanma.es\/?product=whisky-port-charlotte-10-anos-70cl\",\"url\":\"https:\/\/www.comercialanma.es\/?product=whisky-port-charlotte-10-anos-70cl\",\"name\":\"Whisky Port Charlotte 10 a\\u00f1os 70cl.\"}}]}]}<\/script>\n<!-- \/ Yoast SEO plugin. -->","_links":{"self":[{"href":"https:\/\/www.comercialanma.es\/index.php?rest_route=\/wp\/v2\/product\/10612"}],"collection":[{"href":"https:\/\/www.comercialanma.es\/index.php?rest_route=\/wp\/v2\/product"}],"about":[{"href":"https:\/\/www.comercialanma.es\/index.php?rest_route=\/wp\/v2\/types\/product"}],"version-history":[{"count":1,"href":"https:\/\/www.comercialanma.es\/index.php?rest_route=\/wp\/v2\/product\/10612\/revisions"}],"predecessor-version":[{"id":10614,"href":"https:\/\/www.comercialanma.es\/index.php?rest_route=\/wp\/v2\/product\/10612\/revisions\/10614"}],"wp:featuredmedia":[{"embeddable":true,"href":"https:\/\/www.comercialanma.es\/index.php?rest_route=\/wp\/v2\/media\/10613"}],"wp:attachment":[{"href":"https:\/\/www.comercialanma.es\/index.php?rest_route=%2Fwp%2Fv2%2Fmedia&parent=10612"}],"curies":[{"name":"wp","href":"https:\/\/api.w.org\/{rel}","templated":true}]}}