
{"id":10766,"date":"2019-10-07T11:44:55","date_gmt":"2019-10-07T09:44:55","guid":{"rendered":"http:\/\/www.comercialanma.es\/?post_type=product&#038;p=10766"},"modified":"2021-10-11T12:12:20","modified_gmt":"2021-10-11T10:12:20","slug":"vino-raimat-clamor-75cl","status":"publish","type":"product","link":"https:\/\/www.comercialanma.es\/?product=vino-raimat-clamor-75cl","title":{"rendered":"Vino Raimat Clamor 75cl."},"content":{"rendered":"<h3>D.O.:<\/h3>\n<ul>\n<li>Costers de Segre.<\/li>\n<\/ul>\n<h3>Variedades de uva:<\/h3>\n<ul>\n<li><span lang=\"es\"><span title=\"\">Cabernet Sauvignon, Merlot, Tempranillo <\/span><\/span><span lang=\"es\"><span title=\"\">.<\/span><\/span><\/li>\n<\/ul>\n<h3>Graduaci\u00f3n:<\/h3>\n<ul>\n<li>Graduaci\u00f3n: 13,5% vol.<\/li>\n<\/ul>\n<h3>Nota de cata:<span class=\"negrita\">Color:<\/span><\/h3>\n<ul>\n<li>Color rojo brillante e intenso con reflejos p\u00farpura.<\/li>\n<li>Aroma: Aromas a frutas rojas, cereza madura y algunas notas de chocolate negro.<\/li>\n<li>Gusto: Presenta sabores de frutas del bosque, como la grosella negra o la mora. Tambi\u00e9n aparecen sabores de chocolate negro y algo de tabaco. Su sensaci\u00f3n en boca es suave, con un tanino maduro y f\u00e1cil de beber.<\/li>\n<\/ul>\n","protected":false},"excerpt":{"rendered":"<p>Clamor es el nombre que recibe la parte baja de la monta\u00f1a donde crecen los vi\u00f1edos que producen este vino tinto. Un lugar privilegiado de la finca de Raimat que da origen desde hace a\u00f1os a uno de los vinos m\u00e1s conocidos de la casa, de cuerpo medio<span class=\"morecontent\">, afrutado y maduro. Combina las variedades de Cabernet Sauvignon, Tempranillo, Merlot y Syrah.<\/span><\/p>\n","protected":false},"featured_media":19431,"template":"","meta":{"spay_email":""},"yoast_head":"<!-- This site is optimized with the Yoast SEO plugin v15.9 - https:\/\/yoast.com\/wordpress\/plugins\/seo\/ -->\n<title>Vino Raimat Clamor 75cl. - Comercial de Hosteleria Anma<\/title>\n<meta name=\"robots\" content=\"index, follow, max-snippet:-1, max-image-preview:large, max-video-preview:-1\" \/>\n<link rel=\"canonical\" href=\"https:\/\/www.comercialanma.es\/?product=vino-raimat-clamor-75cl\" \/>\n<meta property=\"og:locale\" content=\"es_ES\" \/>\n<meta property=\"og:type\" content=\"article\" \/>\n<meta property=\"og:title\" content=\"Vino Raimat Clamor 75cl. - Comercial de Hosteleria Anma\" \/>\n<meta property=\"og:description\" content=\"Clamor es el nombre que recibe la parte baja de la monta\u00f1a donde crecen los vi\u00f1edos que producen este vino tinto. Un lugar privilegiado de la finca de Raimat que da origen desde hace a\u00f1os a uno de los vinos m\u00e1s conocidos de la casa, de cuerpo medio, afrutado y maduro. Combina las variedades de Cabernet Sauvignon, Tempranillo, Merlot y Syrah.\" \/>\n<meta property=\"og:url\" content=\"https:\/\/www.comercialanma.es\/?product=vino-raimat-clamor-75cl\" \/>\n<meta property=\"og:site_name\" content=\"Comercial de Hosteleria Anma\" \/>\n<meta property=\"article:publisher\" content=\"https:\/\/www.facebook.com\/AnmaHosteleria\" \/>\n<meta property=\"article:modified_time\" content=\"2021-10-11T10:12:20+00:00\" \/>\n<meta property=\"og:image\" content=\"https:\/\/i0.wp.com\/www.comercialanma.es\/wp-content\/uploads\/2019\/10\/clamor-raimat-tinto-2021.jpg?fit=1080%2C1080&#038;ssl=1\" \/>\n\t<meta property=\"og:image:width\" content=\"1080\" \/>\n\t<meta property=\"og:image:height\" content=\"1080\" \/>\n<meta name=\"twitter:card\" content=\"summary_large_image\" \/>\n<script type=\"application\/ld+json\" class=\"yoast-schema-graph\">{\"@context\":\"https:\/\/schema.org\",\"@graph\":[{\"@type\":\"Organization\",\"@id\":\"https:\/\/www.comercialanma.es\/#organization\",\"name\":\"Comercial Anma\",\"url\":\"https:\/\/www.comercialanma.es\/\",\"sameAs\":[\"https:\/\/www.facebook.com\/AnmaHosteleria\",\"https:\/\/www.instagram.com\/anmahosteleria\/?hl=es\",\"https:\/\/www.youtube.com\/channel\/UCT2nmn08Ntks0hmpZPnDgCA\"],\"logo\":{\"@type\":\"ImageObject\",\"@id\":\"https:\/\/www.comercialanma.es\/#logo\",\"inLanguage\":\"es\",\"url\":\"https:\/\/i2.wp.com\/www.comercialanma.es\/wp-content\/uploads\/2019\/06\/logo-anma-color.png?fit=247%2C101&ssl=1\",\"width\":247,\"height\":101,\"caption\":\"Comercial Anma\"},\"image\":{\"@id\":\"https:\/\/www.comercialanma.es\/#logo\"}},{\"@type\":\"WebSite\",\"@id\":\"https:\/\/www.comercialanma.es\/#website\",\"url\":\"https:\/\/www.comercialanma.es\/\",\"name\":\"Comercial de Hosteleria Anma\",\"description\":\"\",\"publisher\":{\"@id\":\"https:\/\/www.comercialanma.es\/#organization\"},\"potentialAction\":[{\"@type\":\"SearchAction\",\"target\":\"https:\/\/www.comercialanma.es\/?s={search_term_string}\",\"query-input\":\"required name=search_term_string\"}],\"inLanguage\":\"es\"},{\"@type\":\"ImageObject\",\"@id\":\"https:\/\/www.comercialanma.es\/?product=vino-raimat-clamor-75cl#primaryimage\",\"inLanguage\":\"es\",\"url\":\"https:\/\/i0.wp.com\/www.comercialanma.es\/wp-content\/uploads\/2019\/10\/clamor-raimat-tinto-2021.jpg?fit=1080%2C1080&ssl=1\",\"width\":1080,\"height\":1080},{\"@type\":\"WebPage\",\"@id\":\"https:\/\/www.comercialanma.es\/?product=vino-raimat-clamor-75cl#webpage\",\"url\":\"https:\/\/www.comercialanma.es\/?product=vino-raimat-clamor-75cl\",\"name\":\"Vino Raimat Clamor 75cl. - Comercial de Hosteleria Anma\",\"isPartOf\":{\"@id\":\"https:\/\/www.comercialanma.es\/#website\"},\"primaryImageOfPage\":{\"@id\":\"https:\/\/www.comercialanma.es\/?product=vino-raimat-clamor-75cl#primaryimage\"},\"datePublished\":\"2019-10-07T09:44:55+00:00\",\"dateModified\":\"2021-10-11T10:12:20+00:00\",\"breadcrumb\":{\"@id\":\"https:\/\/www.comercialanma.es\/?product=vino-raimat-clamor-75cl#breadcrumb\"},\"inLanguage\":\"es\",\"potentialAction\":[{\"@type\":\"ReadAction\",\"target\":[\"https:\/\/www.comercialanma.es\/?product=vino-raimat-clamor-75cl\"]}]},{\"@type\":\"BreadcrumbList\",\"@id\":\"https:\/\/www.comercialanma.es\/?product=vino-raimat-clamor-75cl#breadcrumb\",\"itemListElement\":[{\"@type\":\"ListItem\",\"position\":1,\"item\":{\"@type\":\"WebPage\",\"@id\":\"https:\/\/www.comercialanma.es\/\",\"url\":\"https:\/\/www.comercialanma.es\/\",\"name\":\"Portada\"}},{\"@type\":\"ListItem\",\"position\":2,\"item\":{\"@type\":\"WebPage\",\"@id\":\"https:\/\/www.comercialanma.es\/?page_id=3963\",\"url\":\"https:\/\/www.comercialanma.es\/?page_id=3963\",\"name\":\"Cat\\u00e1logo de Productos\"}},{\"@type\":\"ListItem\",\"position\":3,\"item\":{\"@type\":\"WebPage\",\"@id\":\"https:\/\/www.comercialanma.es\/?product=vino-raimat-clamor-75cl\",\"url\":\"https:\/\/www.comercialanma.es\/?product=vino-raimat-clamor-75cl\",\"name\":\"Vino Raimat Clamor 75cl.\"}}]}]}<\/script>\n<!-- \/ Yoast SEO plugin. -->","_links":{"self":[{"href":"https:\/\/www.comercialanma.es\/index.php?rest_route=\/wp\/v2\/product\/10766"}],"collection":[{"href":"https:\/\/www.comercialanma.es\/index.php?rest_route=\/wp\/v2\/product"}],"about":[{"href":"https:\/\/www.comercialanma.es\/index.php?rest_route=\/wp\/v2\/types\/product"}],"version-history":[{"count":1,"href":"https:\/\/www.comercialanma.es\/index.php?rest_route=\/wp\/v2\/product\/10766\/revisions"}],"predecessor-version":[{"id":10768,"href":"https:\/\/www.comercialanma.es\/index.php?rest_route=\/wp\/v2\/product\/10766\/revisions\/10768"}],"wp:featuredmedia":[{"embeddable":true,"href":"https:\/\/www.comercialanma.es\/index.php?rest_route=\/wp\/v2\/media\/19431"}],"wp:attachment":[{"href":"https:\/\/www.comercialanma.es\/index.php?rest_route=%2Fwp%2Fv2%2Fmedia&parent=10766"}],"curies":[{"name":"wp","href":"https:\/\/api.w.org\/{rel}","templated":true}]}}