
{"id":10956,"date":"2019-10-09T11:13:14","date_gmt":"2019-10-09T09:13:14","guid":{"rendered":"http:\/\/www.comercialanma.es\/?post_type=product&#038;p=10956"},"modified":"2020-02-17T15:25:56","modified_gmt":"2020-02-17T14:25:56","slug":"vino-navardia-eco-joven-75cl","status":"publish","type":"product","link":"https:\/\/www.comercialanma.es\/?product=vino-navardia-eco-joven-75cl","title":{"rendered":"Vino Navardia Eco Joven Blanco 75cl."},"content":{"rendered":"<h3>D.O.C:<\/h3>\n<ul>\n<li>Rioja.<\/li>\n<\/ul>\n<h3>Variedades de uva:<\/h3>\n<ul>\n<li>Sauvignon Blanc, Garnacha Blanca<span lang=\"es\"><span title=\"\">.<\/span><\/span><\/li>\n<\/ul>\n<h3>Graduaci\u00f3n:<\/h3>\n<ul>\n<li>Graduaci\u00f3n: 13,0% vol.<\/li>\n<\/ul>\n<h3>Nota de cata:<\/h3>\n<ul>\n<li>Vista: Color amarillo p\u00e1lido con destellos verdosos.<\/li>\n<li>Olfato: Posee un aroma intenso y atractivo que recuerda a fruta tropical, pi\u00f1a, mango y maracuy\u00e1.<\/li>\n<li>Gusto: Entrada fresca, con sabroso paso por boca. Es intenso con ligera sensaci\u00f3n \u00e1cida y dulce al mismo tiempo. \u00a0Elegante en la v\u00eda retro nasal, se muestra f\u00e1cil de tomar por su agradable frescura y acidez natural propiade Sauvignon Blanc. La Garnacha Blanca aporta cremosidad y volumen, con una sensaci\u00f3n glic\u00e9rica muy agradable.<\/li>\n<\/ul>\n","protected":false},"excerpt":{"rendered":"<p><img loading=\"lazy\" class=\"alignnone wp-image-11065\" src=\"http:\/\/www.comercialanma.es\/wp-content\/uploads\/2019\/10\/simbolo-producto-ecologico.jpg\" alt=\"\" width=\"35\" height=\"23\" \/><\/p>\n<p>La variedad Sauvignon Blanc se recolecta a finales de agosto o principios de septiembre y la Garnacha Blanca, una de las variedades aut\u00f3ctonas de mejor adaptaci\u00f3n al clima seco y caluroso del sur de la denominaci\u00f3n y de ciclo vegetativo m\u00e1s largo, se vendimia a finales de septiembre o comienzos de octubre.<\/p>\n","protected":false},"featured_media":10957,"template":"","meta":{"spay_email":""},"yoast_head":"<!-- This site is optimized with the Yoast SEO plugin v15.9 - https:\/\/yoast.com\/wordpress\/plugins\/seo\/ -->\n<title>Vino Navardia Eco Joven Blanco 75cl. - Comercial de Hosteleria Anma<\/title>\n<meta name=\"robots\" content=\"index, follow, max-snippet:-1, max-image-preview:large, max-video-preview:-1\" \/>\n<link rel=\"canonical\" href=\"https:\/\/www.comercialanma.es\/?product=vino-navardia-eco-joven-75cl\" \/>\n<meta property=\"og:locale\" content=\"es_ES\" \/>\n<meta property=\"og:type\" content=\"article\" \/>\n<meta property=\"og:title\" content=\"Vino Navardia Eco Joven Blanco 75cl. - Comercial de Hosteleria Anma\" \/>\n<meta property=\"og:description\" content=\"La variedad Sauvignon Blanc se recolecta a finales de agosto o principios de septiembre y la Garnacha Blanca, una de las variedades aut\u00f3ctonas de mejor adaptaci\u00f3n al clima seco y caluroso del sur de la denominaci\u00f3n y de ciclo vegetativo m\u00e1s largo, se vendimia a finales de septiembre o comienzos de octubre.\" \/>\n<meta property=\"og:url\" content=\"https:\/\/www.comercialanma.es\/?product=vino-navardia-eco-joven-75cl\" \/>\n<meta property=\"og:site_name\" content=\"Comercial de Hosteleria Anma\" \/>\n<meta property=\"article:publisher\" content=\"https:\/\/www.facebook.com\/AnmaHosteleria\" \/>\n<meta property=\"article:modified_time\" content=\"2020-02-17T14:25:56+00:00\" \/>\n<meta property=\"og:image\" content=\"https:\/\/i2.wp.com\/www.comercialanma.es\/wp-content\/uploads\/2019\/10\/Navardia-Eco-Joven-Blanco.jpg?fit=1200%2C1200&#038;ssl=1\" \/>\n\t<meta property=\"og:image:width\" content=\"1200\" \/>\n\t<meta property=\"og:image:height\" content=\"1200\" \/>\n<meta name=\"twitter:card\" content=\"summary_large_image\" \/>\n<meta name=\"twitter:label1\" content=\"Tiempo de lectura\">\n\t<meta name=\"twitter:data1\" content=\"1 minuto\">\n<script type=\"application\/ld+json\" class=\"yoast-schema-graph\">{\"@context\":\"https:\/\/schema.org\",\"@graph\":[{\"@type\":\"Organization\",\"@id\":\"https:\/\/www.comercialanma.es\/#organization\",\"name\":\"Comercial Anma\",\"url\":\"https:\/\/www.comercialanma.es\/\",\"sameAs\":[\"https:\/\/www.facebook.com\/AnmaHosteleria\",\"https:\/\/www.instagram.com\/anmahosteleria\/?hl=es\",\"https:\/\/www.youtube.com\/channel\/UCT2nmn08Ntks0hmpZPnDgCA\"],\"logo\":{\"@type\":\"ImageObject\",\"@id\":\"https:\/\/www.comercialanma.es\/#logo\",\"inLanguage\":\"es\",\"url\":\"https:\/\/i2.wp.com\/www.comercialanma.es\/wp-content\/uploads\/2019\/06\/logo-anma-color.png?fit=247%2C101&ssl=1\",\"width\":247,\"height\":101,\"caption\":\"Comercial Anma\"},\"image\":{\"@id\":\"https:\/\/www.comercialanma.es\/#logo\"}},{\"@type\":\"WebSite\",\"@id\":\"https:\/\/www.comercialanma.es\/#website\",\"url\":\"https:\/\/www.comercialanma.es\/\",\"name\":\"Comercial de Hosteleria Anma\",\"description\":\"\",\"publisher\":{\"@id\":\"https:\/\/www.comercialanma.es\/#organization\"},\"potentialAction\":[{\"@type\":\"SearchAction\",\"target\":\"https:\/\/www.comercialanma.es\/?s={search_term_string}\",\"query-input\":\"required name=search_term_string\"}],\"inLanguage\":\"es\"},{\"@type\":\"ImageObject\",\"@id\":\"https:\/\/www.comercialanma.es\/?product=vino-navardia-eco-joven-75cl#primaryimage\",\"inLanguage\":\"es\",\"url\":\"https:\/\/i2.wp.com\/www.comercialanma.es\/wp-content\/uploads\/2019\/10\/Navardia-Eco-Joven-Blanco.jpg?fit=1200%2C1200&ssl=1\",\"width\":1200,\"height\":1200},{\"@type\":\"WebPage\",\"@id\":\"https:\/\/www.comercialanma.es\/?product=vino-navardia-eco-joven-75cl#webpage\",\"url\":\"https:\/\/www.comercialanma.es\/?product=vino-navardia-eco-joven-75cl\",\"name\":\"Vino Navardia Eco Joven Blanco 75cl. - Comercial de Hosteleria Anma\",\"isPartOf\":{\"@id\":\"https:\/\/www.comercialanma.es\/#website\"},\"primaryImageOfPage\":{\"@id\":\"https:\/\/www.comercialanma.es\/?product=vino-navardia-eco-joven-75cl#primaryimage\"},\"datePublished\":\"2019-10-09T09:13:14+00:00\",\"dateModified\":\"2020-02-17T14:25:56+00:00\",\"breadcrumb\":{\"@id\":\"https:\/\/www.comercialanma.es\/?product=vino-navardia-eco-joven-75cl#breadcrumb\"},\"inLanguage\":\"es\",\"potentialAction\":[{\"@type\":\"ReadAction\",\"target\":[\"https:\/\/www.comercialanma.es\/?product=vino-navardia-eco-joven-75cl\"]}]},{\"@type\":\"BreadcrumbList\",\"@id\":\"https:\/\/www.comercialanma.es\/?product=vino-navardia-eco-joven-75cl#breadcrumb\",\"itemListElement\":[{\"@type\":\"ListItem\",\"position\":1,\"item\":{\"@type\":\"WebPage\",\"@id\":\"https:\/\/www.comercialanma.es\/\",\"url\":\"https:\/\/www.comercialanma.es\/\",\"name\":\"Portada\"}},{\"@type\":\"ListItem\",\"position\":2,\"item\":{\"@type\":\"WebPage\",\"@id\":\"https:\/\/www.comercialanma.es\/?page_id=3963\",\"url\":\"https:\/\/www.comercialanma.es\/?page_id=3963\",\"name\":\"Cat\\u00e1logo de Productos\"}},{\"@type\":\"ListItem\",\"position\":3,\"item\":{\"@type\":\"WebPage\",\"@id\":\"https:\/\/www.comercialanma.es\/?product=vino-navardia-eco-joven-75cl\",\"url\":\"https:\/\/www.comercialanma.es\/?product=vino-navardia-eco-joven-75cl\",\"name\":\"Vino Navardia Eco Joven Blanco 75cl.\"}}]}]}<\/script>\n<!-- \/ Yoast SEO plugin. -->","_links":{"self":[{"href":"https:\/\/www.comercialanma.es\/index.php?rest_route=\/wp\/v2\/product\/10956"}],"collection":[{"href":"https:\/\/www.comercialanma.es\/index.php?rest_route=\/wp\/v2\/product"}],"about":[{"href":"https:\/\/www.comercialanma.es\/index.php?rest_route=\/wp\/v2\/types\/product"}],"version-history":[{"count":3,"href":"https:\/\/www.comercialanma.es\/index.php?rest_route=\/wp\/v2\/product\/10956\/revisions"}],"predecessor-version":[{"id":12974,"href":"https:\/\/www.comercialanma.es\/index.php?rest_route=\/wp\/v2\/product\/10956\/revisions\/12974"}],"wp:featuredmedia":[{"embeddable":true,"href":"https:\/\/www.comercialanma.es\/index.php?rest_route=\/wp\/v2\/media\/10957"}],"wp:attachment":[{"href":"https:\/\/www.comercialanma.es\/index.php?rest_route=%2Fwp%2Fv2%2Fmedia&parent=10956"}],"curies":[{"name":"wp","href":"https:\/\/api.w.org\/{rel}","templated":true}]}}

<h3>D.O.C:</h3>
<ul>
<li>Rioja.</li>
</ul>
<h3>Variedades de uva:</h3>
<ul>
<li>Sauvignon Blanc, Garnacha Blanca<span lang="es"><span title="">.</span></span></li>
</ul>
<h3>Graduación:</h3>
<ul>
<li>Graduación: 13,0% vol.</li>
</ul>
<h3>Nota de cata:</h3>
<ul>
<li>Vista: Color amarillo pálido con destellos verdosos.</li>
<li>Olfato: Posee un aroma intenso y atractivo que recuerda a fruta tropical, piña, mango y maracuyá.</li>
<li>Gusto: Entrada fresca, con sabroso paso por boca. Es intenso con ligera sensación ácida y dulce al mismo tiempo.  Elegante en la vía retro nasal, se muestra fácil de tomar por su agradable frescura y acidez natural propiade Sauvignon Blanc. La Garnacha Blanca aporta cremosidad y volumen, con una sensación glicérica muy agradable.</li>
</ul>

<p><img loading="lazy" class="alignnone wp-image-11065" src="http://www.comercialanma.es/wp-content/uploads/2019/10/simbolo-producto-ecologico.jpg" alt="" width="35" height="23" /></p>
<p>La variedad Sauvignon Blanc se recolecta a finales de agosto o principios de septiembre y la Garnacha Blanca, una de las variedades autóctonas de mejor adaptación al clima seco y caluroso del sur de la denominación y de ciclo vegetativo más largo, se vendimia a finales de septiembre o comienzos de octubre.</p>

<!-- This site is optimized with the Yoast SEO plugin v15.9 - https://yoast.com/wordpress/plugins/seo/ -->
<title>Vino Navardia Eco Joven Blanco 75cl. - Comercial de Hosteleria Anma</title>
<meta name="robots" content="index, follow, max-snippet:-1, max-image-preview:large, max-video-preview:-1" />
<link rel="canonical" href="https://www.comercialanma.es/?product=vino-navardia-eco-joven-75cl" />
<meta property="og:locale" content="es_ES" />
<meta property="og:type" content="article" />
<meta property="og:title" content="Vino Navardia Eco Joven Blanco 75cl. - Comercial de Hosteleria Anma" />
<meta property="og:description" content="La variedad Sauvignon Blanc se recolecta a finales de agosto o principios de septiembre y la Garnacha Blanca, una de las variedades autóctonas de mejor adaptación al clima seco y caluroso del sur de la denominación y de ciclo vegetativo más largo, se vendimia a finales de septiembre o comienzos de octubre." />
<meta property="og:url" content="https://www.comercialanma.es/?product=vino-navardia-eco-joven-75cl" />
<meta property="og:site_name" content="Comercial de Hosteleria Anma" />
<meta property="article:publisher" content="https://www.facebook.com/AnmaHosteleria" />
<meta property="article:modified_time" content="2020-02-17T14:25:56+00:00" />
<meta property="og:image" content="https://i2.wp.com/www.comercialanma.es/wp-content/uploads/2019/10/Navardia-Eco-Joven-Blanco.jpg?fit=1200%2C1200&#038;ssl=1" />
	<meta property="og:image:width" content="1200" />
	<meta property="og:image:height" content="1200" />
<meta name="twitter:card" content="summary_large_image" />
<meta name="twitter:label1" content="Tiempo de lectura">
	<meta name="twitter:data1" content="1 minuto">
<script type="application/ld+json" class="yoast-schema-graph">{"@context":"https://schema.org","@graph":[{"@type":"Organization","@id":"https://www.comercialanma.es/#organization","name":"Comercial Anma","url":"https://www.comercialanma.es/","sameAs":["https://www.facebook.com/AnmaHosteleria","https://www.instagram.com/anmahosteleria/?hl=es","https://www.youtube.com/channel/UCT2nmn08Ntks0hmpZPnDgCA"],"logo":{"@type":"ImageObject","@id":"https://www.comercialanma.es/#logo","inLanguage":"es","url":"https://i2.wp.com/www.comercialanma.es/wp-content/uploads/2019/06/logo-anma-color.png?fit=247%2C101&ssl=1","width":247,"height":101,"caption":"Comercial Anma"},"image":{"@id":"https://www.comercialanma.es/#logo"}},{"@type":"WebSite","@id":"https://www.comercialanma.es/#website","url":"https://www.comercialanma.es/","name":"Comercial de Hosteleria Anma","description":"","publisher":{"@id":"https://www.comercialanma.es/#organization"},"potentialAction":[{"@type":"SearchAction","target":"https://www.comercialanma.es/?s={search_term_string}","query-input":"required name=search_term_string"}],"inLanguage":"es"},{"@type":"ImageObject","@id":"https://www.comercialanma.es/?product=vino-navardia-eco-joven-75cl#primaryimage","inLanguage":"es","url":"https://i2.wp.com/www.comercialanma.es/wp-content/uploads/2019/10/Navardia-Eco-Joven-Blanco.jpg?fit=1200%2C1200&ssl=1","width":1200,"height":1200},{"@type":"WebPage","@id":"https://www.comercialanma.es/?product=vino-navardia-eco-joven-75cl#webpage","url":"https://www.comercialanma.es/?product=vino-navardia-eco-joven-75cl","name":"Vino Navardia Eco Joven Blanco 75cl. - Comercial de Hosteleria Anma","isPartOf":{"@id":"https://www.comercialanma.es/#website"},"primaryImageOfPage":{"@id":"https://www.comercialanma.es/?product=vino-navardia-eco-joven-75cl#primaryimage"},"datePublished":"2019-10-09T09:13:14+00:00","dateModified":"2020-02-17T14:25:56+00:00","breadcrumb":{"@id":"https://www.comercialanma.es/?product=vino-navardia-eco-joven-75cl#breadcrumb"},"inLanguage":"es","potentialAction":[{"@type":"ReadAction","target":["https://www.comercialanma.es/?product=vino-navardia-eco-joven-75cl"]}]},{"@type":"BreadcrumbList","@id":"https://www.comercialanma.es/?product=vino-navardia-eco-joven-75cl#breadcrumb","itemListElement":[{"@type":"ListItem","position":1,"item":{"@type":"WebPage","@id":"https://www.comercialanma.es/","url":"https://www.comercialanma.es/","name":"Portada"}},{"@type":"ListItem","position":2,"item":{"@type":"WebPage","@id":"https://www.comercialanma.es/?page_id=3963","url":"https://www.comercialanma.es/?page_id=3963","name":"Cat\u00e1logo de Productos"}},{"@type":"ListItem","position":3,"item":{"@type":"WebPage","@id":"https://www.comercialanma.es/?product=vino-navardia-eco-joven-75cl","url":"https://www.comercialanma.es/?product=vino-navardia-eco-joven-75cl","name":"Vino Navardia Eco Joven Blanco 75cl."}}]}]}</script>
<!-- / Yoast SEO plugin. -->
