
{"id":10997,"date":"2019-10-09T15:25:15","date_gmt":"2019-10-09T13:25:15","guid":{"rendered":"http:\/\/www.comercialanma.es\/?post_type=product&#038;p=10997"},"modified":"2019-10-09T15:31:52","modified_gmt":"2019-10-09T13:31:52","slug":"vino-ramon-bilbao-vinedos-de-altura-75cl","status":"publish","type":"product","link":"https:\/\/www.comercialanma.es\/?product=vino-ramon-bilbao-vinedos-de-altura-75cl","title":{"rendered":"Vino Ram\u00f3n Bilbao Vi\u00f1edos de Altura 75cl."},"content":{"rendered":"<h3>D.O.C:<\/h3>\n<ul>\n<li>Rioja.<\/li>\n<\/ul>\n<h3>Variedades de uva:<\/h3>\n<ul>\n<li>Tempranillo<span lang=\"es\"><span title=\"\">, Garnacha.<\/span><\/span><\/li>\n<\/ul>\n<h3>Graduaci\u00f3n:<\/h3>\n<ul>\n<li>Graduaci\u00f3n: 13,5% vol.<\/li>\n<\/ul>\n<h3>Nota de cata:<\/h3>\n<p class=\"field\">\n<ul>\n<li>Vista: Color rojo rub\u00ed, de intensidad media, limpio y brillante.<\/li>\n<li>Nariz: Limpio y franco. Aromas de hierbas arom\u00e1ticas, fruta roja y notas bals\u00e1micas combinadas con notas especiadas y pimienta blanca de madera.<\/li>\n<li>Boca: Fresco y agradable. Con buena acidez reflejo de la altitud, tanino firme pero pulido, y retronasal de fruta fresca y notas bals\u00e1micas.<\/li>\n<\/ul>\n","protected":false},"excerpt":{"rendered":"<p>Los vi\u00f1edos de donde proceden las uvas con las que se elabora este tinto se encuentran situados a una altitud de\u00a0entre 600 y 750 metros de altitud sobre el nivel del mar. Adem\u00e1s, este vino se envejece en una selecci\u00f3n de 240 barricas que la bodega custodia en Haro. En nariz se muestra muy arom\u00e1tico, con un predominio de la\u00a0fruta negra y la fruta roja,\u00a0mientras que en boca es vibrante y mantiene una buena acidez.<\/p>\n","protected":false},"featured_media":10998,"template":"","meta":{"spay_email":""},"yoast_head":"<!-- This site is optimized with the Yoast SEO plugin v15.9 - https:\/\/yoast.com\/wordpress\/plugins\/seo\/ -->\n<title>Vino Ram\u00f3n Bilbao Vi\u00f1edos de Altura 75cl. - Comercial de Hosteleria Anma<\/title>\n<meta name=\"robots\" content=\"index, follow, max-snippet:-1, max-image-preview:large, max-video-preview:-1\" \/>\n<link rel=\"canonical\" href=\"https:\/\/www.comercialanma.es\/?product=vino-ramon-bilbao-vinedos-de-altura-75cl\" \/>\n<meta property=\"og:locale\" content=\"es_ES\" \/>\n<meta property=\"og:type\" content=\"article\" \/>\n<meta property=\"og:title\" content=\"Vino Ram\u00f3n Bilbao Vi\u00f1edos de Altura 75cl. - Comercial de Hosteleria Anma\" \/>\n<meta property=\"og:description\" content=\"Los vi\u00f1edos de donde proceden las uvas con las que se elabora este tinto se encuentran situados a una altitud de\u00a0entre 600 y 750 metros de altitud sobre el nivel del mar. Adem\u00e1s, este vino se envejece en una selecci\u00f3n de 240 barricas que la bodega custodia en Haro. En nariz se muestra muy arom\u00e1tico, con un predominio de la\u00a0fruta negra y la fruta roja,\u00a0mientras que en boca es vibrante y mantiene una buena acidez.\" \/>\n<meta property=\"og:url\" content=\"https:\/\/www.comercialanma.es\/?product=vino-ramon-bilbao-vinedos-de-altura-75cl\" \/>\n<meta property=\"og:site_name\" content=\"Comercial de Hosteleria Anma\" \/>\n<meta property=\"article:publisher\" content=\"https:\/\/www.facebook.com\/AnmaHosteleria\" \/>\n<meta property=\"article:modified_time\" content=\"2019-10-09T13:31:52+00:00\" \/>\n<meta property=\"og:image\" content=\"https:\/\/i0.wp.com\/www.comercialanma.es\/wp-content\/uploads\/2019\/10\/Ramon-Bilbao-Vin\u0303edos-de-Altura.jpg?fit=1200%2C1200&#038;ssl=1\" \/>\n\t<meta property=\"og:image:width\" content=\"1200\" \/>\n\t<meta property=\"og:image:height\" content=\"1200\" \/>\n<meta name=\"twitter:card\" content=\"summary_large_image\" \/>\n<script type=\"application\/ld+json\" class=\"yoast-schema-graph\">{\"@context\":\"https:\/\/schema.org\",\"@graph\":[{\"@type\":\"Organization\",\"@id\":\"https:\/\/www.comercialanma.es\/#organization\",\"name\":\"Comercial Anma\",\"url\":\"https:\/\/www.comercialanma.es\/\",\"sameAs\":[\"https:\/\/www.facebook.com\/AnmaHosteleria\",\"https:\/\/www.instagram.com\/anmahosteleria\/?hl=es\",\"https:\/\/www.youtube.com\/channel\/UCT2nmn08Ntks0hmpZPnDgCA\"],\"logo\":{\"@type\":\"ImageObject\",\"@id\":\"https:\/\/www.comercialanma.es\/#logo\",\"inLanguage\":\"es\",\"url\":\"https:\/\/i2.wp.com\/www.comercialanma.es\/wp-content\/uploads\/2019\/06\/logo-anma-color.png?fit=247%2C101&ssl=1\",\"width\":247,\"height\":101,\"caption\":\"Comercial Anma\"},\"image\":{\"@id\":\"https:\/\/www.comercialanma.es\/#logo\"}},{\"@type\":\"WebSite\",\"@id\":\"https:\/\/www.comercialanma.es\/#website\",\"url\":\"https:\/\/www.comercialanma.es\/\",\"name\":\"Comercial de Hosteleria Anma\",\"description\":\"\",\"publisher\":{\"@id\":\"https:\/\/www.comercialanma.es\/#organization\"},\"potentialAction\":[{\"@type\":\"SearchAction\",\"target\":\"https:\/\/www.comercialanma.es\/?s={search_term_string}\",\"query-input\":\"required name=search_term_string\"}],\"inLanguage\":\"es\"},{\"@type\":\"ImageObject\",\"@id\":\"https:\/\/www.comercialanma.es\/?product=vino-ramon-bilbao-vinedos-de-altura-75cl#primaryimage\",\"inLanguage\":\"es\",\"url\":\"https:\/\/i0.wp.com\/www.comercialanma.es\/wp-content\/uploads\/2019\/10\/Ramon-Bilbao-Vin\\u0303edos-de-Altura.jpg?fit=1200%2C1200&ssl=1\",\"width\":1200,\"height\":1200},{\"@type\":\"WebPage\",\"@id\":\"https:\/\/www.comercialanma.es\/?product=vino-ramon-bilbao-vinedos-de-altura-75cl#webpage\",\"url\":\"https:\/\/www.comercialanma.es\/?product=vino-ramon-bilbao-vinedos-de-altura-75cl\",\"name\":\"Vino Ram\\u00f3n Bilbao Vi\\u00f1edos de Altura 75cl. - Comercial de Hosteleria Anma\",\"isPartOf\":{\"@id\":\"https:\/\/www.comercialanma.es\/#website\"},\"primaryImageOfPage\":{\"@id\":\"https:\/\/www.comercialanma.es\/?product=vino-ramon-bilbao-vinedos-de-altura-75cl#primaryimage\"},\"datePublished\":\"2019-10-09T13:25:15+00:00\",\"dateModified\":\"2019-10-09T13:31:52+00:00\",\"breadcrumb\":{\"@id\":\"https:\/\/www.comercialanma.es\/?product=vino-ramon-bilbao-vinedos-de-altura-75cl#breadcrumb\"},\"inLanguage\":\"es\",\"potentialAction\":[{\"@type\":\"ReadAction\",\"target\":[\"https:\/\/www.comercialanma.es\/?product=vino-ramon-bilbao-vinedos-de-altura-75cl\"]}]},{\"@type\":\"BreadcrumbList\",\"@id\":\"https:\/\/www.comercialanma.es\/?product=vino-ramon-bilbao-vinedos-de-altura-75cl#breadcrumb\",\"itemListElement\":[{\"@type\":\"ListItem\",\"position\":1,\"item\":{\"@type\":\"WebPage\",\"@id\":\"https:\/\/www.comercialanma.es\/\",\"url\":\"https:\/\/www.comercialanma.es\/\",\"name\":\"Portada\"}},{\"@type\":\"ListItem\",\"position\":2,\"item\":{\"@type\":\"WebPage\",\"@id\":\"https:\/\/www.comercialanma.es\/?page_id=3963\",\"url\":\"https:\/\/www.comercialanma.es\/?page_id=3963\",\"name\":\"Cat\\u00e1logo de Productos\"}},{\"@type\":\"ListItem\",\"position\":3,\"item\":{\"@type\":\"WebPage\",\"@id\":\"https:\/\/www.comercialanma.es\/?product=vino-ramon-bilbao-vinedos-de-altura-75cl\",\"url\":\"https:\/\/www.comercialanma.es\/?product=vino-ramon-bilbao-vinedos-de-altura-75cl\",\"name\":\"Vino Ram\\u00f3n Bilbao Vi\\u00f1edos de Altura 75cl.\"}}]}]}<\/script>\n<!-- \/ Yoast SEO plugin. -->","_links":{"self":[{"href":"https:\/\/www.comercialanma.es\/index.php?rest_route=\/wp\/v2\/product\/10997"}],"collection":[{"href":"https:\/\/www.comercialanma.es\/index.php?rest_route=\/wp\/v2\/product"}],"about":[{"href":"https:\/\/www.comercialanma.es\/index.php?rest_route=\/wp\/v2\/types\/product"}],"version-history":[{"count":1,"href":"https:\/\/www.comercialanma.es\/index.php?rest_route=\/wp\/v2\/product\/10997\/revisions"}],"predecessor-version":[{"id":10999,"href":"https:\/\/www.comercialanma.es\/index.php?rest_route=\/wp\/v2\/product\/10997\/revisions\/10999"}],"wp:featuredmedia":[{"embeddable":true,"href":"https:\/\/www.comercialanma.es\/index.php?rest_route=\/wp\/v2\/media\/10998"}],"wp:attachment":[{"href":"https:\/\/www.comercialanma.es\/index.php?rest_route=%2Fwp%2Fv2%2Fmedia&parent=10997"}],"curies":[{"name":"wp","href":"https:\/\/api.w.org\/{rel}","templated":true}]}}

Vino Ramón Bilbao Viñedos de Altura 75cl.

<h3>D.O.C:</h3>
<ul>
<li>Rioja.</li>
</ul>
<h3>Variedades de uva:</h3>
<ul>
<li>Tempranillo<span lang="es"><span title="">, Garnacha.</span></span></li>
</ul>
<h3>Graduación:</h3>
<ul>
<li>Graduación: 13,5% vol.</li>
</ul>
<h3>Nota de cata:</h3>
<p class="field">
<ul>
<li>Vista: Color rojo rubí, de intensidad media, limpio y brillante.</li>
<li>Nariz: Limpio y franco. Aromas de hierbas aromáticas, fruta roja y notas balsámicas combinadas con notas especiadas y pimienta blanca de madera.</li>
<li>Boca: Fresco y agradable. Con buena acidez reflejo de la altitud, tanino firme pero pulido, y retronasal de fruta fresca y notas balsámicas.</li>
</ul>

<p>Los viñedos de donde proceden las uvas con las que se elabora este tinto se encuentran situados a una altitud de entre 600 y 750 metros de altitud sobre el nivel del mar. Además, este vino se envejece en una selección de 240 barricas que la bodega custodia en Haro. En nariz se muestra muy aromático, con un predominio de la fruta negra y la fruta roja, mientras que en boca es vibrante y mantiene una buena acidez.</p>

<!-- This site is optimized with the Yoast SEO plugin v15.9 - https://yoast.com/wordpress/plugins/seo/ -->
<title>Vino Ramón Bilbao Viñedos de Altura 75cl. - Comercial de Hosteleria Anma</title>
<meta name="robots" content="index, follow, max-snippet:-1, max-image-preview:large, max-video-preview:-1" />
<link rel="canonical" href="https://www.comercialanma.es/?product=vino-ramon-bilbao-vinedos-de-altura-75cl" />
<meta property="og:locale" content="es_ES" />
<meta property="og:type" content="article" />
<meta property="og:title" content="Vino Ramón Bilbao Viñedos de Altura 75cl. - Comercial de Hosteleria Anma" />
<meta property="og:description" content="Los viñedos de donde proceden las uvas con las que se elabora este tinto se encuentran situados a una altitud de entre 600 y 750 metros de altitud sobre el nivel del mar. Además, este vino se envejece en una selección de 240 barricas que la bodega custodia en Haro. En nariz se muestra muy aromático, con un predominio de la fruta negra y la fruta roja, mientras que en boca es vibrante y mantiene una buena acidez." />
<meta property="og:url" content="https://www.comercialanma.es/?product=vino-ramon-bilbao-vinedos-de-altura-75cl" />
<meta property="og:site_name" content="Comercial de Hosteleria Anma" />
<meta property="article:publisher" content="https://www.facebook.com/AnmaHosteleria" />
<meta property="article:modified_time" content="2019-10-09T13:31:52+00:00" />
<meta property="og:image" content="https://i0.wp.com/www.comercialanma.es/wp-content/uploads/2019/10/Ramon-Bilbao-Viñedos-de-Altura.jpg?fit=1200%2C1200&#038;ssl=1" />
	<meta property="og:image:width" content="1200" />
	<meta property="og:image:height" content="1200" />
<meta name="twitter:card" content="summary_large_image" />
<script type="application/ld+json" class="yoast-schema-graph">{"@context":"https://schema.org","@graph":[{"@type":"Organization","@id":"https://www.comercialanma.es/#organization","name":"Comercial Anma","url":"https://www.comercialanma.es/","sameAs":["https://www.facebook.com/AnmaHosteleria","https://www.instagram.com/anmahosteleria/?hl=es","https://www.youtube.com/channel/UCT2nmn08Ntks0hmpZPnDgCA"],"logo":{"@type":"ImageObject","@id":"https://www.comercialanma.es/#logo","inLanguage":"es","url":"https://i2.wp.com/www.comercialanma.es/wp-content/uploads/2019/06/logo-anma-color.png?fit=247%2C101&ssl=1","width":247,"height":101,"caption":"Comercial Anma"},"image":{"@id":"https://www.comercialanma.es/#logo"}},{"@type":"WebSite","@id":"https://www.comercialanma.es/#website","url":"https://www.comercialanma.es/","name":"Comercial de Hosteleria Anma","description":"","publisher":{"@id":"https://www.comercialanma.es/#organization"},"potentialAction":[{"@type":"SearchAction","target":"https://www.comercialanma.es/?s={search_term_string}","query-input":"required name=search_term_string"}],"inLanguage":"es"},{"@type":"ImageObject","@id":"https://www.comercialanma.es/?product=vino-ramon-bilbao-vinedos-de-altura-75cl#primaryimage","inLanguage":"es","url":"https://i0.wp.com/www.comercialanma.es/wp-content/uploads/2019/10/Ramon-Bilbao-Vin\u0303edos-de-Altura.jpg?fit=1200%2C1200&ssl=1","width":1200,"height":1200},{"@type":"WebPage","@id":"https://www.comercialanma.es/?product=vino-ramon-bilbao-vinedos-de-altura-75cl#webpage","url":"https://www.comercialanma.es/?product=vino-ramon-bilbao-vinedos-de-altura-75cl","name":"Vino Ram\u00f3n Bilbao Vi\u00f1edos de Altura 75cl. - Comercial de Hosteleria Anma","isPartOf":{"@id":"https://www.comercialanma.es/#website"},"primaryImageOfPage":{"@id":"https://www.comercialanma.es/?product=vino-ramon-bilbao-vinedos-de-altura-75cl#primaryimage"},"datePublished":"2019-10-09T13:25:15+00:00","dateModified":"2019-10-09T13:31:52+00:00","breadcrumb":{"@id":"https://www.comercialanma.es/?product=vino-ramon-bilbao-vinedos-de-altura-75cl#breadcrumb"},"inLanguage":"es","potentialAction":[{"@type":"ReadAction","target":["https://www.comercialanma.es/?product=vino-ramon-bilbao-vinedos-de-altura-75cl"]}]},{"@type":"BreadcrumbList","@id":"https://www.comercialanma.es/?product=vino-ramon-bilbao-vinedos-de-altura-75cl#breadcrumb","itemListElement":[{"@type":"ListItem","position":1,"item":{"@type":"WebPage","@id":"https://www.comercialanma.es/","url":"https://www.comercialanma.es/","name":"Portada"}},{"@type":"ListItem","position":2,"item":{"@type":"WebPage","@id":"https://www.comercialanma.es/?page_id=3963","url":"https://www.comercialanma.es/?page_id=3963","name":"Cat\u00e1logo de Productos"}},{"@type":"ListItem","position":3,"item":{"@type":"WebPage","@id":"https://www.comercialanma.es/?product=vino-ramon-bilbao-vinedos-de-altura-75cl","url":"https://www.comercialanma.es/?product=vino-ramon-bilbao-vinedos-de-altura-75cl","name":"Vino Ram\u00f3n Bilbao Vi\u00f1edos de Altura 75cl."}}]}]}</script>
<!-- / Yoast SEO plugin. -->
