
{"id":11077,"date":"2019-10-10T16:06:42","date_gmt":"2019-10-10T14:06:42","guid":{"rendered":"http:\/\/www.comercialanma.es\/?post_type=product&#038;p=11077"},"modified":"2019-10-10T16:11:22","modified_gmt":"2019-10-10T14:11:22","slug":"vino-navardia-eco-graciano-75cl","status":"publish","type":"product","link":"https:\/\/www.comercialanma.es\/?product=vino-navardia-eco-graciano-75cl","title":{"rendered":"Vino Navardia Eco Graciano 75cl."},"content":{"rendered":"<h3>D.O.C:<\/h3>\n<ul>\n<li>Rioja.<\/li>\n<\/ul>\n<h3>Variedades de uva:<\/h3>\n<ul>\n<li>Tempranillo, Graciano, Garnacha.<\/li>\n<\/ul>\n<h3>Graduaci\u00f3n:<\/h3>\n<ul>\n<li>Graduaci\u00f3n: 14,5% vol.<\/li>\n<\/ul>\n<h3>Nota de cata:<\/h3>\n<ul>\n<li><span class=\"tlid-translation translation\" lang=\"es\"><span class=\"\" title=\"\">Visual: capa superior de color rojo cereza intenso, sin evoluci\u00f3n, limpio y brillante con muchas l\u00e1grimas.<\/span><\/span><\/li>\n<li><span class=\"tlid-translation translation\" lang=\"es\"><span title=\"\">Nasal: Buena intensidad arom\u00e1tica y complejidad, bayas con notas \u00e1cidas dadas por la variedad Graciano.<\/span> <span class=\"\" title=\"\">Fondo de compota de frutas y ricos tostados como aromas junto con sutiles y agradables especias y bals\u00e1micos.<\/span><\/span><\/li>\n<li><span class=\"tlid-translation translation\" lang=\"es\"><span class=\"\" title=\"\">Sabor: estructura carnosa muy bien equilibrada, buena fruta, regaliz leve como amargor que da paso a chocolate oscuro y sabores tostados ligeros.<\/span><\/span><\/li>\n<\/ul>\n","protected":false},"excerpt":{"rendered":"<p><img loading=\"lazy\" class=\"alignnone wp-image-11065\" src=\"http:\/\/www.comercialanma.es\/wp-content\/uploads\/2019\/10\/simbolo-producto-ecologico.jpg\" alt=\"\" width=\"35\" height=\"23\" \/><\/p>\n<div class=\"text-wrap tlid-copy-target\">\n<div class=\"result-shield-container tlid-copy-target\" tabindex=\"0\"><span class=\"tlid-translation translation\" lang=\"es\"><span title=\"\">Despu\u00e9s de una cuidadosa cosecha de nuestras vides ecol\u00f3gicas (m\u00e1s de diez a\u00f1os de edad) y una fabricaci\u00f3n exquisita, utilizando la tecnolog\u00eda m\u00e1s vanguardista junto con un alto grado de respeto al preservar las caracter\u00edsticas naturales de las uvas, obtenemos vinos cuidadosamente seleccionados para su a\u00f1ejamiento.<\/span> <span class=\"\" title=\"\">durante un per\u00edodo de 12 meses en barricas de roble americano y franc\u00e9s y luego sentar en nuestra sala de envejecimiento de botellas.<\/span><\/span><\/div>\n<\/div>\n","protected":false},"featured_media":11078,"template":"","meta":{"spay_email":""},"yoast_head":"<!-- This site is optimized with the Yoast SEO plugin v15.9 - https:\/\/yoast.com\/wordpress\/plugins\/seo\/ -->\n<title>Vino Navardia Eco Graciano 75cl. - Comercial de Hosteleria Anma<\/title>\n<meta name=\"robots\" content=\"index, follow, max-snippet:-1, max-image-preview:large, max-video-preview:-1\" \/>\n<link rel=\"canonical\" href=\"https:\/\/www.comercialanma.es\/?product=vino-navardia-eco-graciano-75cl\" \/>\n<meta property=\"og:locale\" content=\"es_ES\" \/>\n<meta property=\"og:type\" content=\"article\" \/>\n<meta property=\"og:title\" content=\"Vino Navardia Eco Graciano 75cl. - Comercial de Hosteleria Anma\" \/>\n<meta property=\"og:description\" content=\"Despu\u00e9s de una cuidadosa cosecha de nuestras vides ecol\u00f3gicas (m\u00e1s de diez a\u00f1os de edad) y una fabricaci\u00f3n exquisita, utilizando la tecnolog\u00eda m\u00e1s vanguardista junto con un alto grado de respeto al preservar las caracter\u00edsticas naturales de las uvas, obtenemos vinos cuidadosamente seleccionados para su a\u00f1ejamiento. durante un per\u00edodo de 12 meses en barricas de roble americano y franc\u00e9s y luego sentar en nuestra sala de envejecimiento de botellas.\" \/>\n<meta property=\"og:url\" content=\"https:\/\/www.comercialanma.es\/?product=vino-navardia-eco-graciano-75cl\" \/>\n<meta property=\"og:site_name\" content=\"Comercial de Hosteleria Anma\" \/>\n<meta property=\"article:publisher\" content=\"https:\/\/www.facebook.com\/AnmaHosteleria\" \/>\n<meta property=\"article:modified_time\" content=\"2019-10-10T14:11:22+00:00\" \/>\n<meta property=\"og:image\" content=\"https:\/\/i2.wp.com\/www.comercialanma.es\/wp-content\/uploads\/2019\/10\/Navardia-Eco-Graciano.jpg?fit=1200%2C1200&#038;ssl=1\" \/>\n\t<meta property=\"og:image:width\" content=\"1200\" \/>\n\t<meta property=\"og:image:height\" content=\"1200\" \/>\n<meta name=\"twitter:card\" content=\"summary_large_image\" \/>\n<script type=\"application\/ld+json\" class=\"yoast-schema-graph\">{\"@context\":\"https:\/\/schema.org\",\"@graph\":[{\"@type\":\"Organization\",\"@id\":\"https:\/\/www.comercialanma.es\/#organization\",\"name\":\"Comercial Anma\",\"url\":\"https:\/\/www.comercialanma.es\/\",\"sameAs\":[\"https:\/\/www.facebook.com\/AnmaHosteleria\",\"https:\/\/www.instagram.com\/anmahosteleria\/?hl=es\",\"https:\/\/www.youtube.com\/channel\/UCT2nmn08Ntks0hmpZPnDgCA\"],\"logo\":{\"@type\":\"ImageObject\",\"@id\":\"https:\/\/www.comercialanma.es\/#logo\",\"inLanguage\":\"es\",\"url\":\"https:\/\/i2.wp.com\/www.comercialanma.es\/wp-content\/uploads\/2019\/06\/logo-anma-color.png?fit=247%2C101&ssl=1\",\"width\":247,\"height\":101,\"caption\":\"Comercial Anma\"},\"image\":{\"@id\":\"https:\/\/www.comercialanma.es\/#logo\"}},{\"@type\":\"WebSite\",\"@id\":\"https:\/\/www.comercialanma.es\/#website\",\"url\":\"https:\/\/www.comercialanma.es\/\",\"name\":\"Comercial de Hosteleria Anma\",\"description\":\"\",\"publisher\":{\"@id\":\"https:\/\/www.comercialanma.es\/#organization\"},\"potentialAction\":[{\"@type\":\"SearchAction\",\"target\":\"https:\/\/www.comercialanma.es\/?s={search_term_string}\",\"query-input\":\"required name=search_term_string\"}],\"inLanguage\":\"es\"},{\"@type\":\"ImageObject\",\"@id\":\"https:\/\/www.comercialanma.es\/?product=vino-navardia-eco-graciano-75cl#primaryimage\",\"inLanguage\":\"es\",\"url\":\"https:\/\/i2.wp.com\/www.comercialanma.es\/wp-content\/uploads\/2019\/10\/Navardia-Eco-Graciano.jpg?fit=1200%2C1200&ssl=1\",\"width\":1200,\"height\":1200},{\"@type\":\"WebPage\",\"@id\":\"https:\/\/www.comercialanma.es\/?product=vino-navardia-eco-graciano-75cl#webpage\",\"url\":\"https:\/\/www.comercialanma.es\/?product=vino-navardia-eco-graciano-75cl\",\"name\":\"Vino Navardia Eco Graciano 75cl. - Comercial de Hosteleria Anma\",\"isPartOf\":{\"@id\":\"https:\/\/www.comercialanma.es\/#website\"},\"primaryImageOfPage\":{\"@id\":\"https:\/\/www.comercialanma.es\/?product=vino-navardia-eco-graciano-75cl#primaryimage\"},\"datePublished\":\"2019-10-10T14:06:42+00:00\",\"dateModified\":\"2019-10-10T14:11:22+00:00\",\"breadcrumb\":{\"@id\":\"https:\/\/www.comercialanma.es\/?product=vino-navardia-eco-graciano-75cl#breadcrumb\"},\"inLanguage\":\"es\",\"potentialAction\":[{\"@type\":\"ReadAction\",\"target\":[\"https:\/\/www.comercialanma.es\/?product=vino-navardia-eco-graciano-75cl\"]}]},{\"@type\":\"BreadcrumbList\",\"@id\":\"https:\/\/www.comercialanma.es\/?product=vino-navardia-eco-graciano-75cl#breadcrumb\",\"itemListElement\":[{\"@type\":\"ListItem\",\"position\":1,\"item\":{\"@type\":\"WebPage\",\"@id\":\"https:\/\/www.comercialanma.es\/\",\"url\":\"https:\/\/www.comercialanma.es\/\",\"name\":\"Portada\"}},{\"@type\":\"ListItem\",\"position\":2,\"item\":{\"@type\":\"WebPage\",\"@id\":\"https:\/\/www.comercialanma.es\/?page_id=3963\",\"url\":\"https:\/\/www.comercialanma.es\/?page_id=3963\",\"name\":\"Cat\\u00e1logo de Productos\"}},{\"@type\":\"ListItem\",\"position\":3,\"item\":{\"@type\":\"WebPage\",\"@id\":\"https:\/\/www.comercialanma.es\/?product=vino-navardia-eco-graciano-75cl\",\"url\":\"https:\/\/www.comercialanma.es\/?product=vino-navardia-eco-graciano-75cl\",\"name\":\"Vino Navardia Eco Graciano 75cl.\"}}]}]}<\/script>\n<!-- \/ Yoast SEO plugin. -->","_links":{"self":[{"href":"https:\/\/www.comercialanma.es\/index.php?rest_route=\/wp\/v2\/product\/11077"}],"collection":[{"href":"https:\/\/www.comercialanma.es\/index.php?rest_route=\/wp\/v2\/product"}],"about":[{"href":"https:\/\/www.comercialanma.es\/index.php?rest_route=\/wp\/v2\/types\/product"}],"version-history":[{"count":1,"href":"https:\/\/www.comercialanma.es\/index.php?rest_route=\/wp\/v2\/product\/11077\/revisions"}],"predecessor-version":[{"id":11079,"href":"https:\/\/www.comercialanma.es\/index.php?rest_route=\/wp\/v2\/product\/11077\/revisions\/11079"}],"wp:featuredmedia":[{"embeddable":true,"href":"https:\/\/www.comercialanma.es\/index.php?rest_route=\/wp\/v2\/media\/11078"}],"wp:attachment":[{"href":"https:\/\/www.comercialanma.es\/index.php?rest_route=%2Fwp%2Fv2%2Fmedia&parent=11077"}],"curies":[{"name":"wp","href":"https:\/\/api.w.org\/{rel}","templated":true}]}}

<h3>D.O.C:</h3>
<ul>
<li>Rioja.</li>
</ul>
<h3>Variedades de uva:</h3>
<ul>
<li>Tempranillo, Graciano, Garnacha.</li>
</ul>
<h3>Graduación:</h3>
<ul>
<li>Graduación: 14,5% vol.</li>
</ul>
<h3>Nota de cata:</h3>
<ul>
<li><span class="tlid-translation translation" lang="es"><span class="" title="">Visual: capa superior de color rojo cereza intenso, sin evolución, limpio y brillante con muchas lágrimas.</span></span></li>
<li><span class="tlid-translation translation" lang="es"><span title="">Nasal: Buena intensidad aromática y complejidad, bayas con notas ácidas dadas por la variedad Graciano.</span> <span class="" title="">Fondo de compota de frutas y ricos tostados como aromas junto con sutiles y agradables especias y balsámicos.</span></span></li>
<li><span class="tlid-translation translation" lang="es"><span class="" title="">Sabor: estructura carnosa muy bien equilibrada, buena fruta, regaliz leve como amargor que da paso a chocolate oscuro y sabores tostados ligeros.</span></span></li>
</ul>

<p><img loading="lazy" class="alignnone wp-image-11065" src="http://www.comercialanma.es/wp-content/uploads/2019/10/simbolo-producto-ecologico.jpg" alt="" width="35" height="23" /></p>
<div class="text-wrap tlid-copy-target">
<div class="result-shield-container tlid-copy-target" tabindex="0"><span class="tlid-translation translation" lang="es"><span title="">Después de una cuidadosa cosecha de nuestras vides ecológicas (más de diez años de edad) y una fabricación exquisita, utilizando la tecnología más vanguardista junto con un alto grado de respeto al preservar las características naturales de las uvas, obtenemos vinos cuidadosamente seleccionados para su añejamiento.</span> <span class="" title="">durante un período de 12 meses en barricas de roble americano y francés y luego sentar en nuestra sala de envejecimiento de botellas.</span></span></div>
</div>

<!-- This site is optimized with the Yoast SEO plugin v15.9 - https://yoast.com/wordpress/plugins/seo/ -->
<title>Vino Navardia Eco Graciano 75cl. - Comercial de Hosteleria Anma</title>
<meta name="robots" content="index, follow, max-snippet:-1, max-image-preview:large, max-video-preview:-1" />
<link rel="canonical" href="https://www.comercialanma.es/?product=vino-navardia-eco-graciano-75cl" />
<meta property="og:locale" content="es_ES" />
<meta property="og:type" content="article" />
<meta property="og:title" content="Vino Navardia Eco Graciano 75cl. - Comercial de Hosteleria Anma" />
<meta property="og:description" content="Después de una cuidadosa cosecha de nuestras vides ecológicas (más de diez años de edad) y una fabricación exquisita, utilizando la tecnología más vanguardista junto con un alto grado de respeto al preservar las características naturales de las uvas, obtenemos vinos cuidadosamente seleccionados para su añejamiento. durante un período de 12 meses en barricas de roble americano y francés y luego sentar en nuestra sala de envejecimiento de botellas." />
<meta property="og:url" content="https://www.comercialanma.es/?product=vino-navardia-eco-graciano-75cl" />
<meta property="og:site_name" content="Comercial de Hosteleria Anma" />
<meta property="article:publisher" content="https://www.facebook.com/AnmaHosteleria" />
<meta property="article:modified_time" content="2019-10-10T14:11:22+00:00" />
<meta property="og:image" content="https://i2.wp.com/www.comercialanma.es/wp-content/uploads/2019/10/Navardia-Eco-Graciano.jpg?fit=1200%2C1200&#038;ssl=1" />
	<meta property="og:image:width" content="1200" />
	<meta property="og:image:height" content="1200" />
<meta name="twitter:card" content="summary_large_image" />
<script type="application/ld+json" class="yoast-schema-graph">{"@context":"https://schema.org","@graph":[{"@type":"Organization","@id":"https://www.comercialanma.es/#organization","name":"Comercial Anma","url":"https://www.comercialanma.es/","sameAs":["https://www.facebook.com/AnmaHosteleria","https://www.instagram.com/anmahosteleria/?hl=es","https://www.youtube.com/channel/UCT2nmn08Ntks0hmpZPnDgCA"],"logo":{"@type":"ImageObject","@id":"https://www.comercialanma.es/#logo","inLanguage":"es","url":"https://i2.wp.com/www.comercialanma.es/wp-content/uploads/2019/06/logo-anma-color.png?fit=247%2C101&ssl=1","width":247,"height":101,"caption":"Comercial Anma"},"image":{"@id":"https://www.comercialanma.es/#logo"}},{"@type":"WebSite","@id":"https://www.comercialanma.es/#website","url":"https://www.comercialanma.es/","name":"Comercial de Hosteleria Anma","description":"","publisher":{"@id":"https://www.comercialanma.es/#organization"},"potentialAction":[{"@type":"SearchAction","target":"https://www.comercialanma.es/?s={search_term_string}","query-input":"required name=search_term_string"}],"inLanguage":"es"},{"@type":"ImageObject","@id":"https://www.comercialanma.es/?product=vino-navardia-eco-graciano-75cl#primaryimage","inLanguage":"es","url":"https://i2.wp.com/www.comercialanma.es/wp-content/uploads/2019/10/Navardia-Eco-Graciano.jpg?fit=1200%2C1200&ssl=1","width":1200,"height":1200},{"@type":"WebPage","@id":"https://www.comercialanma.es/?product=vino-navardia-eco-graciano-75cl#webpage","url":"https://www.comercialanma.es/?product=vino-navardia-eco-graciano-75cl","name":"Vino Navardia Eco Graciano 75cl. - Comercial de Hosteleria Anma","isPartOf":{"@id":"https://www.comercialanma.es/#website"},"primaryImageOfPage":{"@id":"https://www.comercialanma.es/?product=vino-navardia-eco-graciano-75cl#primaryimage"},"datePublished":"2019-10-10T14:06:42+00:00","dateModified":"2019-10-10T14:11:22+00:00","breadcrumb":{"@id":"https://www.comercialanma.es/?product=vino-navardia-eco-graciano-75cl#breadcrumb"},"inLanguage":"es","potentialAction":[{"@type":"ReadAction","target":["https://www.comercialanma.es/?product=vino-navardia-eco-graciano-75cl"]}]},{"@type":"BreadcrumbList","@id":"https://www.comercialanma.es/?product=vino-navardia-eco-graciano-75cl#breadcrumb","itemListElement":[{"@type":"ListItem","position":1,"item":{"@type":"WebPage","@id":"https://www.comercialanma.es/","url":"https://www.comercialanma.es/","name":"Portada"}},{"@type":"ListItem","position":2,"item":{"@type":"WebPage","@id":"https://www.comercialanma.es/?page_id=3963","url":"https://www.comercialanma.es/?page_id=3963","name":"Cat\u00e1logo de Productos"}},{"@type":"ListItem","position":3,"item":{"@type":"WebPage","@id":"https://www.comercialanma.es/?product=vino-navardia-eco-graciano-75cl","url":"https://www.comercialanma.es/?product=vino-navardia-eco-graciano-75cl","name":"Vino Navardia Eco Graciano 75cl."}}]}]}</script>
<!-- / Yoast SEO plugin. -->
