
{"id":11563,"date":"2019-10-24T11:17:36","date_gmt":"2019-10-24T09:17:36","guid":{"rendered":"http:\/\/www.comercialanma.es\/?post_type=product&#038;p=11563"},"modified":"2021-04-07T10:58:35","modified_gmt":"2021-04-07T08:58:35","slug":"vino-marques-de-vargas-reserva-75cl","status":"publish","type":"product","link":"https:\/\/www.comercialanma.es\/?product=vino-marques-de-vargas-reserva-75cl","title":{"rendered":"Vino Marqu\u00e9s de Vargas Reserva 75cl."},"content":{"rendered":"<h3>D.O.:<\/h3>\n<ul>\n<li>Rioja<\/li>\n<\/ul>\n<h3>Variedades de uva:<\/h3>\n<ul>\n<li><span class=\"tlid-translation translation\" lang=\"es\"><span title=\"\">Tempranillo, Garnacha, Mazuelo.<br \/>\n<\/span><\/span><\/li>\n<\/ul>\n<h3>Graduaci\u00f3n:<\/h3>\n<ul>\n<li>Graduaci\u00f3n: 13,9% vol.<\/li>\n<\/ul>\n<h3>Nota de cata:<\/h3>\n<div>\n<div>\n<ul>\n<li>Color cereza picota, de ribete rubi\u0301. Limpio y brillante.<\/li>\n<li>Se presenta fresco, franco y bien definido. Tiene un fino y elegante cara\u0301cter frutal, con notas especiadas de su crianza en madera bastante bien integradas. Mantiene una buena intensidad.<\/li>\n<li>Sigue un ataque fresco y afrutado, los taninos son suaves y afinados. Tiene un buen potsgusto con presencia de la fruta roja que recuerda a la nariz y notas balsa\u0301micas que le dan cara\u0301cter, adema\u0301s de un aporte discreto de la madera.<\/li>\n<\/ul>\n<\/div>\n<\/div>\n<div class=\"field-items\"><\/div>\n","protected":false},"excerpt":{"rendered":"<p>Para la elaboraci\u00f3n de este Reserva se realiza una cuidadosa selecci\u00f3n manual de las uvas procedentes de vi\u00f1edos propios que se cuidan bajo una agricultura sostenible, sin herbicidas ni pesticidas. Su elaboraci\u00f3n es tradicional, aunque llama la atenci\u00f3n la utilizaci\u00f3n de roble de origen ruso durante su crianza. Esta a\u00f1ada ha obtenido adem\u00e1s una valoraci\u00f3n de 95 puntos por parte del cr\u00edtico Tim Atkin en su informe sobre Rioja de 2018 y el Bacchus de Oro en el Concurso de Vinos Internacional Bacchus 2018.<\/p>\n","protected":false},"featured_media":11564,"template":"","meta":{"spay_email":""},"yoast_head":"<!-- This site is optimized with the Yoast SEO plugin v15.9 - https:\/\/yoast.com\/wordpress\/plugins\/seo\/ -->\n<title>Vino Marqu\u00e9s de Vargas Reserva 75cl. - Comercial de Hosteleria Anma<\/title>\n<meta name=\"robots\" content=\"index, follow, max-snippet:-1, max-image-preview:large, max-video-preview:-1\" \/>\n<link rel=\"canonical\" href=\"https:\/\/www.comercialanma.es\/?product=vino-marques-de-vargas-reserva-75cl\" \/>\n<meta property=\"og:locale\" content=\"es_ES\" \/>\n<meta property=\"og:type\" content=\"article\" \/>\n<meta property=\"og:title\" content=\"Vino Marqu\u00e9s de Vargas Reserva 75cl. - Comercial de Hosteleria Anma\" \/>\n<meta property=\"og:description\" content=\"Para la elaboraci\u00f3n de este Reserva se realiza una cuidadosa selecci\u00f3n manual de las uvas procedentes de vi\u00f1edos propios que se cuidan bajo una agricultura sostenible, sin herbicidas ni pesticidas. Su elaboraci\u00f3n es tradicional, aunque llama la atenci\u00f3n la utilizaci\u00f3n de roble de origen ruso durante su crianza. Esta a\u00f1ada ha obtenido adem\u00e1s una valoraci\u00f3n de 95 puntos por parte del cr\u00edtico Tim Atkin en su informe sobre Rioja de 2018 y el Bacchus de Oro en el Concurso de Vinos Internacional Bacchus 2018.\" \/>\n<meta property=\"og:url\" content=\"https:\/\/www.comercialanma.es\/?product=vino-marques-de-vargas-reserva-75cl\" \/>\n<meta property=\"og:site_name\" content=\"Comercial de Hosteleria Anma\" \/>\n<meta property=\"article:publisher\" content=\"https:\/\/www.facebook.com\/AnmaHosteleria\" \/>\n<meta property=\"article:modified_time\" content=\"2021-04-07T08:58:35+00:00\" \/>\n<meta property=\"og:image\" content=\"https:\/\/i1.wp.com\/www.comercialanma.es\/wp-content\/uploads\/2019\/10\/Marques-de-Vargas-Reserva.jpg?fit=1200%2C1200&#038;ssl=1\" \/>\n\t<meta property=\"og:image:width\" content=\"1200\" \/>\n\t<meta property=\"og:image:height\" content=\"1200\" \/>\n<meta name=\"twitter:card\" content=\"summary_large_image\" \/>\n<meta name=\"twitter:label1\" content=\"Tiempo de lectura\">\n\t<meta name=\"twitter:data1\" content=\"1 minuto\">\n<script type=\"application\/ld+json\" class=\"yoast-schema-graph\">{\"@context\":\"https:\/\/schema.org\",\"@graph\":[{\"@type\":\"Organization\",\"@id\":\"https:\/\/www.comercialanma.es\/#organization\",\"name\":\"Comercial Anma\",\"url\":\"https:\/\/www.comercialanma.es\/\",\"sameAs\":[\"https:\/\/www.facebook.com\/AnmaHosteleria\",\"https:\/\/www.instagram.com\/anmahosteleria\/?hl=es\",\"https:\/\/www.youtube.com\/channel\/UCT2nmn08Ntks0hmpZPnDgCA\"],\"logo\":{\"@type\":\"ImageObject\",\"@id\":\"https:\/\/www.comercialanma.es\/#logo\",\"inLanguage\":\"es\",\"url\":\"https:\/\/i2.wp.com\/www.comercialanma.es\/wp-content\/uploads\/2019\/06\/logo-anma-color.png?fit=247%2C101&ssl=1\",\"width\":247,\"height\":101,\"caption\":\"Comercial Anma\"},\"image\":{\"@id\":\"https:\/\/www.comercialanma.es\/#logo\"}},{\"@type\":\"WebSite\",\"@id\":\"https:\/\/www.comercialanma.es\/#website\",\"url\":\"https:\/\/www.comercialanma.es\/\",\"name\":\"Comercial de Hosteleria Anma\",\"description\":\"\",\"publisher\":{\"@id\":\"https:\/\/www.comercialanma.es\/#organization\"},\"potentialAction\":[{\"@type\":\"SearchAction\",\"target\":\"https:\/\/www.comercialanma.es\/?s={search_term_string}\",\"query-input\":\"required name=search_term_string\"}],\"inLanguage\":\"es\"},{\"@type\":\"ImageObject\",\"@id\":\"https:\/\/www.comercialanma.es\/?product=vino-marques-de-vargas-reserva-75cl#primaryimage\",\"inLanguage\":\"es\",\"url\":\"https:\/\/i1.wp.com\/www.comercialanma.es\/wp-content\/uploads\/2019\/10\/Marques-de-Vargas-Reserva.jpg?fit=1200%2C1200&ssl=1\",\"width\":1200,\"height\":1200},{\"@type\":\"WebPage\",\"@id\":\"https:\/\/www.comercialanma.es\/?product=vino-marques-de-vargas-reserva-75cl#webpage\",\"url\":\"https:\/\/www.comercialanma.es\/?product=vino-marques-de-vargas-reserva-75cl\",\"name\":\"Vino Marqu\\u00e9s de Vargas Reserva 75cl. - Comercial de Hosteleria Anma\",\"isPartOf\":{\"@id\":\"https:\/\/www.comercialanma.es\/#website\"},\"primaryImageOfPage\":{\"@id\":\"https:\/\/www.comercialanma.es\/?product=vino-marques-de-vargas-reserva-75cl#primaryimage\"},\"datePublished\":\"2019-10-24T09:17:36+00:00\",\"dateModified\":\"2021-04-07T08:58:35+00:00\",\"breadcrumb\":{\"@id\":\"https:\/\/www.comercialanma.es\/?product=vino-marques-de-vargas-reserva-75cl#breadcrumb\"},\"inLanguage\":\"es\",\"potentialAction\":[{\"@type\":\"ReadAction\",\"target\":[\"https:\/\/www.comercialanma.es\/?product=vino-marques-de-vargas-reserva-75cl\"]}]},{\"@type\":\"BreadcrumbList\",\"@id\":\"https:\/\/www.comercialanma.es\/?product=vino-marques-de-vargas-reserva-75cl#breadcrumb\",\"itemListElement\":[{\"@type\":\"ListItem\",\"position\":1,\"item\":{\"@type\":\"WebPage\",\"@id\":\"https:\/\/www.comercialanma.es\/\",\"url\":\"https:\/\/www.comercialanma.es\/\",\"name\":\"Portada\"}},{\"@type\":\"ListItem\",\"position\":2,\"item\":{\"@type\":\"WebPage\",\"@id\":\"https:\/\/www.comercialanma.es\/?page_id=3963\",\"url\":\"https:\/\/www.comercialanma.es\/?page_id=3963\",\"name\":\"Cat\\u00e1logo de Productos\"}},{\"@type\":\"ListItem\",\"position\":3,\"item\":{\"@type\":\"WebPage\",\"@id\":\"https:\/\/www.comercialanma.es\/?product=vino-marques-de-vargas-reserva-75cl\",\"url\":\"https:\/\/www.comercialanma.es\/?product=vino-marques-de-vargas-reserva-75cl\",\"name\":\"Vino Marqu\\u00e9s de Vargas Reserva 75cl.\"}}]}]}<\/script>\n<!-- \/ Yoast SEO plugin. -->","_links":{"self":[{"href":"https:\/\/www.comercialanma.es\/index.php?rest_route=\/wp\/v2\/product\/11563"}],"collection":[{"href":"https:\/\/www.comercialanma.es\/index.php?rest_route=\/wp\/v2\/product"}],"about":[{"href":"https:\/\/www.comercialanma.es\/index.php?rest_route=\/wp\/v2\/types\/product"}],"version-history":[{"count":3,"href":"https:\/\/www.comercialanma.es\/index.php?rest_route=\/wp\/v2\/product\/11563\/revisions"}],"predecessor-version":[{"id":16189,"href":"https:\/\/www.comercialanma.es\/index.php?rest_route=\/wp\/v2\/product\/11563\/revisions\/16189"}],"wp:featuredmedia":[{"embeddable":true,"href":"https:\/\/www.comercialanma.es\/index.php?rest_route=\/wp\/v2\/media\/11564"}],"wp:attachment":[{"href":"https:\/\/www.comercialanma.es\/index.php?rest_route=%2Fwp%2Fv2%2Fmedia&parent=11563"}],"curies":[{"name":"wp","href":"https:\/\/api.w.org\/{rel}","templated":true}]}}