
{"id":11827,"date":"2019-12-13T09:31:54","date_gmt":"2019-12-13T08:31:54","guid":{"rendered":"http:\/\/www.comercialanma.es\/?post_type=product&#038;p=11827"},"modified":"2022-06-16T12:18:31","modified_gmt":"2022-06-16T10:18:31","slug":"vino-mar-de-frades-finca-valinas-75cl","status":"publish","type":"product","link":"https:\/\/www.comercialanma.es\/?product=vino-mar-de-frades-finca-valinas-75cl","title":{"rendered":"Vino Mar de Frades Finca Vali\u00f1as 75cl."},"content":{"rendered":"<h3>D.O.:<\/h3>\n<ul>\n<li>R\u00edas Baixas<\/li>\n<\/ul>\n<h3>Variedades de uva:<\/h3>\n<ul>\n<li><span class=\"tlid-translation translation\" lang=\"es\"><span title=\"\"><span class=\"tablaValorContenido\">Albari\u00f1o.<\/span><\/span><\/span><\/li>\n<\/ul>\n<h3>Graduaci\u00f3n:<\/h3>\n<ul>\n<li>Graduaci\u00f3n: 13,0% vol.<\/li>\n<\/ul>\n<h3>Nota de cata:<\/h3>\n<div class=\"field\">\n<ul>\n<li class=\"field-item odd \">Vista: Color lim\u00f3n iluminado, con reflejos acerados.<\/li>\n<li class=\"field-item odd \">Nariz: Aroma a finas hierbas, pi\u00f1a, nueces y sutiles notas de flores blancas y recuerdos bals\u00e1micos.<\/li>\n<li class=\"field-item odd \">Boca: Delicado en boca, con paso contundente y amable, las notas de especias y frutas ex\u00f3ticas potencian un final con sensaci\u00f3n fresca y untuosa, muy salino.<\/li>\n<\/ul>\n<\/div>\n<p>&nbsp;<\/p>\n","protected":false},"excerpt":{"rendered":"<p>Las uvas con las que se elabora este vino proceden de la Finca Vali\u00f1as, un paraje donde la Albari\u00f1o consigue su mejor expresi\u00f3n.\u00a0Un blanco gallego muy arom\u00e1tico, con recuerdos de ciruelas y peras, as\u00ed como toques c\u00edtricos. Su paso por\u00a0boca\u00a0es fino y elegante. La a\u00f1ada 2015 ha propiciado que este vino sea m\u00e1s floral y salino.<\/p>\n","protected":false},"featured_media":21334,"template":"","meta":{"spay_email":""},"yoast_head":"<!-- This site is optimized with the Yoast SEO plugin v15.9 - https:\/\/yoast.com\/wordpress\/plugins\/seo\/ -->\n<title>Vino Mar de Frades Finca Vali\u00f1as 75cl. - Comercial de Hosteleria Anma<\/title>\n<meta name=\"robots\" content=\"index, follow, max-snippet:-1, max-image-preview:large, max-video-preview:-1\" \/>\n<link rel=\"canonical\" href=\"https:\/\/www.comercialanma.es\/?product=vino-mar-de-frades-finca-valinas-75cl\" \/>\n<meta property=\"og:locale\" content=\"es_ES\" \/>\n<meta property=\"og:type\" content=\"article\" \/>\n<meta property=\"og:title\" content=\"Vino Mar de Frades Finca Vali\u00f1as 75cl. - Comercial de Hosteleria Anma\" \/>\n<meta property=\"og:description\" content=\"Las uvas con las que se elabora este vino proceden de la Finca Vali\u00f1as, un paraje donde la Albari\u00f1o consigue su mejor expresi\u00f3n.\u00a0Un blanco gallego muy arom\u00e1tico, con recuerdos de ciruelas y peras, as\u00ed como toques c\u00edtricos. Su paso por\u00a0boca\u00a0es fino y elegante. La a\u00f1ada 2015 ha propiciado que este vino sea m\u00e1s floral y salino.\" \/>\n<meta property=\"og:url\" content=\"https:\/\/www.comercialanma.es\/?product=vino-mar-de-frades-finca-valinas-75cl\" \/>\n<meta property=\"og:site_name\" content=\"Comercial de Hosteleria Anma\" \/>\n<meta property=\"article:publisher\" content=\"https:\/\/www.facebook.com\/AnmaHosteleria\" \/>\n<meta property=\"article:modified_time\" content=\"2022-06-16T10:18:31+00:00\" \/>\n<meta property=\"og:image\" content=\"https:\/\/i0.wp.com\/www.comercialanma.es\/wp-content\/uploads\/2019\/12\/finca-valin\u0303as-2022.jpg?fit=1080%2C1080&#038;ssl=1\" \/>\n\t<meta property=\"og:image:width\" content=\"1080\" \/>\n\t<meta property=\"og:image:height\" content=\"1080\" \/>\n<meta name=\"twitter:card\" content=\"summary_large_image\" \/>\n<script type=\"application\/ld+json\" class=\"yoast-schema-graph\">{\"@context\":\"https:\/\/schema.org\",\"@graph\":[{\"@type\":\"Organization\",\"@id\":\"https:\/\/www.comercialanma.es\/#organization\",\"name\":\"Comercial Anma\",\"url\":\"https:\/\/www.comercialanma.es\/\",\"sameAs\":[\"https:\/\/www.facebook.com\/AnmaHosteleria\",\"https:\/\/www.instagram.com\/anmahosteleria\/?hl=es\",\"https:\/\/www.youtube.com\/channel\/UCT2nmn08Ntks0hmpZPnDgCA\"],\"logo\":{\"@type\":\"ImageObject\",\"@id\":\"https:\/\/www.comercialanma.es\/#logo\",\"inLanguage\":\"es\",\"url\":\"https:\/\/i2.wp.com\/www.comercialanma.es\/wp-content\/uploads\/2019\/06\/logo-anma-color.png?fit=247%2C101&ssl=1\",\"width\":247,\"height\":101,\"caption\":\"Comercial Anma\"},\"image\":{\"@id\":\"https:\/\/www.comercialanma.es\/#logo\"}},{\"@type\":\"WebSite\",\"@id\":\"https:\/\/www.comercialanma.es\/#website\",\"url\":\"https:\/\/www.comercialanma.es\/\",\"name\":\"Comercial de Hosteleria Anma\",\"description\":\"\",\"publisher\":{\"@id\":\"https:\/\/www.comercialanma.es\/#organization\"},\"potentialAction\":[{\"@type\":\"SearchAction\",\"target\":\"https:\/\/www.comercialanma.es\/?s={search_term_string}\",\"query-input\":\"required name=search_term_string\"}],\"inLanguage\":\"es\"},{\"@type\":\"ImageObject\",\"@id\":\"https:\/\/www.comercialanma.es\/?product=vino-mar-de-frades-finca-valinas-75cl#primaryimage\",\"inLanguage\":\"es\",\"url\":\"https:\/\/i0.wp.com\/www.comercialanma.es\/wp-content\/uploads\/2019\/12\/finca-valin\\u0303as-2022.jpg?fit=1080%2C1080&ssl=1\",\"width\":1080,\"height\":1080},{\"@type\":\"WebPage\",\"@id\":\"https:\/\/www.comercialanma.es\/?product=vino-mar-de-frades-finca-valinas-75cl#webpage\",\"url\":\"https:\/\/www.comercialanma.es\/?product=vino-mar-de-frades-finca-valinas-75cl\",\"name\":\"Vino Mar de Frades Finca Vali\\u00f1as 75cl. - Comercial de Hosteleria Anma\",\"isPartOf\":{\"@id\":\"https:\/\/www.comercialanma.es\/#website\"},\"primaryImageOfPage\":{\"@id\":\"https:\/\/www.comercialanma.es\/?product=vino-mar-de-frades-finca-valinas-75cl#primaryimage\"},\"datePublished\":\"2019-12-13T08:31:54+00:00\",\"dateModified\":\"2022-06-16T10:18:31+00:00\",\"breadcrumb\":{\"@id\":\"https:\/\/www.comercialanma.es\/?product=vino-mar-de-frades-finca-valinas-75cl#breadcrumb\"},\"inLanguage\":\"es\",\"potentialAction\":[{\"@type\":\"ReadAction\",\"target\":[\"https:\/\/www.comercialanma.es\/?product=vino-mar-de-frades-finca-valinas-75cl\"]}]},{\"@type\":\"BreadcrumbList\",\"@id\":\"https:\/\/www.comercialanma.es\/?product=vino-mar-de-frades-finca-valinas-75cl#breadcrumb\",\"itemListElement\":[{\"@type\":\"ListItem\",\"position\":1,\"item\":{\"@type\":\"WebPage\",\"@id\":\"https:\/\/www.comercialanma.es\/\",\"url\":\"https:\/\/www.comercialanma.es\/\",\"name\":\"Portada\"}},{\"@type\":\"ListItem\",\"position\":2,\"item\":{\"@type\":\"WebPage\",\"@id\":\"https:\/\/www.comercialanma.es\/?page_id=3963\",\"url\":\"https:\/\/www.comercialanma.es\/?page_id=3963\",\"name\":\"Cat\\u00e1logo de Productos\"}},{\"@type\":\"ListItem\",\"position\":3,\"item\":{\"@type\":\"WebPage\",\"@id\":\"https:\/\/www.comercialanma.es\/?product=vino-mar-de-frades-finca-valinas-75cl\",\"url\":\"https:\/\/www.comercialanma.es\/?product=vino-mar-de-frades-finca-valinas-75cl\",\"name\":\"Vino Mar de Frades Finca Vali\\u00f1as 75cl.\"}}]}]}<\/script>\n<!-- \/ Yoast SEO plugin. -->","_links":{"self":[{"href":"https:\/\/www.comercialanma.es\/index.php?rest_route=\/wp\/v2\/product\/11827"}],"collection":[{"href":"https:\/\/www.comercialanma.es\/index.php?rest_route=\/wp\/v2\/product"}],"about":[{"href":"https:\/\/www.comercialanma.es\/index.php?rest_route=\/wp\/v2\/types\/product"}],"version-history":[{"count":1,"href":"https:\/\/www.comercialanma.es\/index.php?rest_route=\/wp\/v2\/product\/11827\/revisions"}],"predecessor-version":[{"id":11829,"href":"https:\/\/www.comercialanma.es\/index.php?rest_route=\/wp\/v2\/product\/11827\/revisions\/11829"}],"wp:featuredmedia":[{"embeddable":true,"href":"https:\/\/www.comercialanma.es\/index.php?rest_route=\/wp\/v2\/media\/21334"}],"wp:attachment":[{"href":"https:\/\/www.comercialanma.es\/index.php?rest_route=%2Fwp%2Fv2%2Fmedia&parent=11827"}],"curies":[{"name":"wp","href":"https:\/\/api.w.org\/{rel}","templated":true}]}}

Vino Mar de Frades Finca Valiñas 75cl.

<h3>D.O.:</h3>
<ul>
<li>Rías Baixas</li>
</ul>
<h3>Variedades de uva:</h3>
<ul>
<li><span class="tlid-translation translation" lang="es"><span title=""><span class="tablaValorContenido">Albariño.</span></span></span></li>
</ul>
<h3>Graduación:</h3>
<ul>
<li>Graduación: 13,0% vol.</li>
</ul>
<h3>Nota de cata:</h3>
<div class="field">
<ul>
<li class="field-item odd ">Vista: Color limón iluminado, con reflejos acerados.</li>
<li class="field-item odd ">Nariz: Aroma a finas hierbas, piña, nueces y sutiles notas de flores blancas y recuerdos balsámicos.</li>
<li class="field-item odd ">Boca: Delicado en boca, con paso contundente y amable, las notas de especias y frutas exóticas potencian un final con sensación fresca y untuosa, muy salino.</li>
</ul>
</div>
<p>&nbsp;</p>

<p>Las uvas con las que se elabora este vino proceden de la Finca Valiñas, un paraje donde la Albariño consigue su mejor expresión. Un blanco gallego muy aromático, con recuerdos de ciruelas y peras, así como toques cítricos. Su paso por boca es fino y elegante. La añada 2015 ha propiciado que este vino sea más floral y salino.</p>

<!-- This site is optimized with the Yoast SEO plugin v15.9 - https://yoast.com/wordpress/plugins/seo/ -->
<title>Vino Mar de Frades Finca Valiñas 75cl. - Comercial de Hosteleria Anma</title>
<meta name="robots" content="index, follow, max-snippet:-1, max-image-preview:large, max-video-preview:-1" />
<link rel="canonical" href="https://www.comercialanma.es/?product=vino-mar-de-frades-finca-valinas-75cl" />
<meta property="og:locale" content="es_ES" />
<meta property="og:type" content="article" />
<meta property="og:title" content="Vino Mar de Frades Finca Valiñas 75cl. - Comercial de Hosteleria Anma" />
<meta property="og:description" content="Las uvas con las que se elabora este vino proceden de la Finca Valiñas, un paraje donde la Albariño consigue su mejor expresión. Un blanco gallego muy aromático, con recuerdos de ciruelas y peras, así como toques cítricos. Su paso por boca es fino y elegante. La añada 2015 ha propiciado que este vino sea más floral y salino." />
<meta property="og:url" content="https://www.comercialanma.es/?product=vino-mar-de-frades-finca-valinas-75cl" />
<meta property="og:site_name" content="Comercial de Hosteleria Anma" />
<meta property="article:publisher" content="https://www.facebook.com/AnmaHosteleria" />
<meta property="article:modified_time" content="2022-06-16T10:18:31+00:00" />
<meta property="og:image" content="https://i0.wp.com/www.comercialanma.es/wp-content/uploads/2019/12/finca-valiñas-2022.jpg?fit=1080%2C1080&#038;ssl=1" />
	<meta property="og:image:width" content="1080" />
	<meta property="og:image:height" content="1080" />
<meta name="twitter:card" content="summary_large_image" />
<script type="application/ld+json" class="yoast-schema-graph">{"@context":"https://schema.org","@graph":[{"@type":"Organization","@id":"https://www.comercialanma.es/#organization","name":"Comercial Anma","url":"https://www.comercialanma.es/","sameAs":["https://www.facebook.com/AnmaHosteleria","https://www.instagram.com/anmahosteleria/?hl=es","https://www.youtube.com/channel/UCT2nmn08Ntks0hmpZPnDgCA"],"logo":{"@type":"ImageObject","@id":"https://www.comercialanma.es/#logo","inLanguage":"es","url":"https://i2.wp.com/www.comercialanma.es/wp-content/uploads/2019/06/logo-anma-color.png?fit=247%2C101&ssl=1","width":247,"height":101,"caption":"Comercial Anma"},"image":{"@id":"https://www.comercialanma.es/#logo"}},{"@type":"WebSite","@id":"https://www.comercialanma.es/#website","url":"https://www.comercialanma.es/","name":"Comercial de Hosteleria Anma","description":"","publisher":{"@id":"https://www.comercialanma.es/#organization"},"potentialAction":[{"@type":"SearchAction","target":"https://www.comercialanma.es/?s={search_term_string}","query-input":"required name=search_term_string"}],"inLanguage":"es"},{"@type":"ImageObject","@id":"https://www.comercialanma.es/?product=vino-mar-de-frades-finca-valinas-75cl#primaryimage","inLanguage":"es","url":"https://i0.wp.com/www.comercialanma.es/wp-content/uploads/2019/12/finca-valin\u0303as-2022.jpg?fit=1080%2C1080&ssl=1","width":1080,"height":1080},{"@type":"WebPage","@id":"https://www.comercialanma.es/?product=vino-mar-de-frades-finca-valinas-75cl#webpage","url":"https://www.comercialanma.es/?product=vino-mar-de-frades-finca-valinas-75cl","name":"Vino Mar de Frades Finca Vali\u00f1as 75cl. - Comercial de Hosteleria Anma","isPartOf":{"@id":"https://www.comercialanma.es/#website"},"primaryImageOfPage":{"@id":"https://www.comercialanma.es/?product=vino-mar-de-frades-finca-valinas-75cl#primaryimage"},"datePublished":"2019-12-13T08:31:54+00:00","dateModified":"2022-06-16T10:18:31+00:00","breadcrumb":{"@id":"https://www.comercialanma.es/?product=vino-mar-de-frades-finca-valinas-75cl#breadcrumb"},"inLanguage":"es","potentialAction":[{"@type":"ReadAction","target":["https://www.comercialanma.es/?product=vino-mar-de-frades-finca-valinas-75cl"]}]},{"@type":"BreadcrumbList","@id":"https://www.comercialanma.es/?product=vino-mar-de-frades-finca-valinas-75cl#breadcrumb","itemListElement":[{"@type":"ListItem","position":1,"item":{"@type":"WebPage","@id":"https://www.comercialanma.es/","url":"https://www.comercialanma.es/","name":"Portada"}},{"@type":"ListItem","position":2,"item":{"@type":"WebPage","@id":"https://www.comercialanma.es/?page_id=3963","url":"https://www.comercialanma.es/?page_id=3963","name":"Cat\u00e1logo de Productos"}},{"@type":"ListItem","position":3,"item":{"@type":"WebPage","@id":"https://www.comercialanma.es/?product=vino-mar-de-frades-finca-valinas-75cl","url":"https://www.comercialanma.es/?product=vino-mar-de-frades-finca-valinas-75cl","name":"Vino Mar de Frades Finca Vali\u00f1as 75cl."}}]}]}</script>
<!-- / Yoast SEO plugin. -->
