
{"id":12452,"date":"2019-12-30T16:58:46","date_gmt":"2019-12-30T15:58:46","guid":{"rendered":"http:\/\/www.comercialanma.es\/?post_type=product&#038;p=12452"},"modified":"2022-01-26T12:04:36","modified_gmt":"2022-01-26T11:04:36","slug":"vino-lambrusco-tavernello-tinto-75cl","status":"publish","type":"product","link":"https:\/\/www.comercialanma.es\/?product=vino-lambrusco-tavernello-tinto-75cl","title":{"rendered":"Vino Lambrusco Tavernello Tinto 75cl."},"content":{"rendered":"<h3>D.O.:<\/h3>\n<ul>\n<li>Italia<\/li>\n<\/ul>\n<h3>Variedades de uva:<\/h3>\n<ul>\n<li><span class=\"tlid-translation translation\" lang=\"es\"><span title=\"\"><span class=\"tablaValorContenido\">Lambrusca.<br \/>\n<\/span><\/span><\/span><\/li>\n<\/ul>\n<h3>Graduaci\u00f3n:<\/h3>\n<ul>\n<li>Graduaci\u00f3n: 8,0% vol.<\/li>\n<\/ul>\n<h3>Nota de Cata:<\/h3>\n<ul>\n<li>De color rojo rub\u00ed brillante, con un intenso aroma lupulado y afrutado.<\/li>\n<li>Este vino espumoso tiene un aroma equilibrado y un sabor agradablemente suave.<\/li>\n<\/ul>\n<div class=\"tlid-result-transliteration-container result-transliteration-container transliteration-container\">\n<div class=\"tlid-transliteration-content transliteration-content full\"><\/div>\n<\/div>\n","protected":false},"excerpt":{"rendered":"<p><span class=\"tlid-translation translation\" lang=\"es\"><span class=\"\" title=\"\">Tavernello es desde hace muchos a\u00f1os uno de los productos m\u00e1s importantes de Caviro, Cooperativa Agr\u00edcola, que re\u00fane a productores de todo el territorio italiano. La compa\u00f1\u00eda fue fundada en 1966, reuniendo a continuaci\u00f3n, nueve bodegas, hoy en d\u00eda existen 34, ubicados en toda Italia, el consorcio, con sede en Faenza, ahora es un l\u00edder en la escena nacional e internacional del vino.<\/span><\/span><\/p>\n<p>&nbsp;<\/p>\n","protected":false},"featured_media":20930,"template":"","meta":{"spay_email":""},"yoast_head":"<!-- This site is optimized with the Yoast SEO plugin v15.9 - https:\/\/yoast.com\/wordpress\/plugins\/seo\/ -->\n<title>Vino Lambrusco Tavernello Tinto 75cl. - Comercial de Hosteleria Anma<\/title>\n<meta name=\"robots\" content=\"index, follow, max-snippet:-1, max-image-preview:large, max-video-preview:-1\" \/>\n<link rel=\"canonical\" href=\"https:\/\/www.comercialanma.es\/?product=vino-lambrusco-tavernello-tinto-75cl\" \/>\n<meta property=\"og:locale\" content=\"es_ES\" \/>\n<meta property=\"og:type\" content=\"article\" \/>\n<meta property=\"og:title\" content=\"Vino Lambrusco Tavernello Tinto 75cl. - Comercial de Hosteleria Anma\" \/>\n<meta property=\"og:description\" content=\"Tavernello es desde hace muchos a\u00f1os uno de los productos m\u00e1s importantes de Caviro, Cooperativa Agr\u00edcola, que re\u00fane a productores de todo el territorio italiano. La compa\u00f1\u00eda fue fundada en 1966, reuniendo a continuaci\u00f3n, nueve bodegas, hoy en d\u00eda existen 34, ubicados en toda Italia, el consorcio, con sede en Faenza, ahora es un l\u00edder en la escena nacional e internacional del vino.  &nbsp;\" \/>\n<meta property=\"og:url\" content=\"https:\/\/www.comercialanma.es\/?product=vino-lambrusco-tavernello-tinto-75cl\" \/>\n<meta property=\"og:site_name\" content=\"Comercial de Hosteleria Anma\" \/>\n<meta property=\"article:publisher\" content=\"https:\/\/www.facebook.com\/AnmaHosteleria\" \/>\n<meta property=\"article:modified_time\" content=\"2022-01-26T11:04:36+00:00\" \/>\n<meta property=\"og:image\" content=\"https:\/\/i0.wp.com\/www.comercialanma.es\/wp-content\/uploads\/2019\/12\/Lambrusco-Tavernello-tinto-Emilia.jpg?fit=1080%2C1080&#038;ssl=1\" \/>\n\t<meta property=\"og:image:width\" content=\"1080\" \/>\n\t<meta property=\"og:image:height\" content=\"1080\" \/>\n<meta name=\"twitter:card\" content=\"summary_large_image\" \/>\n<meta name=\"twitter:label1\" content=\"Tiempo de lectura\">\n\t<meta name=\"twitter:data1\" content=\"1 minuto\">\n<script type=\"application\/ld+json\" class=\"yoast-schema-graph\">{\"@context\":\"https:\/\/schema.org\",\"@graph\":[{\"@type\":\"Organization\",\"@id\":\"https:\/\/www.comercialanma.es\/#organization\",\"name\":\"Comercial Anma\",\"url\":\"https:\/\/www.comercialanma.es\/\",\"sameAs\":[\"https:\/\/www.facebook.com\/AnmaHosteleria\",\"https:\/\/www.instagram.com\/anmahosteleria\/?hl=es\",\"https:\/\/www.youtube.com\/channel\/UCT2nmn08Ntks0hmpZPnDgCA\"],\"logo\":{\"@type\":\"ImageObject\",\"@id\":\"https:\/\/www.comercialanma.es\/#logo\",\"inLanguage\":\"es\",\"url\":\"https:\/\/i2.wp.com\/www.comercialanma.es\/wp-content\/uploads\/2019\/06\/logo-anma-color.png?fit=247%2C101&ssl=1\",\"width\":247,\"height\":101,\"caption\":\"Comercial Anma\"},\"image\":{\"@id\":\"https:\/\/www.comercialanma.es\/#logo\"}},{\"@type\":\"WebSite\",\"@id\":\"https:\/\/www.comercialanma.es\/#website\",\"url\":\"https:\/\/www.comercialanma.es\/\",\"name\":\"Comercial de Hosteleria Anma\",\"description\":\"\",\"publisher\":{\"@id\":\"https:\/\/www.comercialanma.es\/#organization\"},\"potentialAction\":[{\"@type\":\"SearchAction\",\"target\":\"https:\/\/www.comercialanma.es\/?s={search_term_string}\",\"query-input\":\"required name=search_term_string\"}],\"inLanguage\":\"es\"},{\"@type\":\"ImageObject\",\"@id\":\"https:\/\/www.comercialanma.es\/?product=vino-lambrusco-tavernello-tinto-75cl#primaryimage\",\"inLanguage\":\"es\",\"url\":\"https:\/\/i0.wp.com\/www.comercialanma.es\/wp-content\/uploads\/2019\/12\/Lambrusco-Tavernello-tinto-Emilia.jpg?fit=1080%2C1080&ssl=1\",\"width\":1080,\"height\":1080},{\"@type\":\"WebPage\",\"@id\":\"https:\/\/www.comercialanma.es\/?product=vino-lambrusco-tavernello-tinto-75cl#webpage\",\"url\":\"https:\/\/www.comercialanma.es\/?product=vino-lambrusco-tavernello-tinto-75cl\",\"name\":\"Vino Lambrusco Tavernello Tinto 75cl. - Comercial de Hosteleria Anma\",\"isPartOf\":{\"@id\":\"https:\/\/www.comercialanma.es\/#website\"},\"primaryImageOfPage\":{\"@id\":\"https:\/\/www.comercialanma.es\/?product=vino-lambrusco-tavernello-tinto-75cl#primaryimage\"},\"datePublished\":\"2019-12-30T15:58:46+00:00\",\"dateModified\":\"2022-01-26T11:04:36+00:00\",\"breadcrumb\":{\"@id\":\"https:\/\/www.comercialanma.es\/?product=vino-lambrusco-tavernello-tinto-75cl#breadcrumb\"},\"inLanguage\":\"es\",\"potentialAction\":[{\"@type\":\"ReadAction\",\"target\":[\"https:\/\/www.comercialanma.es\/?product=vino-lambrusco-tavernello-tinto-75cl\"]}]},{\"@type\":\"BreadcrumbList\",\"@id\":\"https:\/\/www.comercialanma.es\/?product=vino-lambrusco-tavernello-tinto-75cl#breadcrumb\",\"itemListElement\":[{\"@type\":\"ListItem\",\"position\":1,\"item\":{\"@type\":\"WebPage\",\"@id\":\"https:\/\/www.comercialanma.es\/\",\"url\":\"https:\/\/www.comercialanma.es\/\",\"name\":\"Portada\"}},{\"@type\":\"ListItem\",\"position\":2,\"item\":{\"@type\":\"WebPage\",\"@id\":\"https:\/\/www.comercialanma.es\/?page_id=3963\",\"url\":\"https:\/\/www.comercialanma.es\/?page_id=3963\",\"name\":\"Cat\\u00e1logo de Productos\"}},{\"@type\":\"ListItem\",\"position\":3,\"item\":{\"@type\":\"WebPage\",\"@id\":\"https:\/\/www.comercialanma.es\/?product=vino-lambrusco-tavernello-tinto-75cl\",\"url\":\"https:\/\/www.comercialanma.es\/?product=vino-lambrusco-tavernello-tinto-75cl\",\"name\":\"Vino Lambrusco Tavernello Tinto 75cl.\"}}]}]}<\/script>\n<!-- \/ Yoast SEO plugin. -->","_links":{"self":[{"href":"https:\/\/www.comercialanma.es\/index.php?rest_route=\/wp\/v2\/product\/12452"}],"collection":[{"href":"https:\/\/www.comercialanma.es\/index.php?rest_route=\/wp\/v2\/product"}],"about":[{"href":"https:\/\/www.comercialanma.es\/index.php?rest_route=\/wp\/v2\/types\/product"}],"version-history":[{"count":3,"href":"https:\/\/www.comercialanma.es\/index.php?rest_route=\/wp\/v2\/product\/12452\/revisions"}],"predecessor-version":[{"id":20932,"href":"https:\/\/www.comercialanma.es\/index.php?rest_route=\/wp\/v2\/product\/12452\/revisions\/20932"}],"wp:featuredmedia":[{"embeddable":true,"href":"https:\/\/www.comercialanma.es\/index.php?rest_route=\/wp\/v2\/media\/20930"}],"wp:attachment":[{"href":"https:\/\/www.comercialanma.es\/index.php?rest_route=%2Fwp%2Fv2%2Fmedia&parent=12452"}],"curies":[{"name":"wp","href":"https:\/\/api.w.org\/{rel}","templated":true}]}}

<h3>D.O.:</h3>
<ul>
<li>Italia</li>
</ul>
<h3>Variedades de uva:</h3>
<ul>
<li><span class="tlid-translation translation" lang="es"><span title=""><span class="tablaValorContenido">Lambrusca.<br />
</span></span></span></li>
</ul>
<h3>Graduación:</h3>
<ul>
<li>Graduación: 8,0% vol.</li>
</ul>
<h3>Nota de Cata:</h3>
<ul>
<li>De color rojo rubí brillante, con un intenso aroma lupulado y afrutado.</li>
<li>Este vino espumoso tiene un aroma equilibrado y un sabor agradablemente suave.</li>
</ul>
<div class="tlid-result-transliteration-container result-transliteration-container transliteration-container">
<div class="tlid-transliteration-content transliteration-content full"></div>
</div>

<p><span class="tlid-translation translation" lang="es"><span class="" title="">Tavernello es desde hace muchos años uno de los productos más importantes de Caviro, Cooperativa Agrícola, que reúne a productores de todo el territorio italiano. La compañía fue fundada en 1966, reuniendo a continuación, nueve bodegas, hoy en día existen 34, ubicados en toda Italia, el consorcio, con sede en Faenza, ahora es un líder en la escena nacional e internacional del vino.</span></span></p>
<p>&nbsp;</p>

<!-- This site is optimized with the Yoast SEO plugin v15.9 - https://yoast.com/wordpress/plugins/seo/ -->
<title>Vino Lambrusco Tavernello Tinto 75cl. - Comercial de Hosteleria Anma</title>
<meta name="robots" content="index, follow, max-snippet:-1, max-image-preview:large, max-video-preview:-1" />
<link rel="canonical" href="https://www.comercialanma.es/?product=vino-lambrusco-tavernello-tinto-75cl" />
<meta property="og:locale" content="es_ES" />
<meta property="og:type" content="article" />
<meta property="og:title" content="Vino Lambrusco Tavernello Tinto 75cl. - Comercial de Hosteleria Anma" />
<meta property="og:description" content="Tavernello es desde hace muchos años uno de los productos más importantes de Caviro, Cooperativa Agrícola, que reúne a productores de todo el territorio italiano. La compañía fue fundada en 1966, reuniendo a continuación, nueve bodegas, hoy en día existen 34, ubicados en toda Italia, el consorcio, con sede en Faenza, ahora es un líder en la escena nacional e internacional del vino.  &nbsp;" />
<meta property="og:url" content="https://www.comercialanma.es/?product=vino-lambrusco-tavernello-tinto-75cl" />
<meta property="og:site_name" content="Comercial de Hosteleria Anma" />
<meta property="article:publisher" content="https://www.facebook.com/AnmaHosteleria" />
<meta property="article:modified_time" content="2022-01-26T11:04:36+00:00" />
<meta property="og:image" content="https://i0.wp.com/www.comercialanma.es/wp-content/uploads/2019/12/Lambrusco-Tavernello-tinto-Emilia.jpg?fit=1080%2C1080&#038;ssl=1" />
	<meta property="og:image:width" content="1080" />
	<meta property="og:image:height" content="1080" />
<meta name="twitter:card" content="summary_large_image" />
<meta name="twitter:label1" content="Tiempo de lectura">
	<meta name="twitter:data1" content="1 minuto">
<script type="application/ld+json" class="yoast-schema-graph">{"@context":"https://schema.org","@graph":[{"@type":"Organization","@id":"https://www.comercialanma.es/#organization","name":"Comercial Anma","url":"https://www.comercialanma.es/","sameAs":["https://www.facebook.com/AnmaHosteleria","https://www.instagram.com/anmahosteleria/?hl=es","https://www.youtube.com/channel/UCT2nmn08Ntks0hmpZPnDgCA"],"logo":{"@type":"ImageObject","@id":"https://www.comercialanma.es/#logo","inLanguage":"es","url":"https://i2.wp.com/www.comercialanma.es/wp-content/uploads/2019/06/logo-anma-color.png?fit=247%2C101&ssl=1","width":247,"height":101,"caption":"Comercial Anma"},"image":{"@id":"https://www.comercialanma.es/#logo"}},{"@type":"WebSite","@id":"https://www.comercialanma.es/#website","url":"https://www.comercialanma.es/","name":"Comercial de Hosteleria Anma","description":"","publisher":{"@id":"https://www.comercialanma.es/#organization"},"potentialAction":[{"@type":"SearchAction","target":"https://www.comercialanma.es/?s={search_term_string}","query-input":"required name=search_term_string"}],"inLanguage":"es"},{"@type":"ImageObject","@id":"https://www.comercialanma.es/?product=vino-lambrusco-tavernello-tinto-75cl#primaryimage","inLanguage":"es","url":"https://i0.wp.com/www.comercialanma.es/wp-content/uploads/2019/12/Lambrusco-Tavernello-tinto-Emilia.jpg?fit=1080%2C1080&ssl=1","width":1080,"height":1080},{"@type":"WebPage","@id":"https://www.comercialanma.es/?product=vino-lambrusco-tavernello-tinto-75cl#webpage","url":"https://www.comercialanma.es/?product=vino-lambrusco-tavernello-tinto-75cl","name":"Vino Lambrusco Tavernello Tinto 75cl. - Comercial de Hosteleria Anma","isPartOf":{"@id":"https://www.comercialanma.es/#website"},"primaryImageOfPage":{"@id":"https://www.comercialanma.es/?product=vino-lambrusco-tavernello-tinto-75cl#primaryimage"},"datePublished":"2019-12-30T15:58:46+00:00","dateModified":"2022-01-26T11:04:36+00:00","breadcrumb":{"@id":"https://www.comercialanma.es/?product=vino-lambrusco-tavernello-tinto-75cl#breadcrumb"},"inLanguage":"es","potentialAction":[{"@type":"ReadAction","target":["https://www.comercialanma.es/?product=vino-lambrusco-tavernello-tinto-75cl"]}]},{"@type":"BreadcrumbList","@id":"https://www.comercialanma.es/?product=vino-lambrusco-tavernello-tinto-75cl#breadcrumb","itemListElement":[{"@type":"ListItem","position":1,"item":{"@type":"WebPage","@id":"https://www.comercialanma.es/","url":"https://www.comercialanma.es/","name":"Portada"}},{"@type":"ListItem","position":2,"item":{"@type":"WebPage","@id":"https://www.comercialanma.es/?page_id=3963","url":"https://www.comercialanma.es/?page_id=3963","name":"Cat\u00e1logo de Productos"}},{"@type":"ListItem","position":3,"item":{"@type":"WebPage","@id":"https://www.comercialanma.es/?product=vino-lambrusco-tavernello-tinto-75cl","url":"https://www.comercialanma.es/?product=vino-lambrusco-tavernello-tinto-75cl","name":"Vino Lambrusco Tavernello Tinto 75cl."}}]}]}</script>
<!-- / Yoast SEO plugin. -->
