
{"id":12819,"date":"2020-01-23T17:49:27","date_gmt":"2020-01-23T16:49:27","guid":{"rendered":"http:\/\/www.comercialanma.es\/?post_type=product&#038;p=12819"},"modified":"2020-01-23T17:55:02","modified_gmt":"2020-01-23T16:55:02","slug":"vino-vedite-du-terroir-rose-75cl","status":"publish","type":"product","link":"https:\/\/www.comercialanma.es\/?product=vino-vedite-du-terroir-rose-75cl","title":{"rendered":"Vino V\u00e9dit\u00e9 du Terroir Rose 75cl."},"content":{"rendered":"<h3>D.O.:<\/h3>\n<ul>\n<li>Francia (<span lang=\"es\">C\u00f4tes de Provence<\/span>) .<\/li>\n<\/ul>\n<h3>Variedad:<\/h3>\n<ul>\n<li><span class=\"tlid-translation translation\" lang=\"es\"><span title=\"\"><span class=\"tablaValorContenido\"><span lang=\"es\">Syrah, Garnacha.<\/span><\/span><\/span><\/span><\/li>\n<\/ul>\n<h3>Graduaci\u00f3n:<\/h3>\n<ul>\n<li>13,5% Vol.<\/li>\n<\/ul>\n<h3>Nota de cata:<\/h3>\n<ul>\n<li><span lang=\"es\"><span title=\"\">Brillante a la vista, con un color rosa claro imbuido de vivacidad.<\/span> <\/span><\/li>\n<li><span lang=\"es\"><span title=\"\">Amplio en nariz, se expresa con intensos aromas a frutos rojos y pomelo rosado, preludio de una degustaci\u00f3n refrescante y armoniosa, que prolonga el placer en un final largo y persistente.<\/span><\/span><\/li>\n<\/ul>\n<p>&nbsp;<\/p>\n","protected":false},"excerpt":{"rendered":"<div id=\"short_description_content\"><span lang=\"es\"><span lang=\"es\"><span title=\"\">Se sabe que en las C\u00f4tes de Provence, en Francia, se producen vinos rosados de la m\u00e1s alta calidad, as\u00ed, el Verit\u00e8 du Terroir de Chateau la Gordonne, obtenido del ensamblaje t\u00edpico de la denominaci\u00f3n, que presenta una cuidadosa selecci\u00f3n de uvas.<\/span> <span title=\"\">Cinsault, Garnacha Negra y Syrah.<\/span> <span title=\"\">Un vino que se abre con una bebida suave y brillante por un lado, luego crujiente y mineral por el otro.<\/span> <span title=\"\">Un Ros\u00e9, por lo tanto, maravillosamente equilibrado, que te har\u00e1 descubrir qu\u00e9 vinos nos puede dar la tierra de Provenza.<\/span><\/span><\/span><\/div>\n","protected":false},"featured_media":12820,"template":"","meta":{"spay_email":""},"yoast_head":"<!-- This site is optimized with the Yoast SEO plugin v15.9 - https:\/\/yoast.com\/wordpress\/plugins\/seo\/ -->\n<title>Vino V\u00e9dit\u00e9 du Terroir Rose 75cl. - Comercial de Hosteleria Anma<\/title>\n<meta name=\"robots\" content=\"index, follow, max-snippet:-1, max-image-preview:large, max-video-preview:-1\" \/>\n<link rel=\"canonical\" href=\"https:\/\/www.comercialanma.es\/?product=vino-vedite-du-terroir-rose-75cl\" \/>\n<meta property=\"og:locale\" content=\"es_ES\" \/>\n<meta property=\"og:type\" content=\"article\" \/>\n<meta property=\"og:title\" content=\"Vino V\u00e9dit\u00e9 du Terroir Rose 75cl. - Comercial de Hosteleria Anma\" \/>\n<meta property=\"og:description\" content=\"Se sabe que en las C\u00f4tes de Provence, en Francia, se producen vinos rosados de la m\u00e1s alta calidad, as\u00ed, el Verit\u00e8 du Terroir de Chateau la Gordonne, obtenido del ensamblaje t\u00edpico de la denominaci\u00f3n, que presenta una cuidadosa selecci\u00f3n de uvas. Cinsault, Garnacha Negra y Syrah. Un vino que se abre con una bebida suave y brillante por un lado, luego crujiente y mineral por el otro. Un Ros\u00e9, por lo tanto, maravillosamente equilibrado, que te har\u00e1 descubrir qu\u00e9 vinos nos puede dar la tierra de Provenza.\" \/>\n<meta property=\"og:url\" content=\"https:\/\/www.comercialanma.es\/?product=vino-vedite-du-terroir-rose-75cl\" \/>\n<meta property=\"og:site_name\" content=\"Comercial de Hosteleria Anma\" \/>\n<meta property=\"article:publisher\" content=\"https:\/\/www.facebook.com\/AnmaHosteleria\" \/>\n<meta property=\"article:modified_time\" content=\"2020-01-23T16:55:02+00:00\" \/>\n<meta property=\"og:image\" content=\"https:\/\/i1.wp.com\/www.comercialanma.es\/wp-content\/uploads\/2020\/01\/Ve\u0301dite\u0301-du-Terroir.jpg?fit=1080%2C1080&#038;ssl=1\" \/>\n\t<meta property=\"og:image:width\" content=\"1080\" \/>\n\t<meta property=\"og:image:height\" content=\"1080\" \/>\n<meta name=\"twitter:card\" content=\"summary_large_image\" \/>\n<script type=\"application\/ld+json\" class=\"yoast-schema-graph\">{\"@context\":\"https:\/\/schema.org\",\"@graph\":[{\"@type\":\"Organization\",\"@id\":\"https:\/\/www.comercialanma.es\/#organization\",\"name\":\"Comercial Anma\",\"url\":\"https:\/\/www.comercialanma.es\/\",\"sameAs\":[\"https:\/\/www.facebook.com\/AnmaHosteleria\",\"https:\/\/www.instagram.com\/anmahosteleria\/?hl=es\",\"https:\/\/www.youtube.com\/channel\/UCT2nmn08Ntks0hmpZPnDgCA\"],\"logo\":{\"@type\":\"ImageObject\",\"@id\":\"https:\/\/www.comercialanma.es\/#logo\",\"inLanguage\":\"es\",\"url\":\"https:\/\/i2.wp.com\/www.comercialanma.es\/wp-content\/uploads\/2019\/06\/logo-anma-color.png?fit=247%2C101&ssl=1\",\"width\":247,\"height\":101,\"caption\":\"Comercial Anma\"},\"image\":{\"@id\":\"https:\/\/www.comercialanma.es\/#logo\"}},{\"@type\":\"WebSite\",\"@id\":\"https:\/\/www.comercialanma.es\/#website\",\"url\":\"https:\/\/www.comercialanma.es\/\",\"name\":\"Comercial de Hosteleria Anma\",\"description\":\"\",\"publisher\":{\"@id\":\"https:\/\/www.comercialanma.es\/#organization\"},\"potentialAction\":[{\"@type\":\"SearchAction\",\"target\":\"https:\/\/www.comercialanma.es\/?s={search_term_string}\",\"query-input\":\"required name=search_term_string\"}],\"inLanguage\":\"es\"},{\"@type\":\"ImageObject\",\"@id\":\"https:\/\/www.comercialanma.es\/?product=vino-vedite-du-terroir-rose-75cl#primaryimage\",\"inLanguage\":\"es\",\"url\":\"https:\/\/i1.wp.com\/www.comercialanma.es\/wp-content\/uploads\/2020\/01\/Ve\\u0301dite\\u0301-du-Terroir.jpg?fit=1080%2C1080&ssl=1\",\"width\":1080,\"height\":1080},{\"@type\":\"WebPage\",\"@id\":\"https:\/\/www.comercialanma.es\/?product=vino-vedite-du-terroir-rose-75cl#webpage\",\"url\":\"https:\/\/www.comercialanma.es\/?product=vino-vedite-du-terroir-rose-75cl\",\"name\":\"Vino V\\u00e9dit\\u00e9 du Terroir Rose 75cl. - Comercial de Hosteleria Anma\",\"isPartOf\":{\"@id\":\"https:\/\/www.comercialanma.es\/#website\"},\"primaryImageOfPage\":{\"@id\":\"https:\/\/www.comercialanma.es\/?product=vino-vedite-du-terroir-rose-75cl#primaryimage\"},\"datePublished\":\"2020-01-23T16:49:27+00:00\",\"dateModified\":\"2020-01-23T16:55:02+00:00\",\"breadcrumb\":{\"@id\":\"https:\/\/www.comercialanma.es\/?product=vino-vedite-du-terroir-rose-75cl#breadcrumb\"},\"inLanguage\":\"es\",\"potentialAction\":[{\"@type\":\"ReadAction\",\"target\":[\"https:\/\/www.comercialanma.es\/?product=vino-vedite-du-terroir-rose-75cl\"]}]},{\"@type\":\"BreadcrumbList\",\"@id\":\"https:\/\/www.comercialanma.es\/?product=vino-vedite-du-terroir-rose-75cl#breadcrumb\",\"itemListElement\":[{\"@type\":\"ListItem\",\"position\":1,\"item\":{\"@type\":\"WebPage\",\"@id\":\"https:\/\/www.comercialanma.es\/\",\"url\":\"https:\/\/www.comercialanma.es\/\",\"name\":\"Portada\"}},{\"@type\":\"ListItem\",\"position\":2,\"item\":{\"@type\":\"WebPage\",\"@id\":\"https:\/\/www.comercialanma.es\/?page_id=3963\",\"url\":\"https:\/\/www.comercialanma.es\/?page_id=3963\",\"name\":\"Cat\\u00e1logo de Productos\"}},{\"@type\":\"ListItem\",\"position\":3,\"item\":{\"@type\":\"WebPage\",\"@id\":\"https:\/\/www.comercialanma.es\/?product=vino-vedite-du-terroir-rose-75cl\",\"url\":\"https:\/\/www.comercialanma.es\/?product=vino-vedite-du-terroir-rose-75cl\",\"name\":\"Vino V\\u00e9dit\\u00e9 du Terroir Rose 75cl.\"}}]}]}<\/script>\n<!-- \/ Yoast SEO plugin. -->","_links":{"self":[{"href":"https:\/\/www.comercialanma.es\/index.php?rest_route=\/wp\/v2\/product\/12819"}],"collection":[{"href":"https:\/\/www.comercialanma.es\/index.php?rest_route=\/wp\/v2\/product"}],"about":[{"href":"https:\/\/www.comercialanma.es\/index.php?rest_route=\/wp\/v2\/types\/product"}],"version-history":[{"count":1,"href":"https:\/\/www.comercialanma.es\/index.php?rest_route=\/wp\/v2\/product\/12819\/revisions"}],"predecessor-version":[{"id":12821,"href":"https:\/\/www.comercialanma.es\/index.php?rest_route=\/wp\/v2\/product\/12819\/revisions\/12821"}],"wp:featuredmedia":[{"embeddable":true,"href":"https:\/\/www.comercialanma.es\/index.php?rest_route=\/wp\/v2\/media\/12820"}],"wp:attachment":[{"href":"https:\/\/www.comercialanma.es\/index.php?rest_route=%2Fwp%2Fv2%2Fmedia&parent=12819"}],"curies":[{"name":"wp","href":"https:\/\/api.w.org\/{rel}","templated":true}]}}

Vino Védité du Terroir Rose 75cl.

<h3>D.O.:</h3>
<ul>
<li>Francia (<span lang="es">Côtes de Provence</span>) .</li>
</ul>
<h3>Variedad:</h3>
<ul>
<li><span class="tlid-translation translation" lang="es"><span title=""><span class="tablaValorContenido"><span lang="es">Syrah, Garnacha.</span></span></span></span></li>
</ul>
<h3>Graduación:</h3>
<ul>
<li>13,5% Vol.</li>
</ul>
<h3>Nota de cata:</h3>
<ul>
<li><span lang="es"><span title="">Brillante a la vista, con un color rosa claro imbuido de vivacidad.</span> </span></li>
<li><span lang="es"><span title="">Amplio en nariz, se expresa con intensos aromas a frutos rojos y pomelo rosado, preludio de una degustación refrescante y armoniosa, que prolonga el placer en un final largo y persistente.</span></span></li>
</ul>
<p>&nbsp;</p>

<div id="short_description_content"><span lang="es"><span lang="es"><span title="">Se sabe que en las Côtes de Provence, en Francia, se producen vinos rosados de la más alta calidad, así, el Veritè du Terroir de Chateau la Gordonne, obtenido del ensamblaje típico de la denominación, que presenta una cuidadosa selección de uvas.</span> <span title="">Cinsault, Garnacha Negra y Syrah.</span> <span title="">Un vino que se abre con una bebida suave y brillante por un lado, luego crujiente y mineral por el otro.</span> <span title="">Un Rosé, por lo tanto, maravillosamente equilibrado, que te hará descubrir qué vinos nos puede dar la tierra de Provenza.</span></span></span></div>

<!-- This site is optimized with the Yoast SEO plugin v15.9 - https://yoast.com/wordpress/plugins/seo/ -->
<title>Vino Védité du Terroir Rose 75cl. - Comercial de Hosteleria Anma</title>
<meta name="robots" content="index, follow, max-snippet:-1, max-image-preview:large, max-video-preview:-1" />
<link rel="canonical" href="https://www.comercialanma.es/?product=vino-vedite-du-terroir-rose-75cl" />
<meta property="og:locale" content="es_ES" />
<meta property="og:type" content="article" />
<meta property="og:title" content="Vino Védité du Terroir Rose 75cl. - Comercial de Hosteleria Anma" />
<meta property="og:description" content="Se sabe que en las Côtes de Provence, en Francia, se producen vinos rosados de la más alta calidad, así, el Veritè du Terroir de Chateau la Gordonne, obtenido del ensamblaje típico de la denominación, que presenta una cuidadosa selección de uvas. Cinsault, Garnacha Negra y Syrah. Un vino que se abre con una bebida suave y brillante por un lado, luego crujiente y mineral por el otro. Un Rosé, por lo tanto, maravillosamente equilibrado, que te hará descubrir qué vinos nos puede dar la tierra de Provenza." />
<meta property="og:url" content="https://www.comercialanma.es/?product=vino-vedite-du-terroir-rose-75cl" />
<meta property="og:site_name" content="Comercial de Hosteleria Anma" />
<meta property="article:publisher" content="https://www.facebook.com/AnmaHosteleria" />
<meta property="article:modified_time" content="2020-01-23T16:55:02+00:00" />
<meta property="og:image" content="https://i1.wp.com/www.comercialanma.es/wp-content/uploads/2020/01/Védité-du-Terroir.jpg?fit=1080%2C1080&#038;ssl=1" />
	<meta property="og:image:width" content="1080" />
	<meta property="og:image:height" content="1080" />
<meta name="twitter:card" content="summary_large_image" />
<script type="application/ld+json" class="yoast-schema-graph">{"@context":"https://schema.org","@graph":[{"@type":"Organization","@id":"https://www.comercialanma.es/#organization","name":"Comercial Anma","url":"https://www.comercialanma.es/","sameAs":["https://www.facebook.com/AnmaHosteleria","https://www.instagram.com/anmahosteleria/?hl=es","https://www.youtube.com/channel/UCT2nmn08Ntks0hmpZPnDgCA"],"logo":{"@type":"ImageObject","@id":"https://www.comercialanma.es/#logo","inLanguage":"es","url":"https://i2.wp.com/www.comercialanma.es/wp-content/uploads/2019/06/logo-anma-color.png?fit=247%2C101&ssl=1","width":247,"height":101,"caption":"Comercial Anma"},"image":{"@id":"https://www.comercialanma.es/#logo"}},{"@type":"WebSite","@id":"https://www.comercialanma.es/#website","url":"https://www.comercialanma.es/","name":"Comercial de Hosteleria Anma","description":"","publisher":{"@id":"https://www.comercialanma.es/#organization"},"potentialAction":[{"@type":"SearchAction","target":"https://www.comercialanma.es/?s={search_term_string}","query-input":"required name=search_term_string"}],"inLanguage":"es"},{"@type":"ImageObject","@id":"https://www.comercialanma.es/?product=vino-vedite-du-terroir-rose-75cl#primaryimage","inLanguage":"es","url":"https://i1.wp.com/www.comercialanma.es/wp-content/uploads/2020/01/Ve\u0301dite\u0301-du-Terroir.jpg?fit=1080%2C1080&ssl=1","width":1080,"height":1080},{"@type":"WebPage","@id":"https://www.comercialanma.es/?product=vino-vedite-du-terroir-rose-75cl#webpage","url":"https://www.comercialanma.es/?product=vino-vedite-du-terroir-rose-75cl","name":"Vino V\u00e9dit\u00e9 du Terroir Rose 75cl. - Comercial de Hosteleria Anma","isPartOf":{"@id":"https://www.comercialanma.es/#website"},"primaryImageOfPage":{"@id":"https://www.comercialanma.es/?product=vino-vedite-du-terroir-rose-75cl#primaryimage"},"datePublished":"2020-01-23T16:49:27+00:00","dateModified":"2020-01-23T16:55:02+00:00","breadcrumb":{"@id":"https://www.comercialanma.es/?product=vino-vedite-du-terroir-rose-75cl#breadcrumb"},"inLanguage":"es","potentialAction":[{"@type":"ReadAction","target":["https://www.comercialanma.es/?product=vino-vedite-du-terroir-rose-75cl"]}]},{"@type":"BreadcrumbList","@id":"https://www.comercialanma.es/?product=vino-vedite-du-terroir-rose-75cl#breadcrumb","itemListElement":[{"@type":"ListItem","position":1,"item":{"@type":"WebPage","@id":"https://www.comercialanma.es/","url":"https://www.comercialanma.es/","name":"Portada"}},{"@type":"ListItem","position":2,"item":{"@type":"WebPage","@id":"https://www.comercialanma.es/?page_id=3963","url":"https://www.comercialanma.es/?page_id=3963","name":"Cat\u00e1logo de Productos"}},{"@type":"ListItem","position":3,"item":{"@type":"WebPage","@id":"https://www.comercialanma.es/?product=vino-vedite-du-terroir-rose-75cl","url":"https://www.comercialanma.es/?product=vino-vedite-du-terroir-rose-75cl","name":"Vino V\u00e9dit\u00e9 du Terroir Rose 75cl."}}]}]}</script>
<!-- / Yoast SEO plugin. -->
