
{"id":12837,"date":"2020-01-28T08:33:42","date_gmt":"2020-01-28T07:33:42","guid":{"rendered":"http:\/\/www.comercialanma.es\/?post_type=product&#038;p=12837"},"modified":"2020-01-28T15:34:05","modified_gmt":"2020-01-28T14:34:05","slug":"cerveza-judas-33cl","status":"publish","type":"product","link":"https:\/\/www.comercialanma.es\/?product=cerveza-judas-33cl","title":{"rendered":"Cerveza Judas 33cl. (N.R)"},"content":{"rendered":"<div class=\"grid-wrapper\">\n<div class=\"grid-l-14 grid-xs-24\">\n<div class=\"product-info-list-wrap\">\n<ul>\n<li>Cerveza belga estilo strong ale.<\/li>\n<li>Se recomienda tomarla a una temperatura aproximada de entre 4\u00ba C y 6\u00ba C acompa\u00f1ando a platos contundentes, de forma que se reduzca su presencia alcoh\u00f3lica. 8,5% graduaci\u00f3n.<\/li>\n<\/ul>\n<h3>Contenido<\/h3>\n<ul>\n<li>330 mililitros<\/li>\n<\/ul>\n<h3>Nota de Cata<\/h3>\n<ul>\n<li>Color \u00e1mbar claro con reflejos dorados y corona de espuma blanca persistente.<\/li>\n<li>Aroma frutal gracias al l\u00fapulo, con notas a malta, l\u00fapulo y hierbas.<\/li>\n<li>Sabor intenso, c\u00edtrico con fondo amargo equilibrado y un toque a cereal. Final alcoh\u00f3lico y dulce.<\/li>\n<\/ul>\n<p>&nbsp;<\/p>\n<\/div>\n<div class=\"product-info-list-wrap\">\n<h3>Ingredientes<\/h3>\n<ul>\n<li>Cerveza elaborada a base de malta de cebada, trigo y mezcla de variedades de l\u00fapulo de Bohemia.<\/li>\n<\/ul>\n<h3>Amargor<\/h3>\n<ul>\n<li>25 IBUs<\/li>\n<\/ul>\n<\/div>\n<div class=\"product-info-list-wrap\">\n<h3>Porcentaje de alcohol<\/h3>\n<ul>\n<li>8.5% vol.<\/li>\n<\/ul>\n<\/div>\n<\/div>\n<\/div>\n","protected":false},"excerpt":{"rendered":"<ul>\n<li>B\u00e9lgica<\/li>\n<\/ul>\n<p>Judas es una cerveza rubia belga de estilo Strong Ale de doble fermentaci\u00f3n, elaborada mediante m\u00e9todos tradicionales con una cuidada selecci\u00f3n de ingredientes. Esta rubia fuerte es muy refrescante y posee un sabor intenso, agradable y alta graduaci\u00f3n alcoh\u00f3lica. Sus or\u00edgenes se encuentran en 1880, en la cervecer\u00eda Saint Michel de Waarloos, en B\u00e9lgica, y desde siempre se ha elaborado de forma tradicional. Desde 1986 se encargan de su elaboraci\u00f3n los maestros cerveceros belgas Alken-Maes de Waarloos, B\u00e9lgica. Actualmente pertenece al grupo cervecero Heineken. La alta calidad de este producto le ha valido una medalla de plata en la selecci\u00f3n Monde de 1989. Su etiqueta de fondo negro con letras rojas sugiere un car\u00e1cter mal\u00e9fico, quiz\u00e1s haciendo referencia a su alta graduaci\u00f3n.<\/p>\n","protected":false},"featured_media":12838,"template":"","meta":{"spay_email":""},"yoast_head":"<!-- This site is optimized with the Yoast SEO plugin v15.9 - https:\/\/yoast.com\/wordpress\/plugins\/seo\/ -->\n<title>Cerveza Judas 33cl. (N.R) - Comercial de Hosteleria Anma<\/title>\n<meta name=\"robots\" content=\"index, follow, max-snippet:-1, max-image-preview:large, max-video-preview:-1\" \/>\n<link rel=\"canonical\" href=\"https:\/\/www.comercialanma.es\/?product=cerveza-judas-33cl\" \/>\n<meta property=\"og:locale\" content=\"es_ES\" \/>\n<meta property=\"og:type\" content=\"article\" \/>\n<meta property=\"og:title\" content=\"Cerveza Judas 33cl. (N.R) - Comercial de Hosteleria Anma\" \/>\n<meta property=\"og:description\" content=\"B\u00e9lgica  Judas es una cerveza rubia belga de estilo Strong Ale de doble fermentaci\u00f3n, elaborada mediante m\u00e9todos tradicionales con una cuidada selecci\u00f3n de ingredientes. Esta rubia fuerte es muy refrescante y posee un sabor intenso, agradable y alta graduaci\u00f3n alcoh\u00f3lica. Sus or\u00edgenes se encuentran en 1880, en la cervecer\u00eda Saint Michel de Waarloos, en B\u00e9lgica, y desde siempre se ha elaborado de forma tradicional. Desde 1986 se encargan de su elaboraci\u00f3n los maestros cerveceros belgas Alken-Maes de Waarloos, B\u00e9lgica. Actualmente pertenece al grupo cervecero Heineken. La alta calidad de este producto le ha valido una medalla de plata en la selecci\u00f3n Monde de 1989. Su etiqueta de fondo negro con letras rojas sugiere un car\u00e1cter mal\u00e9fico, quiz\u00e1s haciendo referencia a su alta graduaci\u00f3n.\" \/>\n<meta property=\"og:url\" content=\"https:\/\/www.comercialanma.es\/?product=cerveza-judas-33cl\" \/>\n<meta property=\"og:site_name\" content=\"Comercial de Hosteleria Anma\" \/>\n<meta property=\"article:publisher\" content=\"https:\/\/www.facebook.com\/AnmaHosteleria\" \/>\n<meta property=\"article:modified_time\" content=\"2020-01-28T14:34:05+00:00\" \/>\n<meta property=\"og:image\" content=\"https:\/\/i0.wp.com\/www.comercialanma.es\/wp-content\/uploads\/2020\/01\/Cerveza-Judas.jpg?fit=1080%2C1080&#038;ssl=1\" \/>\n\t<meta property=\"og:image:width\" content=\"1080\" \/>\n\t<meta property=\"og:image:height\" content=\"1080\" \/>\n<meta name=\"twitter:card\" content=\"summary_large_image\" \/>\n<meta name=\"twitter:label1\" content=\"Tiempo de lectura\">\n\t<meta name=\"twitter:data1\" content=\"1 minuto\">\n<script type=\"application\/ld+json\" class=\"yoast-schema-graph\">{\"@context\":\"https:\/\/schema.org\",\"@graph\":[{\"@type\":\"Organization\",\"@id\":\"https:\/\/www.comercialanma.es\/#organization\",\"name\":\"Comercial Anma\",\"url\":\"https:\/\/www.comercialanma.es\/\",\"sameAs\":[\"https:\/\/www.facebook.com\/AnmaHosteleria\",\"https:\/\/www.instagram.com\/anmahosteleria\/?hl=es\",\"https:\/\/www.youtube.com\/channel\/UCT2nmn08Ntks0hmpZPnDgCA\"],\"logo\":{\"@type\":\"ImageObject\",\"@id\":\"https:\/\/www.comercialanma.es\/#logo\",\"inLanguage\":\"es\",\"url\":\"https:\/\/i2.wp.com\/www.comercialanma.es\/wp-content\/uploads\/2019\/06\/logo-anma-color.png?fit=247%2C101&ssl=1\",\"width\":247,\"height\":101,\"caption\":\"Comercial Anma\"},\"image\":{\"@id\":\"https:\/\/www.comercialanma.es\/#logo\"}},{\"@type\":\"WebSite\",\"@id\":\"https:\/\/www.comercialanma.es\/#website\",\"url\":\"https:\/\/www.comercialanma.es\/\",\"name\":\"Comercial de Hosteleria Anma\",\"description\":\"\",\"publisher\":{\"@id\":\"https:\/\/www.comercialanma.es\/#organization\"},\"potentialAction\":[{\"@type\":\"SearchAction\",\"target\":\"https:\/\/www.comercialanma.es\/?s={search_term_string}\",\"query-input\":\"required name=search_term_string\"}],\"inLanguage\":\"es\"},{\"@type\":\"ImageObject\",\"@id\":\"https:\/\/www.comercialanma.es\/?product=cerveza-judas-33cl#primaryimage\",\"inLanguage\":\"es\",\"url\":\"https:\/\/i0.wp.com\/www.comercialanma.es\/wp-content\/uploads\/2020\/01\/Cerveza-Judas.jpg?fit=1080%2C1080&ssl=1\",\"width\":1080,\"height\":1080},{\"@type\":\"WebPage\",\"@id\":\"https:\/\/www.comercialanma.es\/?product=cerveza-judas-33cl#webpage\",\"url\":\"https:\/\/www.comercialanma.es\/?product=cerveza-judas-33cl\",\"name\":\"Cerveza Judas 33cl. (N.R) - Comercial de Hosteleria Anma\",\"isPartOf\":{\"@id\":\"https:\/\/www.comercialanma.es\/#website\"},\"primaryImageOfPage\":{\"@id\":\"https:\/\/www.comercialanma.es\/?product=cerveza-judas-33cl#primaryimage\"},\"datePublished\":\"2020-01-28T07:33:42+00:00\",\"dateModified\":\"2020-01-28T14:34:05+00:00\",\"breadcrumb\":{\"@id\":\"https:\/\/www.comercialanma.es\/?product=cerveza-judas-33cl#breadcrumb\"},\"inLanguage\":\"es\",\"potentialAction\":[{\"@type\":\"ReadAction\",\"target\":[\"https:\/\/www.comercialanma.es\/?product=cerveza-judas-33cl\"]}]},{\"@type\":\"BreadcrumbList\",\"@id\":\"https:\/\/www.comercialanma.es\/?product=cerveza-judas-33cl#breadcrumb\",\"itemListElement\":[{\"@type\":\"ListItem\",\"position\":1,\"item\":{\"@type\":\"WebPage\",\"@id\":\"https:\/\/www.comercialanma.es\/\",\"url\":\"https:\/\/www.comercialanma.es\/\",\"name\":\"Portada\"}},{\"@type\":\"ListItem\",\"position\":2,\"item\":{\"@type\":\"WebPage\",\"@id\":\"https:\/\/www.comercialanma.es\/?page_id=3963\",\"url\":\"https:\/\/www.comercialanma.es\/?page_id=3963\",\"name\":\"Cat\\u00e1logo de Productos\"}},{\"@type\":\"ListItem\",\"position\":3,\"item\":{\"@type\":\"WebPage\",\"@id\":\"https:\/\/www.comercialanma.es\/?product=cerveza-judas-33cl\",\"url\":\"https:\/\/www.comercialanma.es\/?product=cerveza-judas-33cl\",\"name\":\"Cerveza Judas 33cl. (N.R)\"}}]}]}<\/script>\n<!-- \/ Yoast SEO plugin. -->","_links":{"self":[{"href":"https:\/\/www.comercialanma.es\/index.php?rest_route=\/wp\/v2\/product\/12837"}],"collection":[{"href":"https:\/\/www.comercialanma.es\/index.php?rest_route=\/wp\/v2\/product"}],"about":[{"href":"https:\/\/www.comercialanma.es\/index.php?rest_route=\/wp\/v2\/types\/product"}],"version-history":[{"count":4,"href":"https:\/\/www.comercialanma.es\/index.php?rest_route=\/wp\/v2\/product\/12837\/revisions"}],"predecessor-version":[{"id":12899,"href":"https:\/\/www.comercialanma.es\/index.php?rest_route=\/wp\/v2\/product\/12837\/revisions\/12899"}],"wp:featuredmedia":[{"embeddable":true,"href":"https:\/\/www.comercialanma.es\/index.php?rest_route=\/wp\/v2\/media\/12838"}],"wp:attachment":[{"href":"https:\/\/www.comercialanma.es\/index.php?rest_route=%2Fwp%2Fv2%2Fmedia&parent=12837"}],"curies":[{"name":"wp","href":"https:\/\/api.w.org\/{rel}","templated":true}]}}