
{"id":12931,"date":"2020-01-31T11:47:59","date_gmt":"2020-01-31T10:47:59","guid":{"rendered":"http:\/\/www.comercialanma.es\/?post_type=product&#038;p=12931"},"modified":"2020-01-31T12:14:41","modified_gmt":"2020-01-31T11:14:41","slug":"cerveza-affligem-blond-30cl","status":"publish","type":"product","link":"https:\/\/www.comercialanma.es\/?product=cerveza-affligem-blond-30cl","title":{"rendered":"Cerveza Affligem Blond 30cl. (N.R)"},"content":{"rendered":"<div class=\"grid-wrapper\">\n<div class=\"grid-l-14 grid-xs-24\">\n<div class=\"product-info-list-wrap\">\n<p>Cerveza de alta fermentaci\u00f3n con una doble fermentaci\u00f3n en botella que confiere su sabor \u00fanico y caracter\u00edstico de la cerveza de abad\u00eda. Affligem Blond es de color rubio dorado y muy equilibrada entre su aroma frutal intenso y su dulce de malta.<\/p>\n<h3>Contenido<\/h3>\n<ul>\n<li>300 mililitros<\/li>\n<\/ul>\n<h3>Nota de Cata<\/h3>\n<ul>\n<li>Su aroma fresco de tomate seco y pl\u00e1tano acompa\u00f1an un sabor picante del carb\u00f3nico, bien balanceado con el dulce de malta y su amargor intenso.<\/li>\n<li>El resultado despu\u00e9s del paso en boca es de una cerveza seca, con cuerpo ligero a medio, y un final alcoh\u00f3lico amargo que persiste.<\/li>\n<\/ul>\n<p>&nbsp;<\/p>\n<\/div>\n<div class=\"product-info-list-wrap\">\n<h3>Ingredientes<\/h3>\n<ul>\n<li>Agua, malta de cebada, jarabe de fructosa, l\u00fapulo. este producto se elabora con malta de cebada. contiene gluten.<\/li>\n<\/ul>\n<h3>Amargor<\/h3>\n<ul>\n<li>24 IBUs<\/li>\n<\/ul>\n<\/div>\n<div class=\"product-info-list-wrap\">\n<h3>Porcentaje de alcohol<\/h3>\n<ul>\n<li>6.8% vol.<\/li>\n<\/ul>\n<\/div>\n<\/div>\n<\/div>\n","protected":false},"excerpt":{"rendered":"<ul>\n<li>B\u00e9lgica<\/li>\n<\/ul>\n<p>Es una cerveza Ale de estilo Abad\u00eda, con un color rubio dorado, muy vivaz, con desprendimiento continuo de gas, debido a su fermentaci\u00f3n en botella, que mantiene durante largo tiempo su espuma blanca consistente.<\/p>\n","protected":false},"featured_media":12932,"template":"","meta":{"spay_email":""},"yoast_head":"<!-- This site is optimized with the Yoast SEO plugin v15.9 - https:\/\/yoast.com\/wordpress\/plugins\/seo\/ -->\n<title>Cerveza Affligem Blond 30cl. (N.R) - Comercial de Hosteleria Anma<\/title>\n<meta name=\"robots\" content=\"index, follow, max-snippet:-1, max-image-preview:large, max-video-preview:-1\" \/>\n<link rel=\"canonical\" href=\"https:\/\/www.comercialanma.es\/?product=cerveza-affligem-blond-30cl\" \/>\n<meta property=\"og:locale\" content=\"es_ES\" \/>\n<meta property=\"og:type\" content=\"article\" \/>\n<meta property=\"og:title\" content=\"Cerveza Affligem Blond 30cl. (N.R) - Comercial de Hosteleria Anma\" \/>\n<meta property=\"og:description\" content=\"B\u00e9lgica  Es una cerveza Ale de estilo Abad\u00eda, con un color rubio dorado, muy vivaz, con desprendimiento continuo de gas, debido a su fermentaci\u00f3n en botella, que mantiene durante largo tiempo su espuma blanca consistente.\" \/>\n<meta property=\"og:url\" content=\"https:\/\/www.comercialanma.es\/?product=cerveza-affligem-blond-30cl\" \/>\n<meta property=\"og:site_name\" content=\"Comercial de Hosteleria Anma\" \/>\n<meta property=\"article:publisher\" content=\"https:\/\/www.facebook.com\/AnmaHosteleria\" \/>\n<meta property=\"article:modified_time\" content=\"2020-01-31T11:14:41+00:00\" \/>\n<meta property=\"og:image\" content=\"https:\/\/i1.wp.com\/www.comercialanma.es\/wp-content\/uploads\/2020\/01\/Affligem-Blonde.jpg?fit=1080%2C1080&#038;ssl=1\" \/>\n\t<meta property=\"og:image:width\" content=\"1080\" \/>\n\t<meta property=\"og:image:height\" content=\"1080\" \/>\n<meta name=\"twitter:card\" content=\"summary_large_image\" \/>\n<meta name=\"twitter:label1\" content=\"Tiempo de lectura\">\n\t<meta name=\"twitter:data1\" content=\"1 minuto\">\n<script type=\"application\/ld+json\" class=\"yoast-schema-graph\">{\"@context\":\"https:\/\/schema.org\",\"@graph\":[{\"@type\":\"Organization\",\"@id\":\"https:\/\/www.comercialanma.es\/#organization\",\"name\":\"Comercial Anma\",\"url\":\"https:\/\/www.comercialanma.es\/\",\"sameAs\":[\"https:\/\/www.facebook.com\/AnmaHosteleria\",\"https:\/\/www.instagram.com\/anmahosteleria\/?hl=es\",\"https:\/\/www.youtube.com\/channel\/UCT2nmn08Ntks0hmpZPnDgCA\"],\"logo\":{\"@type\":\"ImageObject\",\"@id\":\"https:\/\/www.comercialanma.es\/#logo\",\"inLanguage\":\"es\",\"url\":\"https:\/\/i2.wp.com\/www.comercialanma.es\/wp-content\/uploads\/2019\/06\/logo-anma-color.png?fit=247%2C101&ssl=1\",\"width\":247,\"height\":101,\"caption\":\"Comercial Anma\"},\"image\":{\"@id\":\"https:\/\/www.comercialanma.es\/#logo\"}},{\"@type\":\"WebSite\",\"@id\":\"https:\/\/www.comercialanma.es\/#website\",\"url\":\"https:\/\/www.comercialanma.es\/\",\"name\":\"Comercial de Hosteleria Anma\",\"description\":\"\",\"publisher\":{\"@id\":\"https:\/\/www.comercialanma.es\/#organization\"},\"potentialAction\":[{\"@type\":\"SearchAction\",\"target\":\"https:\/\/www.comercialanma.es\/?s={search_term_string}\",\"query-input\":\"required name=search_term_string\"}],\"inLanguage\":\"es\"},{\"@type\":\"ImageObject\",\"@id\":\"https:\/\/www.comercialanma.es\/?product=cerveza-affligem-blond-30cl#primaryimage\",\"inLanguage\":\"es\",\"url\":\"https:\/\/i1.wp.com\/www.comercialanma.es\/wp-content\/uploads\/2020\/01\/Affligem-Blonde.jpg?fit=1080%2C1080&ssl=1\",\"width\":1080,\"height\":1080},{\"@type\":\"WebPage\",\"@id\":\"https:\/\/www.comercialanma.es\/?product=cerveza-affligem-blond-30cl#webpage\",\"url\":\"https:\/\/www.comercialanma.es\/?product=cerveza-affligem-blond-30cl\",\"name\":\"Cerveza Affligem Blond 30cl. (N.R) - Comercial de Hosteleria Anma\",\"isPartOf\":{\"@id\":\"https:\/\/www.comercialanma.es\/#website\"},\"primaryImageOfPage\":{\"@id\":\"https:\/\/www.comercialanma.es\/?product=cerveza-affligem-blond-30cl#primaryimage\"},\"datePublished\":\"2020-01-31T10:47:59+00:00\",\"dateModified\":\"2020-01-31T11:14:41+00:00\",\"breadcrumb\":{\"@id\":\"https:\/\/www.comercialanma.es\/?product=cerveza-affligem-blond-30cl#breadcrumb\"},\"inLanguage\":\"es\",\"potentialAction\":[{\"@type\":\"ReadAction\",\"target\":[\"https:\/\/www.comercialanma.es\/?product=cerveza-affligem-blond-30cl\"]}]},{\"@type\":\"BreadcrumbList\",\"@id\":\"https:\/\/www.comercialanma.es\/?product=cerveza-affligem-blond-30cl#breadcrumb\",\"itemListElement\":[{\"@type\":\"ListItem\",\"position\":1,\"item\":{\"@type\":\"WebPage\",\"@id\":\"https:\/\/www.comercialanma.es\/\",\"url\":\"https:\/\/www.comercialanma.es\/\",\"name\":\"Portada\"}},{\"@type\":\"ListItem\",\"position\":2,\"item\":{\"@type\":\"WebPage\",\"@id\":\"https:\/\/www.comercialanma.es\/?page_id=3963\",\"url\":\"https:\/\/www.comercialanma.es\/?page_id=3963\",\"name\":\"Cat\\u00e1logo de Productos\"}},{\"@type\":\"ListItem\",\"position\":3,\"item\":{\"@type\":\"WebPage\",\"@id\":\"https:\/\/www.comercialanma.es\/?product=cerveza-affligem-blond-30cl\",\"url\":\"https:\/\/www.comercialanma.es\/?product=cerveza-affligem-blond-30cl\",\"name\":\"Cerveza Affligem Blond 30cl. (N.R)\"}}]}]}<\/script>\n<!-- \/ Yoast SEO plugin. -->","_links":{"self":[{"href":"https:\/\/www.comercialanma.es\/index.php?rest_route=\/wp\/v2\/product\/12931"}],"collection":[{"href":"https:\/\/www.comercialanma.es\/index.php?rest_route=\/wp\/v2\/product"}],"about":[{"href":"https:\/\/www.comercialanma.es\/index.php?rest_route=\/wp\/v2\/types\/product"}],"version-history":[{"count":2,"href":"https:\/\/www.comercialanma.es\/index.php?rest_route=\/wp\/v2\/product\/12931\/revisions"}],"predecessor-version":[{"id":12938,"href":"https:\/\/www.comercialanma.es\/index.php?rest_route=\/wp\/v2\/product\/12931\/revisions\/12938"}],"wp:featuredmedia":[{"embeddable":true,"href":"https:\/\/www.comercialanma.es\/index.php?rest_route=\/wp\/v2\/media\/12932"}],"wp:attachment":[{"href":"https:\/\/www.comercialanma.es\/index.php?rest_route=%2Fwp%2Fv2%2Fmedia&parent=12931"}],"curies":[{"name":"wp","href":"https:\/\/api.w.org\/{rel}","templated":true}]}}

<div class="grid-wrapper">
<div class="grid-l-14 grid-xs-24">
<div class="product-info-list-wrap">
<p>Cerveza de alta fermentación con una doble fermentación en botella que confiere su sabor único y característico de la cerveza de abadía. Affligem Blond es de color rubio dorado y muy equilibrada entre su aroma frutal intenso y su dulce de malta.</p>
<h3>Contenido</h3>
<ul>
<li>300 mililitros</li>
</ul>
<h3>Nota de Cata</h3>
<ul>
<li>Su aroma fresco de tomate seco y plátano acompañan un sabor picante del carbónico, bien balanceado con el dulce de malta y su amargor intenso.</li>
<li>El resultado después del paso en boca es de una cerveza seca, con cuerpo ligero a medio, y un final alcohólico amargo que persiste.</li>
</ul>
<p>&nbsp;</p>
</div>
<div class="product-info-list-wrap">
<h3>Ingredientes</h3>
<ul>
<li>Agua, malta de cebada, jarabe de fructosa, lúpulo. este producto se elabora con malta de cebada. contiene gluten.</li>
</ul>
<h3>Amargor</h3>
<ul>
<li>24 IBUs</li>
</ul>
</div>
<div class="product-info-list-wrap">
<h3>Porcentaje de alcohol</h3>
<ul>
<li>6.8% vol.</li>
</ul>
</div>
</div>
</div>

<ul>
<li>Bélgica</li>
</ul>
<p>Es una cerveza Ale de estilo Abadía, con un color rubio dorado, muy vivaz, con desprendimiento continuo de gas, debido a su fermentación en botella, que mantiene durante largo tiempo su espuma blanca consistente.</p>

<!-- This site is optimized with the Yoast SEO plugin v15.9 - https://yoast.com/wordpress/plugins/seo/ -->
<title>Cerveza Affligem Blond 30cl. (N.R) - Comercial de Hosteleria Anma</title>
<meta name="robots" content="index, follow, max-snippet:-1, max-image-preview:large, max-video-preview:-1" />
<link rel="canonical" href="https://www.comercialanma.es/?product=cerveza-affligem-blond-30cl" />
<meta property="og:locale" content="es_ES" />
<meta property="og:type" content="article" />
<meta property="og:title" content="Cerveza Affligem Blond 30cl. (N.R) - Comercial de Hosteleria Anma" />
<meta property="og:description" content="Bélgica  Es una cerveza Ale de estilo Abadía, con un color rubio dorado, muy vivaz, con desprendimiento continuo de gas, debido a su fermentación en botella, que mantiene durante largo tiempo su espuma blanca consistente." />
<meta property="og:url" content="https://www.comercialanma.es/?product=cerveza-affligem-blond-30cl" />
<meta property="og:site_name" content="Comercial de Hosteleria Anma" />
<meta property="article:publisher" content="https://www.facebook.com/AnmaHosteleria" />
<meta property="article:modified_time" content="2020-01-31T11:14:41+00:00" />
<meta property="og:image" content="https://i1.wp.com/www.comercialanma.es/wp-content/uploads/2020/01/Affligem-Blonde.jpg?fit=1080%2C1080&#038;ssl=1" />
	<meta property="og:image:width" content="1080" />
	<meta property="og:image:height" content="1080" />
<meta name="twitter:card" content="summary_large_image" />
<meta name="twitter:label1" content="Tiempo de lectura">
	<meta name="twitter:data1" content="1 minuto">
<script type="application/ld+json" class="yoast-schema-graph">{"@context":"https://schema.org","@graph":[{"@type":"Organization","@id":"https://www.comercialanma.es/#organization","name":"Comercial Anma","url":"https://www.comercialanma.es/","sameAs":["https://www.facebook.com/AnmaHosteleria","https://www.instagram.com/anmahosteleria/?hl=es","https://www.youtube.com/channel/UCT2nmn08Ntks0hmpZPnDgCA"],"logo":{"@type":"ImageObject","@id":"https://www.comercialanma.es/#logo","inLanguage":"es","url":"https://i2.wp.com/www.comercialanma.es/wp-content/uploads/2019/06/logo-anma-color.png?fit=247%2C101&ssl=1","width":247,"height":101,"caption":"Comercial Anma"},"image":{"@id":"https://www.comercialanma.es/#logo"}},{"@type":"WebSite","@id":"https://www.comercialanma.es/#website","url":"https://www.comercialanma.es/","name":"Comercial de Hosteleria Anma","description":"","publisher":{"@id":"https://www.comercialanma.es/#organization"},"potentialAction":[{"@type":"SearchAction","target":"https://www.comercialanma.es/?s={search_term_string}","query-input":"required name=search_term_string"}],"inLanguage":"es"},{"@type":"ImageObject","@id":"https://www.comercialanma.es/?product=cerveza-affligem-blond-30cl#primaryimage","inLanguage":"es","url":"https://i1.wp.com/www.comercialanma.es/wp-content/uploads/2020/01/Affligem-Blonde.jpg?fit=1080%2C1080&ssl=1","width":1080,"height":1080},{"@type":"WebPage","@id":"https://www.comercialanma.es/?product=cerveza-affligem-blond-30cl#webpage","url":"https://www.comercialanma.es/?product=cerveza-affligem-blond-30cl","name":"Cerveza Affligem Blond 30cl. (N.R) - Comercial de Hosteleria Anma","isPartOf":{"@id":"https://www.comercialanma.es/#website"},"primaryImageOfPage":{"@id":"https://www.comercialanma.es/?product=cerveza-affligem-blond-30cl#primaryimage"},"datePublished":"2020-01-31T10:47:59+00:00","dateModified":"2020-01-31T11:14:41+00:00","breadcrumb":{"@id":"https://www.comercialanma.es/?product=cerveza-affligem-blond-30cl#breadcrumb"},"inLanguage":"es","potentialAction":[{"@type":"ReadAction","target":["https://www.comercialanma.es/?product=cerveza-affligem-blond-30cl"]}]},{"@type":"BreadcrumbList","@id":"https://www.comercialanma.es/?product=cerveza-affligem-blond-30cl#breadcrumb","itemListElement":[{"@type":"ListItem","position":1,"item":{"@type":"WebPage","@id":"https://www.comercialanma.es/","url":"https://www.comercialanma.es/","name":"Portada"}},{"@type":"ListItem","position":2,"item":{"@type":"WebPage","@id":"https://www.comercialanma.es/?page_id=3963","url":"https://www.comercialanma.es/?page_id=3963","name":"Cat\u00e1logo de Productos"}},{"@type":"ListItem","position":3,"item":{"@type":"WebPage","@id":"https://www.comercialanma.es/?product=cerveza-affligem-blond-30cl","url":"https://www.comercialanma.es/?product=cerveza-affligem-blond-30cl","name":"Cerveza Affligem Blond 30cl. (N.R)"}}]}]}</script>
<!-- / Yoast SEO plugin. -->
