
{"id":13379,"date":"2020-03-06T11:57:53","date_gmt":"2020-03-06T10:57:53","guid":{"rendered":"http:\/\/www.comercialanma.es\/?post_type=product&#038;p=13379"},"modified":"2020-03-06T12:01:31","modified_gmt":"2020-03-06T11:01:31","slug":"agua-les-creus-diamant-r-t-1l","status":"publish","type":"product","link":"https:\/\/www.comercialanma.es\/?product=agua-les-creus-diamant-r-t-1l","title":{"rendered":"Agua Les Creus Diamant (R.T) 1L."},"content":{"rendered":"<p>Familia: <strong>Agua Mineral Natural<\/strong><br \/>\nMineralizaci\u00f3n: <strong>D\u00e9bil<\/strong><br \/>\nEstilo: <strong>Hipos\u00f3dica<\/strong><br \/>\nCon gas: <strong> No<\/strong><br \/>\nManantial:<br \/>\nProcedencia: <strong>Ma\u00e7anet de Cabrenys, Gerona (Espa\u00f1a)<\/strong><\/p>\n<h3>Composici\u00f3n Qu\u00edmica (mg\/l):<\/h3>\n<ul>\n<li><span id=\"petita3\">Residuo seco: <strong>160<\/strong><\/span><\/li>\n<li><span id=\"petita3\">Bicarbonatos: <strong>119<\/strong><\/span><\/li>\n<li><span id=\"petita3\">Sulfatos: <strong>12,3<\/strong><\/span><\/li>\n<li><span id=\"petita3\">Cloruros: <strong>5,3<\/strong><\/span><\/li>\n<li><span id=\"petita3\">Calcio: <strong>28<\/strong><\/span><\/li>\n<li><span id=\"petita3\">Magnesio: <strong>7,3<\/strong><\/span><\/li>\n<li><span id=\"petita3\">Sodio: <strong>11,7<\/strong><\/span><\/li>\n<li><span id=\"petita3\">Potasio: <strong>1<\/strong><\/span><\/li>\n<li><span id=\"petita3\">S\u00edlice: <strong>23,6<\/strong><\/span><\/li>\n<li><span id=\"petita3\">Fluoruros: <strong>0,2<\/strong><\/span><\/li>\n<li><span id=\"petita3\">Litio: <strong>0,01<\/strong><\/span><\/li>\n<li><span id=\"petita3\">Hierro: <strong>&lt;0,03<\/strong><\/span><\/li>\n<li><span id=\"petita3\">pH: <\/span><strong>7<\/strong><span id=\"petita3\"><\/span><\/li>\n<\/ul>\n<p>&nbsp;<\/p>\n","protected":false},"excerpt":{"rendered":"<div class=\"col span_12 left\">\n<div class=\"vc_col-sm-12 wpb_column column_container vc_column_container col has-animation no-extra-padding instance-2 animated-in\" data-bg-cover=\"\" data-padding-pos=\"all\" data-has-bg-color=\"false\" data-bg-color=\"\" data-bg-opacity=\"1\" data-hover-bg=\"\" data-hover-bg-opacity=\"1\" data-animation=\"fade-in-from-bottom\" data-delay=\"300\">\n<div class=\"vc_column-inner\">\n<div class=\"wpb_wrapper\">\n<div class=\"wpb_text_column wpb_content_element \">\n<div class=\"wpb_wrapper\">\n<p><span class=\"et-dropcap\">L<\/span>es Creus Diamant se presenta en uno de los envases m\u00e1s cuidados y exclusivos del mercado, que refleja y dispersa en el ambiente su luz azul natural, evocando la transparencia del agua de uno de los manantiales m\u00e1s preciados del mundo. Una botella elegante, perfecta para vestir las mejores mesas.<\/p>\n<p>Y es que los detalles de un diamante son los que conforman su perfecci\u00f3n. Y as\u00ed es como ha sido concebida Les Creus Diamant, un agua que acaricia todos y cada uno de los detalles.<\/p>\n<p>Con el dise\u00f1o en forma de diamante de su etiquetaje, se ha alcanzado la m\u00e1xima efusividad visual y transmitimos la excelencia que caracteriza esta agua excepcional.<\/p>\n<\/div>\n<\/div>\n<\/div>\n<\/div>\n<\/div>\n<\/div>\n","protected":false},"featured_media":13380,"template":"","meta":{"spay_email":""},"yoast_head":"<!-- This site is optimized with the Yoast SEO plugin v15.9 - https:\/\/yoast.com\/wordpress\/plugins\/seo\/ -->\n<title>Agua Les Creus Diamant (R.T) 1L. - Comercial de Hosteleria Anma<\/title>\n<meta name=\"robots\" content=\"index, follow, max-snippet:-1, max-image-preview:large, max-video-preview:-1\" \/>\n<link rel=\"canonical\" href=\"https:\/\/www.comercialanma.es\/?product=agua-les-creus-diamant-r-t-1l\" \/>\n<meta property=\"og:locale\" content=\"es_ES\" \/>\n<meta property=\"og:type\" content=\"article\" \/>\n<meta property=\"og:title\" content=\"Agua Les Creus Diamant (R.T) 1L. - Comercial de Hosteleria Anma\" \/>\n<meta property=\"og:description\" content=\"Les Creus Diamant se presenta en uno de los envases m\u00e1s cuidados y exclusivos del mercado, que refleja y dispersa en el ambiente su luz azul natural, evocando la transparencia del agua de uno de los manantiales m\u00e1s preciados del mundo. Una botella elegante, perfecta para vestir las mejores mesas.  Y es que los detalles de un diamante son los que conforman su perfecci\u00f3n. Y as\u00ed es como ha sido concebida Les Creus Diamant, un agua que acaricia todos y cada uno de los detalles.  Con el dise\u00f1o en forma de diamante de su etiquetaje, se ha alcanzado la m\u00e1xima efusividad visual y transmitimos la excelencia que caracteriza esta agua excepcional.\" \/>\n<meta property=\"og:url\" content=\"https:\/\/www.comercialanma.es\/?product=agua-les-creus-diamant-r-t-1l\" \/>\n<meta property=\"og:site_name\" content=\"Comercial de Hosteleria Anma\" \/>\n<meta property=\"article:publisher\" content=\"https:\/\/www.facebook.com\/AnmaHosteleria\" \/>\n<meta property=\"article:modified_time\" content=\"2020-03-06T11:01:31+00:00\" \/>\n<meta property=\"og:image\" content=\"https:\/\/i2.wp.com\/www.comercialanma.es\/wp-content\/uploads\/2020\/03\/Les-Creus-ret-Diamante-1l.jpg?fit=1080%2C1080&#038;ssl=1\" \/>\n\t<meta property=\"og:image:width\" content=\"1080\" \/>\n\t<meta property=\"og:image:height\" content=\"1080\" \/>\n<meta name=\"twitter:card\" content=\"summary_large_image\" \/>\n<script type=\"application\/ld+json\" class=\"yoast-schema-graph\">{\"@context\":\"https:\/\/schema.org\",\"@graph\":[{\"@type\":\"Organization\",\"@id\":\"https:\/\/www.comercialanma.es\/#organization\",\"name\":\"Comercial Anma\",\"url\":\"https:\/\/www.comercialanma.es\/\",\"sameAs\":[\"https:\/\/www.facebook.com\/AnmaHosteleria\",\"https:\/\/www.instagram.com\/anmahosteleria\/?hl=es\",\"https:\/\/www.youtube.com\/channel\/UCT2nmn08Ntks0hmpZPnDgCA\"],\"logo\":{\"@type\":\"ImageObject\",\"@id\":\"https:\/\/www.comercialanma.es\/#logo\",\"inLanguage\":\"es\",\"url\":\"https:\/\/i2.wp.com\/www.comercialanma.es\/wp-content\/uploads\/2019\/06\/logo-anma-color.png?fit=247%2C101&ssl=1\",\"width\":247,\"height\":101,\"caption\":\"Comercial Anma\"},\"image\":{\"@id\":\"https:\/\/www.comercialanma.es\/#logo\"}},{\"@type\":\"WebSite\",\"@id\":\"https:\/\/www.comercialanma.es\/#website\",\"url\":\"https:\/\/www.comercialanma.es\/\",\"name\":\"Comercial de Hosteleria Anma\",\"description\":\"\",\"publisher\":{\"@id\":\"https:\/\/www.comercialanma.es\/#organization\"},\"potentialAction\":[{\"@type\":\"SearchAction\",\"target\":\"https:\/\/www.comercialanma.es\/?s={search_term_string}\",\"query-input\":\"required name=search_term_string\"}],\"inLanguage\":\"es\"},{\"@type\":\"ImageObject\",\"@id\":\"https:\/\/www.comercialanma.es\/?product=agua-les-creus-diamant-r-t-1l#primaryimage\",\"inLanguage\":\"es\",\"url\":\"https:\/\/i2.wp.com\/www.comercialanma.es\/wp-content\/uploads\/2020\/03\/Les-Creus-ret-Diamante-1l.jpg?fit=1080%2C1080&ssl=1\",\"width\":1080,\"height\":1080},{\"@type\":\"WebPage\",\"@id\":\"https:\/\/www.comercialanma.es\/?product=agua-les-creus-diamant-r-t-1l#webpage\",\"url\":\"https:\/\/www.comercialanma.es\/?product=agua-les-creus-diamant-r-t-1l\",\"name\":\"Agua Les Creus Diamant (R.T) 1L. - Comercial de Hosteleria Anma\",\"isPartOf\":{\"@id\":\"https:\/\/www.comercialanma.es\/#website\"},\"primaryImageOfPage\":{\"@id\":\"https:\/\/www.comercialanma.es\/?product=agua-les-creus-diamant-r-t-1l#primaryimage\"},\"datePublished\":\"2020-03-06T10:57:53+00:00\",\"dateModified\":\"2020-03-06T11:01:31+00:00\",\"breadcrumb\":{\"@id\":\"https:\/\/www.comercialanma.es\/?product=agua-les-creus-diamant-r-t-1l#breadcrumb\"},\"inLanguage\":\"es\",\"potentialAction\":[{\"@type\":\"ReadAction\",\"target\":[\"https:\/\/www.comercialanma.es\/?product=agua-les-creus-diamant-r-t-1l\"]}]},{\"@type\":\"BreadcrumbList\",\"@id\":\"https:\/\/www.comercialanma.es\/?product=agua-les-creus-diamant-r-t-1l#breadcrumb\",\"itemListElement\":[{\"@type\":\"ListItem\",\"position\":1,\"item\":{\"@type\":\"WebPage\",\"@id\":\"https:\/\/www.comercialanma.es\/\",\"url\":\"https:\/\/www.comercialanma.es\/\",\"name\":\"Portada\"}},{\"@type\":\"ListItem\",\"position\":2,\"item\":{\"@type\":\"WebPage\",\"@id\":\"https:\/\/www.comercialanma.es\/?page_id=3963\",\"url\":\"https:\/\/www.comercialanma.es\/?page_id=3963\",\"name\":\"Cat\\u00e1logo de Productos\"}},{\"@type\":\"ListItem\",\"position\":3,\"item\":{\"@type\":\"WebPage\",\"@id\":\"https:\/\/www.comercialanma.es\/?product=agua-les-creus-diamant-r-t-1l\",\"url\":\"https:\/\/www.comercialanma.es\/?product=agua-les-creus-diamant-r-t-1l\",\"name\":\"Agua Les Creus Diamant (R.T) 1L.\"}}]}]}<\/script>\n<!-- \/ Yoast SEO plugin. -->","_links":{"self":[{"href":"https:\/\/www.comercialanma.es\/index.php?rest_route=\/wp\/v2\/product\/13379"}],"collection":[{"href":"https:\/\/www.comercialanma.es\/index.php?rest_route=\/wp\/v2\/product"}],"about":[{"href":"https:\/\/www.comercialanma.es\/index.php?rest_route=\/wp\/v2\/types\/product"}],"version-history":[{"count":1,"href":"https:\/\/www.comercialanma.es\/index.php?rest_route=\/wp\/v2\/product\/13379\/revisions"}],"predecessor-version":[{"id":13381,"href":"https:\/\/www.comercialanma.es\/index.php?rest_route=\/wp\/v2\/product\/13379\/revisions\/13381"}],"wp:featuredmedia":[{"embeddable":true,"href":"https:\/\/www.comercialanma.es\/index.php?rest_route=\/wp\/v2\/media\/13380"}],"wp:attachment":[{"href":"https:\/\/www.comercialanma.es\/index.php?rest_route=%2Fwp%2Fv2%2Fmedia&parent=13379"}],"curies":[{"name":"wp","href":"https:\/\/api.w.org\/{rel}","templated":true}]}}