
{"id":13429,"date":"2020-03-09T10:26:15","date_gmt":"2020-03-09T09:26:15","guid":{"rendered":"http:\/\/www.comercialanma.es\/?post_type=product&#038;p=13429"},"modified":"2020-03-09T10:33:15","modified_gmt":"2020-03-09T09:33:15","slug":"vermout-carpano-classico-1l","status":"publish","type":"product","link":"https:\/\/www.comercialanma.es\/?product=vermout-carpano-classico-1l","title":{"rendered":"Vermout Carpano Classico 1L."},"content":{"rendered":"<p>El Carpano Classico 1L tiene todo el delicioso sabor del t\u00edpico Vermut de Torino. imprescindible en la colecci\u00f3n de cualquier amante de los aperitivos, es una bebida excelente tanto para tomar sola o con hielo , como tambi\u00e9n un perfecto ingrediente en bebidas largas y cocktails . Adem\u00e1s, re\u00fane toda la tradici\u00f3n de la regi\u00f3n del Piamonte.<\/p>\n<h3>Pa\u00eds:<\/h3>\n<ul>\n<li>Italia<\/li>\n<\/ul>\n<h3>Nota de Cata<\/h3>\n<ul>\n<li>Toques picantes y c\u00edtricos se unen en una armoniosa mezcla de sabores<\/li>\n<li>Complementando las notas de ajenjo, para darle a este vermut cl\u00e1sico un sabor \u00fanico equilibrado y suave.<\/li>\n<\/ul>\n<h3>Graduaci\u00f3n:<\/h3>\n<ul>\n<li>16\u00ba vol.<\/li>\n<\/ul>\n","protected":false},"excerpt":{"rendered":"<div id=\"info_valoracion\">\n<div id=\"short_description_block\">\n<div id=\"short_description_content\">\n<p>En 1786, Antonio Benedetto Carpano invent\u00f3 el primer vermut. Durante m\u00e1s de dos siglos, Carpano ha sido elegido por los amantes de este tipo de bebidas y por los profesionales m\u00e1s exigentes.<\/p>\n<\/div>\n<\/div>\n<div class=\"available-box\"><\/div>\n<\/div>\n<p>&nbsp;<\/p>\n","protected":false},"featured_media":13430,"template":"","meta":{"spay_email":""},"yoast_head":"<!-- This site is optimized with the Yoast SEO plugin v15.9 - https:\/\/yoast.com\/wordpress\/plugins\/seo\/ -->\n<title>Vermout Carpano Classico 1L. - Comercial de Hosteleria Anma<\/title>\n<meta name=\"robots\" content=\"index, follow, max-snippet:-1, max-image-preview:large, max-video-preview:-1\" \/>\n<link rel=\"canonical\" href=\"https:\/\/www.comercialanma.es\/?product=vermout-carpano-classico-1l\" \/>\n<meta property=\"og:locale\" content=\"es_ES\" \/>\n<meta property=\"og:type\" content=\"article\" \/>\n<meta property=\"og:title\" content=\"Vermout Carpano Classico 1L. - Comercial de Hosteleria Anma\" \/>\n<meta property=\"og:description\" content=\"En 1786, Antonio Benedetto Carpano invent\u00f3 el primer vermut. Durante m\u00e1s de dos siglos, Carpano ha sido elegido por los amantes de este tipo de bebidas y por los profesionales m\u00e1s exigentes.      &nbsp;\" \/>\n<meta property=\"og:url\" content=\"https:\/\/www.comercialanma.es\/?product=vermout-carpano-classico-1l\" \/>\n<meta property=\"og:site_name\" content=\"Comercial de Hosteleria Anma\" \/>\n<meta property=\"article:publisher\" content=\"https:\/\/www.facebook.com\/AnmaHosteleria\" \/>\n<meta property=\"article:modified_time\" content=\"2020-03-09T09:33:15+00:00\" \/>\n<meta property=\"og:image\" content=\"https:\/\/i1.wp.com\/www.comercialanma.es\/wp-content\/uploads\/2020\/03\/Vermut-Crapano-Classico.jpg?fit=1080%2C1080&#038;ssl=1\" \/>\n\t<meta property=\"og:image:width\" content=\"1080\" \/>\n\t<meta property=\"og:image:height\" content=\"1080\" \/>\n<meta name=\"twitter:card\" content=\"summary_large_image\" \/>\n<meta name=\"twitter:label1\" content=\"Tiempo de lectura\">\n\t<meta name=\"twitter:data1\" content=\"1 minuto\">\n<script type=\"application\/ld+json\" class=\"yoast-schema-graph\">{\"@context\":\"https:\/\/schema.org\",\"@graph\":[{\"@type\":\"Organization\",\"@id\":\"https:\/\/www.comercialanma.es\/#organization\",\"name\":\"Comercial Anma\",\"url\":\"https:\/\/www.comercialanma.es\/\",\"sameAs\":[\"https:\/\/www.facebook.com\/AnmaHosteleria\",\"https:\/\/www.instagram.com\/anmahosteleria\/?hl=es\",\"https:\/\/www.youtube.com\/channel\/UCT2nmn08Ntks0hmpZPnDgCA\"],\"logo\":{\"@type\":\"ImageObject\",\"@id\":\"https:\/\/www.comercialanma.es\/#logo\",\"inLanguage\":\"es\",\"url\":\"https:\/\/i2.wp.com\/www.comercialanma.es\/wp-content\/uploads\/2019\/06\/logo-anma-color.png?fit=247%2C101&ssl=1\",\"width\":247,\"height\":101,\"caption\":\"Comercial Anma\"},\"image\":{\"@id\":\"https:\/\/www.comercialanma.es\/#logo\"}},{\"@type\":\"WebSite\",\"@id\":\"https:\/\/www.comercialanma.es\/#website\",\"url\":\"https:\/\/www.comercialanma.es\/\",\"name\":\"Comercial de Hosteleria Anma\",\"description\":\"\",\"publisher\":{\"@id\":\"https:\/\/www.comercialanma.es\/#organization\"},\"potentialAction\":[{\"@type\":\"SearchAction\",\"target\":\"https:\/\/www.comercialanma.es\/?s={search_term_string}\",\"query-input\":\"required name=search_term_string\"}],\"inLanguage\":\"es\"},{\"@type\":\"ImageObject\",\"@id\":\"https:\/\/www.comercialanma.es\/?product=vermout-carpano-classico-1l#primaryimage\",\"inLanguage\":\"es\",\"url\":\"https:\/\/i1.wp.com\/www.comercialanma.es\/wp-content\/uploads\/2020\/03\/Vermut-Crapano-Classico.jpg?fit=1080%2C1080&ssl=1\",\"width\":1080,\"height\":1080},{\"@type\":\"WebPage\",\"@id\":\"https:\/\/www.comercialanma.es\/?product=vermout-carpano-classico-1l#webpage\",\"url\":\"https:\/\/www.comercialanma.es\/?product=vermout-carpano-classico-1l\",\"name\":\"Vermout Carpano Classico 1L. - Comercial de Hosteleria Anma\",\"isPartOf\":{\"@id\":\"https:\/\/www.comercialanma.es\/#website\"},\"primaryImageOfPage\":{\"@id\":\"https:\/\/www.comercialanma.es\/?product=vermout-carpano-classico-1l#primaryimage\"},\"datePublished\":\"2020-03-09T09:26:15+00:00\",\"dateModified\":\"2020-03-09T09:33:15+00:00\",\"breadcrumb\":{\"@id\":\"https:\/\/www.comercialanma.es\/?product=vermout-carpano-classico-1l#breadcrumb\"},\"inLanguage\":\"es\",\"potentialAction\":[{\"@type\":\"ReadAction\",\"target\":[\"https:\/\/www.comercialanma.es\/?product=vermout-carpano-classico-1l\"]}]},{\"@type\":\"BreadcrumbList\",\"@id\":\"https:\/\/www.comercialanma.es\/?product=vermout-carpano-classico-1l#breadcrumb\",\"itemListElement\":[{\"@type\":\"ListItem\",\"position\":1,\"item\":{\"@type\":\"WebPage\",\"@id\":\"https:\/\/www.comercialanma.es\/\",\"url\":\"https:\/\/www.comercialanma.es\/\",\"name\":\"Portada\"}},{\"@type\":\"ListItem\",\"position\":2,\"item\":{\"@type\":\"WebPage\",\"@id\":\"https:\/\/www.comercialanma.es\/?page_id=3963\",\"url\":\"https:\/\/www.comercialanma.es\/?page_id=3963\",\"name\":\"Cat\\u00e1logo de Productos\"}},{\"@type\":\"ListItem\",\"position\":3,\"item\":{\"@type\":\"WebPage\",\"@id\":\"https:\/\/www.comercialanma.es\/?product=vermout-carpano-classico-1l\",\"url\":\"https:\/\/www.comercialanma.es\/?product=vermout-carpano-classico-1l\",\"name\":\"Vermout Carpano Classico 1L.\"}}]}]}<\/script>\n<!-- \/ Yoast SEO plugin. -->","_links":{"self":[{"href":"https:\/\/www.comercialanma.es\/index.php?rest_route=\/wp\/v2\/product\/13429"}],"collection":[{"href":"https:\/\/www.comercialanma.es\/index.php?rest_route=\/wp\/v2\/product"}],"about":[{"href":"https:\/\/www.comercialanma.es\/index.php?rest_route=\/wp\/v2\/types\/product"}],"version-history":[{"count":3,"href":"https:\/\/www.comercialanma.es\/index.php?rest_route=\/wp\/v2\/product\/13429\/revisions"}],"predecessor-version":[{"id":13433,"href":"https:\/\/www.comercialanma.es\/index.php?rest_route=\/wp\/v2\/product\/13429\/revisions\/13433"}],"wp:featuredmedia":[{"embeddable":true,"href":"https:\/\/www.comercialanma.es\/index.php?rest_route=\/wp\/v2\/media\/13430"}],"wp:attachment":[{"href":"https:\/\/www.comercialanma.es\/index.php?rest_route=%2Fwp%2Fv2%2Fmedia&parent=13429"}],"curies":[{"name":"wp","href":"https:\/\/api.w.org\/{rel}","templated":true}]}}