
{"id":13575,"date":"2020-03-13T11:41:29","date_gmt":"2020-03-13T10:41:29","guid":{"rendered":"http:\/\/www.comercialanma.es\/?post_type=product&#038;p=13575"},"modified":"2020-03-13T11:45:15","modified_gmt":"2020-03-13T10:45:15","slug":"cerveza-barril-amstel-radler-20l","status":"publish","type":"product","link":"https:\/\/www.comercialanma.es\/?product=cerveza-barril-amstel-radler-20l","title":{"rendered":"Cerveza Barril Amstel Radler 20L."},"content":{"rendered":"<div class=\"grid-wrapper\">\n<div class=\"grid-l-14 grid-xs-24\">\n<div class=\"product-info-list-wrap\">\n<h3>Contenido<\/h3>\n<ul>\n<li>20L.<\/li>\n<\/ul>\n<h3>Ingredientes<\/h3>\n<ul>\n<li>Agua, malta de cebada y extracto de l\u00fapulo. Este producto se elabora con malta de cebada. Contiene gluten.<\/li>\n<\/ul>\n<h3>Nota de Cata<\/h3>\n<ul>\n<li>Bebida muy refrescante, con sabor agradable, sabores c\u00edtricos, dulzor equilibrado y f\u00e1cil de beber.<\/li>\n<li>De apariencia turbia y espuma blanca, pueden observarse dep\u00f3sitos que se resuspenden.<\/li>\n<\/ul>\n<h3>Porcentaje de alcohol<\/h3>\n<\/div>\n<div class=\"product-info-list-wrap\">\n<ul>\n<li>2.0 % vol.<\/li>\n<\/ul>\n<h3>Amargor<\/h3>\n<p>8,5 IBU<\/p>\n<\/div>\n<\/div>\n<\/div>\n","protected":false},"excerpt":{"rendered":"<ul>\n<li>Nacional<\/li>\n<\/ul>\n<p>Amstel Radler te ofrece una fusi\u00f3n \u00fanica entre el gran sabor de la cerveza Amstel, mezclada con zumo de lim\u00f3n natural, para crear una nueva experiencia de sabor. Una nueva alternativa natural, extremadamente refrescante, que la convierten en la mejor opci\u00f3n frente a las tradicionales claras con lim\u00f3n.<\/p>\n<p>&nbsp;<\/p>\n","protected":false},"featured_media":13576,"template":"","meta":{"spay_email":""},"yoast_head":"<!-- This site is optimized with the Yoast SEO plugin v15.9 - https:\/\/yoast.com\/wordpress\/plugins\/seo\/ -->\n<title>Cerveza Barril Amstel Radler 20L. - Comercial de Hosteleria Anma<\/title>\n<meta name=\"robots\" content=\"index, follow, max-snippet:-1, max-image-preview:large, max-video-preview:-1\" \/>\n<link rel=\"canonical\" href=\"https:\/\/www.comercialanma.es\/?product=cerveza-barril-amstel-radler-20l\" \/>\n<meta property=\"og:locale\" content=\"es_ES\" \/>\n<meta property=\"og:type\" content=\"article\" \/>\n<meta property=\"og:title\" content=\"Cerveza Barril Amstel Radler 20L. - Comercial de Hosteleria Anma\" \/>\n<meta property=\"og:description\" content=\"Nacional  Amstel Radler te ofrece una fusi\u00f3n \u00fanica entre el gran sabor de la cerveza Amstel, mezclada con zumo de lim\u00f3n natural, para crear una nueva experiencia de sabor. Una nueva alternativa natural, extremadamente refrescante, que la convierten en la mejor opci\u00f3n frente a las tradicionales claras con lim\u00f3n.  &nbsp;\" \/>\n<meta property=\"og:url\" content=\"https:\/\/www.comercialanma.es\/?product=cerveza-barril-amstel-radler-20l\" \/>\n<meta property=\"og:site_name\" content=\"Comercial de Hosteleria Anma\" \/>\n<meta property=\"article:publisher\" content=\"https:\/\/www.facebook.com\/AnmaHosteleria\" \/>\n<meta property=\"article:modified_time\" content=\"2020-03-13T10:45:15+00:00\" \/>\n<meta property=\"og:image\" content=\"https:\/\/i2.wp.com\/www.comercialanma.es\/wp-content\/uploads\/2020\/03\/Amstel-Radler-Barril-20.jpg?fit=1080%2C1080&#038;ssl=1\" \/>\n\t<meta property=\"og:image:width\" content=\"1080\" \/>\n\t<meta property=\"og:image:height\" content=\"1080\" \/>\n<meta name=\"twitter:card\" content=\"summary_large_image\" \/>\n<script type=\"application\/ld+json\" class=\"yoast-schema-graph\">{\"@context\":\"https:\/\/schema.org\",\"@graph\":[{\"@type\":\"Organization\",\"@id\":\"https:\/\/www.comercialanma.es\/#organization\",\"name\":\"Comercial Anma\",\"url\":\"https:\/\/www.comercialanma.es\/\",\"sameAs\":[\"https:\/\/www.facebook.com\/AnmaHosteleria\",\"https:\/\/www.instagram.com\/anmahosteleria\/?hl=es\",\"https:\/\/www.youtube.com\/channel\/UCT2nmn08Ntks0hmpZPnDgCA\"],\"logo\":{\"@type\":\"ImageObject\",\"@id\":\"https:\/\/www.comercialanma.es\/#logo\",\"inLanguage\":\"es\",\"url\":\"https:\/\/i2.wp.com\/www.comercialanma.es\/wp-content\/uploads\/2019\/06\/logo-anma-color.png?fit=247%2C101&ssl=1\",\"width\":247,\"height\":101,\"caption\":\"Comercial Anma\"},\"image\":{\"@id\":\"https:\/\/www.comercialanma.es\/#logo\"}},{\"@type\":\"WebSite\",\"@id\":\"https:\/\/www.comercialanma.es\/#website\",\"url\":\"https:\/\/www.comercialanma.es\/\",\"name\":\"Comercial de Hosteleria Anma\",\"description\":\"\",\"publisher\":{\"@id\":\"https:\/\/www.comercialanma.es\/#organization\"},\"potentialAction\":[{\"@type\":\"SearchAction\",\"target\":\"https:\/\/www.comercialanma.es\/?s={search_term_string}\",\"query-input\":\"required name=search_term_string\"}],\"inLanguage\":\"es\"},{\"@type\":\"ImageObject\",\"@id\":\"https:\/\/www.comercialanma.es\/?product=cerveza-barril-amstel-radler-20l#primaryimage\",\"inLanguage\":\"es\",\"url\":\"https:\/\/i2.wp.com\/www.comercialanma.es\/wp-content\/uploads\/2020\/03\/Amstel-Radler-Barril-20.jpg?fit=1080%2C1080&ssl=1\",\"width\":1080,\"height\":1080},{\"@type\":\"WebPage\",\"@id\":\"https:\/\/www.comercialanma.es\/?product=cerveza-barril-amstel-radler-20l#webpage\",\"url\":\"https:\/\/www.comercialanma.es\/?product=cerveza-barril-amstel-radler-20l\",\"name\":\"Cerveza Barril Amstel Radler 20L. - Comercial de Hosteleria Anma\",\"isPartOf\":{\"@id\":\"https:\/\/www.comercialanma.es\/#website\"},\"primaryImageOfPage\":{\"@id\":\"https:\/\/www.comercialanma.es\/?product=cerveza-barril-amstel-radler-20l#primaryimage\"},\"datePublished\":\"2020-03-13T10:41:29+00:00\",\"dateModified\":\"2020-03-13T10:45:15+00:00\",\"breadcrumb\":{\"@id\":\"https:\/\/www.comercialanma.es\/?product=cerveza-barril-amstel-radler-20l#breadcrumb\"},\"inLanguage\":\"es\",\"potentialAction\":[{\"@type\":\"ReadAction\",\"target\":[\"https:\/\/www.comercialanma.es\/?product=cerveza-barril-amstel-radler-20l\"]}]},{\"@type\":\"BreadcrumbList\",\"@id\":\"https:\/\/www.comercialanma.es\/?product=cerveza-barril-amstel-radler-20l#breadcrumb\",\"itemListElement\":[{\"@type\":\"ListItem\",\"position\":1,\"item\":{\"@type\":\"WebPage\",\"@id\":\"https:\/\/www.comercialanma.es\/\",\"url\":\"https:\/\/www.comercialanma.es\/\",\"name\":\"Portada\"}},{\"@type\":\"ListItem\",\"position\":2,\"item\":{\"@type\":\"WebPage\",\"@id\":\"https:\/\/www.comercialanma.es\/?page_id=3963\",\"url\":\"https:\/\/www.comercialanma.es\/?page_id=3963\",\"name\":\"Cat\\u00e1logo de Productos\"}},{\"@type\":\"ListItem\",\"position\":3,\"item\":{\"@type\":\"WebPage\",\"@id\":\"https:\/\/www.comercialanma.es\/?product=cerveza-barril-amstel-radler-20l\",\"url\":\"https:\/\/www.comercialanma.es\/?product=cerveza-barril-amstel-radler-20l\",\"name\":\"Cerveza Barril Amstel Radler 20L.\"}}]}]}<\/script>\n<!-- \/ Yoast SEO plugin. -->","_links":{"self":[{"href":"https:\/\/www.comercialanma.es\/index.php?rest_route=\/wp\/v2\/product\/13575"}],"collection":[{"href":"https:\/\/www.comercialanma.es\/index.php?rest_route=\/wp\/v2\/product"}],"about":[{"href":"https:\/\/www.comercialanma.es\/index.php?rest_route=\/wp\/v2\/types\/product"}],"version-history":[{"count":1,"href":"https:\/\/www.comercialanma.es\/index.php?rest_route=\/wp\/v2\/product\/13575\/revisions"}],"predecessor-version":[{"id":13577,"href":"https:\/\/www.comercialanma.es\/index.php?rest_route=\/wp\/v2\/product\/13575\/revisions\/13577"}],"wp:featuredmedia":[{"embeddable":true,"href":"https:\/\/www.comercialanma.es\/index.php?rest_route=\/wp\/v2\/media\/13576"}],"wp:attachment":[{"href":"https:\/\/www.comercialanma.es\/index.php?rest_route=%2Fwp%2Fv2%2Fmedia&parent=13575"}],"curies":[{"name":"wp","href":"https:\/\/api.w.org\/{rel}","templated":true}]}}

<div class="grid-wrapper">
<div class="grid-l-14 grid-xs-24">
<div class="product-info-list-wrap">
<h3>Contenido</h3>
<ul>
<li>20L.</li>
</ul>
<h3>Ingredientes</h3>
<ul>
<li>Agua, malta de cebada y extracto de lúpulo. Este producto se elabora con malta de cebada. Contiene gluten.</li>
</ul>
<h3>Nota de Cata</h3>
<ul>
<li>Bebida muy refrescante, con sabor agradable, sabores cítricos, dulzor equilibrado y fácil de beber.</li>
<li>De apariencia turbia y espuma blanca, pueden observarse depósitos que se resuspenden.</li>
</ul>
<h3>Porcentaje de alcohol</h3>
</div>
<div class="product-info-list-wrap">
<ul>
<li>2.0 % vol.</li>
</ul>
<h3>Amargor</h3>
<p>8,5 IBU</p>
</div>
</div>
</div>

<ul>
<li>Nacional</li>
</ul>
<p>Amstel Radler te ofrece una fusión única entre el gran sabor de la cerveza Amstel, mezclada con zumo de limón natural, para crear una nueva experiencia de sabor. Una nueva alternativa natural, extremadamente refrescante, que la convierten en la mejor opción frente a las tradicionales claras con limón.</p>
<p>&nbsp;</p>

<!-- This site is optimized with the Yoast SEO plugin v15.9 - https://yoast.com/wordpress/plugins/seo/ -->
<title>Cerveza Barril Amstel Radler 20L. - Comercial de Hosteleria Anma</title>
<meta name="robots" content="index, follow, max-snippet:-1, max-image-preview:large, max-video-preview:-1" />
<link rel="canonical" href="https://www.comercialanma.es/?product=cerveza-barril-amstel-radler-20l" />
<meta property="og:locale" content="es_ES" />
<meta property="og:type" content="article" />
<meta property="og:title" content="Cerveza Barril Amstel Radler 20L. - Comercial de Hosteleria Anma" />
<meta property="og:description" content="Nacional  Amstel Radler te ofrece una fusión única entre el gran sabor de la cerveza Amstel, mezclada con zumo de limón natural, para crear una nueva experiencia de sabor. Una nueva alternativa natural, extremadamente refrescante, que la convierten en la mejor opción frente a las tradicionales claras con limón.  &nbsp;" />
<meta property="og:url" content="https://www.comercialanma.es/?product=cerveza-barril-amstel-radler-20l" />
<meta property="og:site_name" content="Comercial de Hosteleria Anma" />
<meta property="article:publisher" content="https://www.facebook.com/AnmaHosteleria" />
<meta property="article:modified_time" content="2020-03-13T10:45:15+00:00" />
<meta property="og:image" content="https://i2.wp.com/www.comercialanma.es/wp-content/uploads/2020/03/Amstel-Radler-Barril-20.jpg?fit=1080%2C1080&#038;ssl=1" />
	<meta property="og:image:width" content="1080" />
	<meta property="og:image:height" content="1080" />
<meta name="twitter:card" content="summary_large_image" />
<script type="application/ld+json" class="yoast-schema-graph">{"@context":"https://schema.org","@graph":[{"@type":"Organization","@id":"https://www.comercialanma.es/#organization","name":"Comercial Anma","url":"https://www.comercialanma.es/","sameAs":["https://www.facebook.com/AnmaHosteleria","https://www.instagram.com/anmahosteleria/?hl=es","https://www.youtube.com/channel/UCT2nmn08Ntks0hmpZPnDgCA"],"logo":{"@type":"ImageObject","@id":"https://www.comercialanma.es/#logo","inLanguage":"es","url":"https://i2.wp.com/www.comercialanma.es/wp-content/uploads/2019/06/logo-anma-color.png?fit=247%2C101&ssl=1","width":247,"height":101,"caption":"Comercial Anma"},"image":{"@id":"https://www.comercialanma.es/#logo"}},{"@type":"WebSite","@id":"https://www.comercialanma.es/#website","url":"https://www.comercialanma.es/","name":"Comercial de Hosteleria Anma","description":"","publisher":{"@id":"https://www.comercialanma.es/#organization"},"potentialAction":[{"@type":"SearchAction","target":"https://www.comercialanma.es/?s={search_term_string}","query-input":"required name=search_term_string"}],"inLanguage":"es"},{"@type":"ImageObject","@id":"https://www.comercialanma.es/?product=cerveza-barril-amstel-radler-20l#primaryimage","inLanguage":"es","url":"https://i2.wp.com/www.comercialanma.es/wp-content/uploads/2020/03/Amstel-Radler-Barril-20.jpg?fit=1080%2C1080&ssl=1","width":1080,"height":1080},{"@type":"WebPage","@id":"https://www.comercialanma.es/?product=cerveza-barril-amstel-radler-20l#webpage","url":"https://www.comercialanma.es/?product=cerveza-barril-amstel-radler-20l","name":"Cerveza Barril Amstel Radler 20L. - Comercial de Hosteleria Anma","isPartOf":{"@id":"https://www.comercialanma.es/#website"},"primaryImageOfPage":{"@id":"https://www.comercialanma.es/?product=cerveza-barril-amstel-radler-20l#primaryimage"},"datePublished":"2020-03-13T10:41:29+00:00","dateModified":"2020-03-13T10:45:15+00:00","breadcrumb":{"@id":"https://www.comercialanma.es/?product=cerveza-barril-amstel-radler-20l#breadcrumb"},"inLanguage":"es","potentialAction":[{"@type":"ReadAction","target":["https://www.comercialanma.es/?product=cerveza-barril-amstel-radler-20l"]}]},{"@type":"BreadcrumbList","@id":"https://www.comercialanma.es/?product=cerveza-barril-amstel-radler-20l#breadcrumb","itemListElement":[{"@type":"ListItem","position":1,"item":{"@type":"WebPage","@id":"https://www.comercialanma.es/","url":"https://www.comercialanma.es/","name":"Portada"}},{"@type":"ListItem","position":2,"item":{"@type":"WebPage","@id":"https://www.comercialanma.es/?page_id=3963","url":"https://www.comercialanma.es/?page_id=3963","name":"Cat\u00e1logo de Productos"}},{"@type":"ListItem","position":3,"item":{"@type":"WebPage","@id":"https://www.comercialanma.es/?product=cerveza-barril-amstel-radler-20l","url":"https://www.comercialanma.es/?product=cerveza-barril-amstel-radler-20l","name":"Cerveza Barril Amstel Radler 20L."}}]}]}</script>
<!-- / Yoast SEO plugin. -->
