
{"id":13683,"date":"2020-03-16T10:41:30","date_gmt":"2020-03-16T09:41:30","guid":{"rendered":"http:\/\/www.comercialanma.es\/?post_type=product&#038;p=13683"},"modified":"2020-03-16T10:46:07","modified_gmt":"2020-03-16T09:46:07","slug":"ladron-de-manzanas-cider-lata-33cl","status":"publish","type":"product","link":"https:\/\/www.comercialanma.es\/?product=ladron-de-manzanas-cider-lata-33cl","title":{"rendered":"Ladr\u00f3n de Manzanas Cider Lata 33cl."},"content":{"rendered":"<div class=\"grid-wrapper\">\n<div class=\"grid-l-14 grid-xs-24\">\n<div class=\"product-info-list-wrap\">\n<p>Una cider que podemos describir como una bebida con el sabor de la sidra pero m\u00e1s dulce, con un punto \u00e1cido y refrescante.<\/p>\n<h3>Contenido<\/h3>\n<ul>\n<li>330 mililitros<\/li>\n<\/ul>\n<h3>Nota de Cata<\/h3>\n<ul>\n<li>Aromas dulces de frutas tropicales, provenientes de l\u00fapulos del nuevo mundo.<\/li>\n<li>Elevada amargura compensada por la dulzura de la malta y por el elevado grado alcoh\u00f3lico.<\/li>\n<li>Temperatura de consumo entre 4\u00ba y 8\u00baC.<\/li>\n<\/ul>\n<h3>Ingredientes<\/h3>\n<ul>\n<li>Intenso color rub\u00ed y notas de sabor dulce aportadas por la frambuesa, la fresa y el sauce.<\/li>\n<li>Una combinaci\u00f3n audaz y sorprendente que convierte a LADR\u00d3N DE MANZANAS con manzana y frutos rojos en una bebida diferente.<\/li>\n<\/ul>\n<h3>Porcentaje de alcohol<\/h3>\n<\/div>\n<div class=\"product-info-list-wrap\">\n<ul>\n<li>4.5 % vol.<\/li>\n<\/ul>\n<\/div>\n<\/div>\n<\/div>\n","protected":false},"excerpt":{"rendered":"<ul>\n<li>Nacional<\/li>\n<\/ul>\n<p>El Ladr\u00f3n de Manzanas es un cider con una receta adaptada para el gusto del consumidor espa\u00f1ol. El Ladr\u00f3n de Manzanas no es una sidra al uso sino una \u201ccider\u201d y se diferencia de la sidra tradicional en el tipo de fermentaci\u00f3n y, en su caso, en la combinaci\u00f3n de manzanas dulces y \u00e1cidas para su elaboraci\u00f3n.<\/p>\n","protected":false},"featured_media":13684,"template":"","meta":{"spay_email":""},"yoast_head":"<!-- This site is optimized with the Yoast SEO plugin v15.9 - https:\/\/yoast.com\/wordpress\/plugins\/seo\/ -->\n<title>Ladr\u00f3n de Manzanas Cider Lata 33cl. - Comercial de Hosteleria Anma<\/title>\n<meta name=\"robots\" content=\"index, follow, max-snippet:-1, max-image-preview:large, max-video-preview:-1\" \/>\n<link rel=\"canonical\" href=\"https:\/\/www.comercialanma.es\/?product=ladron-de-manzanas-cider-lata-33cl\" \/>\n<meta property=\"og:locale\" content=\"es_ES\" \/>\n<meta property=\"og:type\" content=\"article\" \/>\n<meta property=\"og:title\" content=\"Ladr\u00f3n de Manzanas Cider Lata 33cl. - Comercial de Hosteleria Anma\" \/>\n<meta property=\"og:description\" content=\"Nacional  El Ladr\u00f3n de Manzanas es un cider con una receta adaptada para el gusto del consumidor espa\u00f1ol. El Ladr\u00f3n de Manzanas no es una sidra al uso sino una \u201ccider\u201d y se diferencia de la sidra tradicional en el tipo de fermentaci\u00f3n y, en su caso, en la combinaci\u00f3n de manzanas dulces y \u00e1cidas para su elaboraci\u00f3n.\" \/>\n<meta property=\"og:url\" content=\"https:\/\/www.comercialanma.es\/?product=ladron-de-manzanas-cider-lata-33cl\" \/>\n<meta property=\"og:site_name\" content=\"Comercial de Hosteleria Anma\" \/>\n<meta property=\"article:publisher\" content=\"https:\/\/www.facebook.com\/AnmaHosteleria\" \/>\n<meta property=\"article:modified_time\" content=\"2020-03-16T09:46:07+00:00\" \/>\n<meta property=\"og:image\" content=\"https:\/\/i0.wp.com\/www.comercialanma.es\/wp-content\/uploads\/2020\/03\/Ladron-de-Manzas-Lata.jpg?fit=1080%2C1080&#038;ssl=1\" \/>\n\t<meta property=\"og:image:width\" content=\"1080\" \/>\n\t<meta property=\"og:image:height\" content=\"1080\" \/>\n<meta name=\"twitter:card\" content=\"summary_large_image\" \/>\n<meta name=\"twitter:label1\" content=\"Tiempo de lectura\">\n\t<meta name=\"twitter:data1\" content=\"1 minuto\">\n<script type=\"application\/ld+json\" class=\"yoast-schema-graph\">{\"@context\":\"https:\/\/schema.org\",\"@graph\":[{\"@type\":\"Organization\",\"@id\":\"https:\/\/www.comercialanma.es\/#organization\",\"name\":\"Comercial Anma\",\"url\":\"https:\/\/www.comercialanma.es\/\",\"sameAs\":[\"https:\/\/www.facebook.com\/AnmaHosteleria\",\"https:\/\/www.instagram.com\/anmahosteleria\/?hl=es\",\"https:\/\/www.youtube.com\/channel\/UCT2nmn08Ntks0hmpZPnDgCA\"],\"logo\":{\"@type\":\"ImageObject\",\"@id\":\"https:\/\/www.comercialanma.es\/#logo\",\"inLanguage\":\"es\",\"url\":\"https:\/\/i2.wp.com\/www.comercialanma.es\/wp-content\/uploads\/2019\/06\/logo-anma-color.png?fit=247%2C101&ssl=1\",\"width\":247,\"height\":101,\"caption\":\"Comercial Anma\"},\"image\":{\"@id\":\"https:\/\/www.comercialanma.es\/#logo\"}},{\"@type\":\"WebSite\",\"@id\":\"https:\/\/www.comercialanma.es\/#website\",\"url\":\"https:\/\/www.comercialanma.es\/\",\"name\":\"Comercial de Hosteleria Anma\",\"description\":\"\",\"publisher\":{\"@id\":\"https:\/\/www.comercialanma.es\/#organization\"},\"potentialAction\":[{\"@type\":\"SearchAction\",\"target\":\"https:\/\/www.comercialanma.es\/?s={search_term_string}\",\"query-input\":\"required name=search_term_string\"}],\"inLanguage\":\"es\"},{\"@type\":\"ImageObject\",\"@id\":\"https:\/\/www.comercialanma.es\/?product=ladron-de-manzanas-cider-lata-33cl#primaryimage\",\"inLanguage\":\"es\",\"url\":\"https:\/\/i0.wp.com\/www.comercialanma.es\/wp-content\/uploads\/2020\/03\/Ladron-de-Manzas-Lata.jpg?fit=1080%2C1080&ssl=1\",\"width\":1080,\"height\":1080},{\"@type\":\"WebPage\",\"@id\":\"https:\/\/www.comercialanma.es\/?product=ladron-de-manzanas-cider-lata-33cl#webpage\",\"url\":\"https:\/\/www.comercialanma.es\/?product=ladron-de-manzanas-cider-lata-33cl\",\"name\":\"Ladr\\u00f3n de Manzanas Cider Lata 33cl. - Comercial de Hosteleria Anma\",\"isPartOf\":{\"@id\":\"https:\/\/www.comercialanma.es\/#website\"},\"primaryImageOfPage\":{\"@id\":\"https:\/\/www.comercialanma.es\/?product=ladron-de-manzanas-cider-lata-33cl#primaryimage\"},\"datePublished\":\"2020-03-16T09:41:30+00:00\",\"dateModified\":\"2020-03-16T09:46:07+00:00\",\"breadcrumb\":{\"@id\":\"https:\/\/www.comercialanma.es\/?product=ladron-de-manzanas-cider-lata-33cl#breadcrumb\"},\"inLanguage\":\"es\",\"potentialAction\":[{\"@type\":\"ReadAction\",\"target\":[\"https:\/\/www.comercialanma.es\/?product=ladron-de-manzanas-cider-lata-33cl\"]}]},{\"@type\":\"BreadcrumbList\",\"@id\":\"https:\/\/www.comercialanma.es\/?product=ladron-de-manzanas-cider-lata-33cl#breadcrumb\",\"itemListElement\":[{\"@type\":\"ListItem\",\"position\":1,\"item\":{\"@type\":\"WebPage\",\"@id\":\"https:\/\/www.comercialanma.es\/\",\"url\":\"https:\/\/www.comercialanma.es\/\",\"name\":\"Portada\"}},{\"@type\":\"ListItem\",\"position\":2,\"item\":{\"@type\":\"WebPage\",\"@id\":\"https:\/\/www.comercialanma.es\/?page_id=3963\",\"url\":\"https:\/\/www.comercialanma.es\/?page_id=3963\",\"name\":\"Cat\\u00e1logo de Productos\"}},{\"@type\":\"ListItem\",\"position\":3,\"item\":{\"@type\":\"WebPage\",\"@id\":\"https:\/\/www.comercialanma.es\/?product=ladron-de-manzanas-cider-lata-33cl\",\"url\":\"https:\/\/www.comercialanma.es\/?product=ladron-de-manzanas-cider-lata-33cl\",\"name\":\"Ladr\\u00f3n de Manzanas Cider Lata 33cl.\"}}]}]}<\/script>\n<!-- \/ Yoast SEO plugin. -->","_links":{"self":[{"href":"https:\/\/www.comercialanma.es\/index.php?rest_route=\/wp\/v2\/product\/13683"}],"collection":[{"href":"https:\/\/www.comercialanma.es\/index.php?rest_route=\/wp\/v2\/product"}],"about":[{"href":"https:\/\/www.comercialanma.es\/index.php?rest_route=\/wp\/v2\/types\/product"}],"version-history":[{"count":1,"href":"https:\/\/www.comercialanma.es\/index.php?rest_route=\/wp\/v2\/product\/13683\/revisions"}],"predecessor-version":[{"id":13685,"href":"https:\/\/www.comercialanma.es\/index.php?rest_route=\/wp\/v2\/product\/13683\/revisions\/13685"}],"wp:featuredmedia":[{"embeddable":true,"href":"https:\/\/www.comercialanma.es\/index.php?rest_route=\/wp\/v2\/media\/13684"}],"wp:attachment":[{"href":"https:\/\/www.comercialanma.es\/index.php?rest_route=%2Fwp%2Fv2%2Fmedia&parent=13683"}],"curies":[{"name":"wp","href":"https:\/\/api.w.org\/{rel}","templated":true}]}}

Ladrón de Manzanas Cider Lata 33cl.

<div class="grid-wrapper">
<div class="grid-l-14 grid-xs-24">
<div class="product-info-list-wrap">
<p>Una cider que podemos describir como una bebida con el sabor de la sidra pero más dulce, con un punto ácido y refrescante.</p>
<h3>Contenido</h3>
<ul>
<li>330 mililitros</li>
</ul>
<h3>Nota de Cata</h3>
<ul>
<li>Aromas dulces de frutas tropicales, provenientes de lúpulos del nuevo mundo.</li>
<li>Elevada amargura compensada por la dulzura de la malta y por el elevado grado alcohólico.</li>
<li>Temperatura de consumo entre 4º y 8ºC.</li>
</ul>
<h3>Ingredientes</h3>
<ul>
<li>Intenso color rubí y notas de sabor dulce aportadas por la frambuesa, la fresa y el sauce.</li>
<li>Una combinación audaz y sorprendente que convierte a LADRÓN DE MANZANAS con manzana y frutos rojos en una bebida diferente.</li>
</ul>
<h3>Porcentaje de alcohol</h3>
</div>
<div class="product-info-list-wrap">
<ul>
<li>4.5 % vol.</li>
</ul>
</div>
</div>
</div>

<ul>
<li>Nacional</li>
</ul>
<p>El Ladrón de Manzanas es un cider con una receta adaptada para el gusto del consumidor español. El Ladrón de Manzanas no es una sidra al uso sino una “cider” y se diferencia de la sidra tradicional en el tipo de fermentación y, en su caso, en la combinación de manzanas dulces y ácidas para su elaboración.</p>

<!-- This site is optimized with the Yoast SEO plugin v15.9 - https://yoast.com/wordpress/plugins/seo/ -->
<title>Ladrón de Manzanas Cider Lata 33cl. - Comercial de Hosteleria Anma</title>
<meta name="robots" content="index, follow, max-snippet:-1, max-image-preview:large, max-video-preview:-1" />
<link rel="canonical" href="https://www.comercialanma.es/?product=ladron-de-manzanas-cider-lata-33cl" />
<meta property="og:locale" content="es_ES" />
<meta property="og:type" content="article" />
<meta property="og:title" content="Ladrón de Manzanas Cider Lata 33cl. - Comercial de Hosteleria Anma" />
<meta property="og:description" content="Nacional  El Ladrón de Manzanas es un cider con una receta adaptada para el gusto del consumidor español. El Ladrón de Manzanas no es una sidra al uso sino una “cider” y se diferencia de la sidra tradicional en el tipo de fermentación y, en su caso, en la combinación de manzanas dulces y ácidas para su elaboración." />
<meta property="og:url" content="https://www.comercialanma.es/?product=ladron-de-manzanas-cider-lata-33cl" />
<meta property="og:site_name" content="Comercial de Hosteleria Anma" />
<meta property="article:publisher" content="https://www.facebook.com/AnmaHosteleria" />
<meta property="article:modified_time" content="2020-03-16T09:46:07+00:00" />
<meta property="og:image" content="https://i0.wp.com/www.comercialanma.es/wp-content/uploads/2020/03/Ladron-de-Manzas-Lata.jpg?fit=1080%2C1080&#038;ssl=1" />
	<meta property="og:image:width" content="1080" />
	<meta property="og:image:height" content="1080" />
<meta name="twitter:card" content="summary_large_image" />
<meta name="twitter:label1" content="Tiempo de lectura">
	<meta name="twitter:data1" content="1 minuto">
<script type="application/ld+json" class="yoast-schema-graph">{"@context":"https://schema.org","@graph":[{"@type":"Organization","@id":"https://www.comercialanma.es/#organization","name":"Comercial Anma","url":"https://www.comercialanma.es/","sameAs":["https://www.facebook.com/AnmaHosteleria","https://www.instagram.com/anmahosteleria/?hl=es","https://www.youtube.com/channel/UCT2nmn08Ntks0hmpZPnDgCA"],"logo":{"@type":"ImageObject","@id":"https://www.comercialanma.es/#logo","inLanguage":"es","url":"https://i2.wp.com/www.comercialanma.es/wp-content/uploads/2019/06/logo-anma-color.png?fit=247%2C101&ssl=1","width":247,"height":101,"caption":"Comercial Anma"},"image":{"@id":"https://www.comercialanma.es/#logo"}},{"@type":"WebSite","@id":"https://www.comercialanma.es/#website","url":"https://www.comercialanma.es/","name":"Comercial de Hosteleria Anma","description":"","publisher":{"@id":"https://www.comercialanma.es/#organization"},"potentialAction":[{"@type":"SearchAction","target":"https://www.comercialanma.es/?s={search_term_string}","query-input":"required name=search_term_string"}],"inLanguage":"es"},{"@type":"ImageObject","@id":"https://www.comercialanma.es/?product=ladron-de-manzanas-cider-lata-33cl#primaryimage","inLanguage":"es","url":"https://i0.wp.com/www.comercialanma.es/wp-content/uploads/2020/03/Ladron-de-Manzas-Lata.jpg?fit=1080%2C1080&ssl=1","width":1080,"height":1080},{"@type":"WebPage","@id":"https://www.comercialanma.es/?product=ladron-de-manzanas-cider-lata-33cl#webpage","url":"https://www.comercialanma.es/?product=ladron-de-manzanas-cider-lata-33cl","name":"Ladr\u00f3n de Manzanas Cider Lata 33cl. - Comercial de Hosteleria Anma","isPartOf":{"@id":"https://www.comercialanma.es/#website"},"primaryImageOfPage":{"@id":"https://www.comercialanma.es/?product=ladron-de-manzanas-cider-lata-33cl#primaryimage"},"datePublished":"2020-03-16T09:41:30+00:00","dateModified":"2020-03-16T09:46:07+00:00","breadcrumb":{"@id":"https://www.comercialanma.es/?product=ladron-de-manzanas-cider-lata-33cl#breadcrumb"},"inLanguage":"es","potentialAction":[{"@type":"ReadAction","target":["https://www.comercialanma.es/?product=ladron-de-manzanas-cider-lata-33cl"]}]},{"@type":"BreadcrumbList","@id":"https://www.comercialanma.es/?product=ladron-de-manzanas-cider-lata-33cl#breadcrumb","itemListElement":[{"@type":"ListItem","position":1,"item":{"@type":"WebPage","@id":"https://www.comercialanma.es/","url":"https://www.comercialanma.es/","name":"Portada"}},{"@type":"ListItem","position":2,"item":{"@type":"WebPage","@id":"https://www.comercialanma.es/?page_id=3963","url":"https://www.comercialanma.es/?page_id=3963","name":"Cat\u00e1logo de Productos"}},{"@type":"ListItem","position":3,"item":{"@type":"WebPage","@id":"https://www.comercialanma.es/?product=ladron-de-manzanas-cider-lata-33cl","url":"https://www.comercialanma.es/?product=ladron-de-manzanas-cider-lata-33cl","name":"Ladr\u00f3n de Manzanas Cider Lata 33cl."}}]}]}</script>
<!-- / Yoast SEO plugin. -->
