
{"id":13880,"date":"2020-10-06T09:47:12","date_gmt":"2020-10-06T07:47:12","guid":{"rendered":"http:\/\/www.comercialanma.es\/?post_type=product&#038;p=13880"},"modified":"2020-10-06T09:59:44","modified_gmt":"2020-10-06T07:59:44","slug":"vino-petalos-del-bierzo-75cl","status":"publish","type":"product","link":"https:\/\/www.comercialanma.es\/?product=vino-petalos-del-bierzo-75cl","title":{"rendered":"Vino P\u00e9talos del Bierzo 75cl."},"content":{"rendered":"<h3>D.O:<\/h3>\n<ul>\n<li>Bierzo<\/li>\n<\/ul>\n<h3>Variedades de uva:<\/h3>\n<ul>\n<li>Alicante Bouschet, Menc\u00eda, Uva blanca.<\/li>\n<\/ul>\n<h3>Graduaci\u00f3n:<\/h3>\n<ul>\n<li>Graduaci\u00f3n: 13,5% vol.<\/li>\n<\/ul>\n<h3>Nota de cata:<\/h3>\n<div>\n<ul>\n<li>Nariz: Predominan los aromas de fresa, moras trituradas y ar\u00e1ndanos. Tambi\u00e9n tiene toques de pimienta negra y especias.<\/li>\n<li>Boca: Vibrante, con sabores \u00e1cidos a fresa. Muy inmediato, redondo y jugoso. Realmente agradable y bebible.<\/li>\n<\/ul>\n<\/div>\n","protected":false},"excerpt":{"rendered":"<div id=\"tab-1\">P\u00e9talos del Bierzo es un vino fragante y jovial que transmite a la perfecci\u00f3n todos los matices de la regi\u00f3n del Bierzo: vi\u00f1as viejas cultivadas en tierras de pizarra escarpadas y rocosas, de las que se extrae lo mejor de la Menc\u00eda. Adem\u00e1s de la variedad Menc\u00eda, este coupage est\u00e1 aderezado con peque\u00f1as cantidades de uvas procedentes de otros pagos de los t\u00e9rminos municipales de Corull\u00f3n, Valtuille, Villadecanes, Parandones y Villafranca del Bierzo.<\/div>\n","protected":false},"featured_media":13881,"template":"","meta":{"spay_email":""},"yoast_head":"<!-- This site is optimized with the Yoast SEO plugin v15.9 - https:\/\/yoast.com\/wordpress\/plugins\/seo\/ -->\n<title>Vino P\u00e9talos del Bierzo 75cl. - Comercial de Hosteleria Anma<\/title>\n<meta name=\"robots\" content=\"index, follow, max-snippet:-1, max-image-preview:large, max-video-preview:-1\" \/>\n<link rel=\"canonical\" href=\"https:\/\/www.comercialanma.es\/?product=vino-petalos-del-bierzo-75cl\" \/>\n<meta property=\"og:locale\" content=\"es_ES\" \/>\n<meta property=\"og:type\" content=\"article\" \/>\n<meta property=\"og:title\" content=\"Vino P\u00e9talos del Bierzo 75cl. - Comercial de Hosteleria Anma\" \/>\n<meta property=\"og:description\" content=\"P\u00e9talos del Bierzo es un vino fragante y jovial que transmite a la perfecci\u00f3n todos los matices de la regi\u00f3n del Bierzo: vi\u00f1as viejas cultivadas en tierras de pizarra escarpadas y rocosas, de las que se extrae lo mejor de la Menc\u00eda. Adem\u00e1s de la variedad Menc\u00eda, este coupage est\u00e1 aderezado con peque\u00f1as cantidades de uvas procedentes de otros pagos de los t\u00e9rminos municipales de Corull\u00f3n, Valtuille, Villadecanes, Parandones y Villafranca del Bierzo.\" \/>\n<meta property=\"og:url\" content=\"https:\/\/www.comercialanma.es\/?product=vino-petalos-del-bierzo-75cl\" \/>\n<meta property=\"og:site_name\" content=\"Comercial de Hosteleria Anma\" \/>\n<meta property=\"article:publisher\" content=\"https:\/\/www.facebook.com\/AnmaHosteleria\" \/>\n<meta property=\"article:modified_time\" content=\"2020-10-06T07:59:44+00:00\" \/>\n<meta property=\"og:image\" content=\"https:\/\/i1.wp.com\/www.comercialanma.es\/wp-content\/uploads\/2020\/10\/Petalos-del-Bierzo.jpg?fit=1080%2C1080&#038;ssl=1\" \/>\n\t<meta property=\"og:image:width\" content=\"1080\" \/>\n\t<meta property=\"og:image:height\" content=\"1080\" \/>\n<meta name=\"twitter:card\" content=\"summary_large_image\" \/>\n<script type=\"application\/ld+json\" class=\"yoast-schema-graph\">{\"@context\":\"https:\/\/schema.org\",\"@graph\":[{\"@type\":\"Organization\",\"@id\":\"https:\/\/www.comercialanma.es\/#organization\",\"name\":\"Comercial Anma\",\"url\":\"https:\/\/www.comercialanma.es\/\",\"sameAs\":[\"https:\/\/www.facebook.com\/AnmaHosteleria\",\"https:\/\/www.instagram.com\/anmahosteleria\/?hl=es\",\"https:\/\/www.youtube.com\/channel\/UCT2nmn08Ntks0hmpZPnDgCA\"],\"logo\":{\"@type\":\"ImageObject\",\"@id\":\"https:\/\/www.comercialanma.es\/#logo\",\"inLanguage\":\"es\",\"url\":\"https:\/\/i2.wp.com\/www.comercialanma.es\/wp-content\/uploads\/2019\/06\/logo-anma-color.png?fit=247%2C101&ssl=1\",\"width\":247,\"height\":101,\"caption\":\"Comercial Anma\"},\"image\":{\"@id\":\"https:\/\/www.comercialanma.es\/#logo\"}},{\"@type\":\"WebSite\",\"@id\":\"https:\/\/www.comercialanma.es\/#website\",\"url\":\"https:\/\/www.comercialanma.es\/\",\"name\":\"Comercial de Hosteleria Anma\",\"description\":\"\",\"publisher\":{\"@id\":\"https:\/\/www.comercialanma.es\/#organization\"},\"potentialAction\":[{\"@type\":\"SearchAction\",\"target\":\"https:\/\/www.comercialanma.es\/?s={search_term_string}\",\"query-input\":\"required name=search_term_string\"}],\"inLanguage\":\"es\"},{\"@type\":\"ImageObject\",\"@id\":\"https:\/\/www.comercialanma.es\/?product=vino-petalos-del-bierzo-75cl#primaryimage\",\"inLanguage\":\"es\",\"url\":\"https:\/\/i1.wp.com\/www.comercialanma.es\/wp-content\/uploads\/2020\/10\/Petalos-del-Bierzo.jpg?fit=1080%2C1080&ssl=1\",\"width\":1080,\"height\":1080},{\"@type\":\"WebPage\",\"@id\":\"https:\/\/www.comercialanma.es\/?product=vino-petalos-del-bierzo-75cl#webpage\",\"url\":\"https:\/\/www.comercialanma.es\/?product=vino-petalos-del-bierzo-75cl\",\"name\":\"Vino P\\u00e9talos del Bierzo 75cl. - Comercial de Hosteleria Anma\",\"isPartOf\":{\"@id\":\"https:\/\/www.comercialanma.es\/#website\"},\"primaryImageOfPage\":{\"@id\":\"https:\/\/www.comercialanma.es\/?product=vino-petalos-del-bierzo-75cl#primaryimage\"},\"datePublished\":\"2020-10-06T07:47:12+00:00\",\"dateModified\":\"2020-10-06T07:59:44+00:00\",\"breadcrumb\":{\"@id\":\"https:\/\/www.comercialanma.es\/?product=vino-petalos-del-bierzo-75cl#breadcrumb\"},\"inLanguage\":\"es\",\"potentialAction\":[{\"@type\":\"ReadAction\",\"target\":[\"https:\/\/www.comercialanma.es\/?product=vino-petalos-del-bierzo-75cl\"]}]},{\"@type\":\"BreadcrumbList\",\"@id\":\"https:\/\/www.comercialanma.es\/?product=vino-petalos-del-bierzo-75cl#breadcrumb\",\"itemListElement\":[{\"@type\":\"ListItem\",\"position\":1,\"item\":{\"@type\":\"WebPage\",\"@id\":\"https:\/\/www.comercialanma.es\/\",\"url\":\"https:\/\/www.comercialanma.es\/\",\"name\":\"Portada\"}},{\"@type\":\"ListItem\",\"position\":2,\"item\":{\"@type\":\"WebPage\",\"@id\":\"https:\/\/www.comercialanma.es\/?page_id=3963\",\"url\":\"https:\/\/www.comercialanma.es\/?page_id=3963\",\"name\":\"Cat\\u00e1logo de Productos\"}},{\"@type\":\"ListItem\",\"position\":3,\"item\":{\"@type\":\"WebPage\",\"@id\":\"https:\/\/www.comercialanma.es\/?product=vino-petalos-del-bierzo-75cl\",\"url\":\"https:\/\/www.comercialanma.es\/?product=vino-petalos-del-bierzo-75cl\",\"name\":\"Vino P\\u00e9talos del Bierzo 75cl.\"}}]}]}<\/script>\n<!-- \/ Yoast SEO plugin. -->","_links":{"self":[{"href":"https:\/\/www.comercialanma.es\/index.php?rest_route=\/wp\/v2\/product\/13880"}],"collection":[{"href":"https:\/\/www.comercialanma.es\/index.php?rest_route=\/wp\/v2\/product"}],"about":[{"href":"https:\/\/www.comercialanma.es\/index.php?rest_route=\/wp\/v2\/types\/product"}],"version-history":[{"count":2,"href":"https:\/\/www.comercialanma.es\/index.php?rest_route=\/wp\/v2\/product\/13880\/revisions"}],"predecessor-version":[{"id":13883,"href":"https:\/\/www.comercialanma.es\/index.php?rest_route=\/wp\/v2\/product\/13880\/revisions\/13883"}],"wp:featuredmedia":[{"embeddable":true,"href":"https:\/\/www.comercialanma.es\/index.php?rest_route=\/wp\/v2\/media\/13881"}],"wp:attachment":[{"href":"https:\/\/www.comercialanma.es\/index.php?rest_route=%2Fwp%2Fv2%2Fmedia&parent=13880"}],"curies":[{"name":"wp","href":"https:\/\/api.w.org\/{rel}","templated":true}]}}

Vino Pétalos del Bierzo 75cl.

<h3>D.O:</h3>
<ul>
<li>Bierzo</li>
</ul>
<h3>Variedades de uva:</h3>
<ul>
<li>Alicante Bouschet, Mencía, Uva blanca.</li>
</ul>
<h3>Graduación:</h3>
<ul>
<li>Graduación: 13,5% vol.</li>
</ul>
<h3>Nota de cata:</h3>
<div>
<ul>
<li>Nariz: Predominan los aromas de fresa, moras trituradas y arándanos. También tiene toques de pimienta negra y especias.</li>
<li>Boca: Vibrante, con sabores ácidos a fresa. Muy inmediato, redondo y jugoso. Realmente agradable y bebible.</li>
</ul>
</div>

<div id="tab-1">Pétalos del Bierzo es un vino fragante y jovial que transmite a la perfección todos los matices de la región del Bierzo: viñas viejas cultivadas en tierras de pizarra escarpadas y rocosas, de las que se extrae lo mejor de la Mencía. Además de la variedad Mencía, este coupage está aderezado con pequeñas cantidades de uvas procedentes de otros pagos de los términos municipales de Corullón, Valtuille, Villadecanes, Parandones y Villafranca del Bierzo.</div>

<!-- This site is optimized with the Yoast SEO plugin v15.9 - https://yoast.com/wordpress/plugins/seo/ -->
<title>Vino Pétalos del Bierzo 75cl. - Comercial de Hosteleria Anma</title>
<meta name="robots" content="index, follow, max-snippet:-1, max-image-preview:large, max-video-preview:-1" />
<link rel="canonical" href="https://www.comercialanma.es/?product=vino-petalos-del-bierzo-75cl" />
<meta property="og:locale" content="es_ES" />
<meta property="og:type" content="article" />
<meta property="og:title" content="Vino Pétalos del Bierzo 75cl. - Comercial de Hosteleria Anma" />
<meta property="og:description" content="Pétalos del Bierzo es un vino fragante y jovial que transmite a la perfección todos los matices de la región del Bierzo: viñas viejas cultivadas en tierras de pizarra escarpadas y rocosas, de las que se extrae lo mejor de la Mencía. Además de la variedad Mencía, este coupage está aderezado con pequeñas cantidades de uvas procedentes de otros pagos de los términos municipales de Corullón, Valtuille, Villadecanes, Parandones y Villafranca del Bierzo." />
<meta property="og:url" content="https://www.comercialanma.es/?product=vino-petalos-del-bierzo-75cl" />
<meta property="og:site_name" content="Comercial de Hosteleria Anma" />
<meta property="article:publisher" content="https://www.facebook.com/AnmaHosteleria" />
<meta property="article:modified_time" content="2020-10-06T07:59:44+00:00" />
<meta property="og:image" content="https://i1.wp.com/www.comercialanma.es/wp-content/uploads/2020/10/Petalos-del-Bierzo.jpg?fit=1080%2C1080&#038;ssl=1" />
	<meta property="og:image:width" content="1080" />
	<meta property="og:image:height" content="1080" />
<meta name="twitter:card" content="summary_large_image" />
<script type="application/ld+json" class="yoast-schema-graph">{"@context":"https://schema.org","@graph":[{"@type":"Organization","@id":"https://www.comercialanma.es/#organization","name":"Comercial Anma","url":"https://www.comercialanma.es/","sameAs":["https://www.facebook.com/AnmaHosteleria","https://www.instagram.com/anmahosteleria/?hl=es","https://www.youtube.com/channel/UCT2nmn08Ntks0hmpZPnDgCA"],"logo":{"@type":"ImageObject","@id":"https://www.comercialanma.es/#logo","inLanguage":"es","url":"https://i2.wp.com/www.comercialanma.es/wp-content/uploads/2019/06/logo-anma-color.png?fit=247%2C101&ssl=1","width":247,"height":101,"caption":"Comercial Anma"},"image":{"@id":"https://www.comercialanma.es/#logo"}},{"@type":"WebSite","@id":"https://www.comercialanma.es/#website","url":"https://www.comercialanma.es/","name":"Comercial de Hosteleria Anma","description":"","publisher":{"@id":"https://www.comercialanma.es/#organization"},"potentialAction":[{"@type":"SearchAction","target":"https://www.comercialanma.es/?s={search_term_string}","query-input":"required name=search_term_string"}],"inLanguage":"es"},{"@type":"ImageObject","@id":"https://www.comercialanma.es/?product=vino-petalos-del-bierzo-75cl#primaryimage","inLanguage":"es","url":"https://i1.wp.com/www.comercialanma.es/wp-content/uploads/2020/10/Petalos-del-Bierzo.jpg?fit=1080%2C1080&ssl=1","width":1080,"height":1080},{"@type":"WebPage","@id":"https://www.comercialanma.es/?product=vino-petalos-del-bierzo-75cl#webpage","url":"https://www.comercialanma.es/?product=vino-petalos-del-bierzo-75cl","name":"Vino P\u00e9talos del Bierzo 75cl. - Comercial de Hosteleria Anma","isPartOf":{"@id":"https://www.comercialanma.es/#website"},"primaryImageOfPage":{"@id":"https://www.comercialanma.es/?product=vino-petalos-del-bierzo-75cl#primaryimage"},"datePublished":"2020-10-06T07:47:12+00:00","dateModified":"2020-10-06T07:59:44+00:00","breadcrumb":{"@id":"https://www.comercialanma.es/?product=vino-petalos-del-bierzo-75cl#breadcrumb"},"inLanguage":"es","potentialAction":[{"@type":"ReadAction","target":["https://www.comercialanma.es/?product=vino-petalos-del-bierzo-75cl"]}]},{"@type":"BreadcrumbList","@id":"https://www.comercialanma.es/?product=vino-petalos-del-bierzo-75cl#breadcrumb","itemListElement":[{"@type":"ListItem","position":1,"item":{"@type":"WebPage","@id":"https://www.comercialanma.es/","url":"https://www.comercialanma.es/","name":"Portada"}},{"@type":"ListItem","position":2,"item":{"@type":"WebPage","@id":"https://www.comercialanma.es/?page_id=3963","url":"https://www.comercialanma.es/?page_id=3963","name":"Cat\u00e1logo de Productos"}},{"@type":"ListItem","position":3,"item":{"@type":"WebPage","@id":"https://www.comercialanma.es/?product=vino-petalos-del-bierzo-75cl","url":"https://www.comercialanma.es/?product=vino-petalos-del-bierzo-75cl","name":"Vino P\u00e9talos del Bierzo 75cl."}}]}]}</script>
<!-- / Yoast SEO plugin. -->
