
{"id":14096,"date":"2020-11-09T11:17:47","date_gmt":"2020-11-09T10:17:47","guid":{"rendered":"https:\/\/www.comercialanma.es\/?post_type=product&#038;p=14096"},"modified":"2020-11-09T11:22:52","modified_gmt":"2020-11-09T10:22:52","slug":"aceite-oliva-04o-suave-anma-5l","status":"publish","type":"product","link":"https:\/\/www.comercialanma.es\/?product=aceite-oliva-04o-suave-anma-5l","title":{"rendered":"Aceite Oliva 0,4\u00ba Suave Anma 5L."},"content":{"rendered":"","protected":false},"excerpt":{"rendered":"<div>\n<div>\n<div>\n<p>Aceite de Oliva 0,4\u00ba Suave<\/p>\n<\/div>\n<\/div>\n<div>\n<div>\n<p>Sabemos que te gusta cocinar con un aceite que no aporte excesivo sabor. Aceite de Oliva 0,4\u00ba tendr\u00e1s la seguridad de que tus platos resultar\u00e1n como los hab\u00edas planificado, sin sorpresas. Aceite de Oliva 0,4\u00ba, un aceite de calidad excepcional, gracias a su alto contenido en antioxidantes que benefician a tu organismo y al de los tuyos. Cocina con gusto con Aceite de Oliva 0,4\u00ba.<\/p>\n<\/div>\n<\/div>\n<\/div>\n","protected":false},"featured_media":14097,"template":"","meta":{"spay_email":""},"yoast_head":"<!-- This site is optimized with the Yoast SEO plugin v15.9 - https:\/\/yoast.com\/wordpress\/plugins\/seo\/ -->\n<title>Aceite Oliva 0,4\u00ba Suave Anma 5L. - Comercial de Hosteleria Anma<\/title>\n<meta name=\"robots\" content=\"index, follow, max-snippet:-1, max-image-preview:large, max-video-preview:-1\" \/>\n<link rel=\"canonical\" href=\"https:\/\/www.comercialanma.es\/?product=aceite-oliva-04o-suave-anma-5l\" \/>\n<meta property=\"og:locale\" content=\"es_ES\" \/>\n<meta property=\"og:type\" content=\"article\" \/>\n<meta property=\"og:title\" content=\"Aceite Oliva 0,4\u00ba Suave Anma 5L. - Comercial de Hosteleria Anma\" \/>\n<meta property=\"og:description\" content=\"Aceite de Oliva 0,4\u00ba Suave       Sabemos que te gusta cocinar con un aceite que no aporte excesivo sabor. Aceite de Oliva 0,4\u00ba tendr\u00e1s la seguridad de que tus platos resultar\u00e1n como los hab\u00edas planificado, sin sorpresas. Aceite de Oliva 0,4\u00ba, un aceite de calidad excepcional, gracias a su alto contenido en antioxidantes que benefician a tu organismo y al de los tuyos. Cocina con gusto con Aceite de Oliva 0,4\u00ba.\" \/>\n<meta property=\"og:url\" content=\"https:\/\/www.comercialanma.es\/?product=aceite-oliva-04o-suave-anma-5l\" \/>\n<meta property=\"og:site_name\" content=\"Comercial de Hosteleria Anma\" \/>\n<meta property=\"article:publisher\" content=\"https:\/\/www.facebook.com\/AnmaHosteleria\" \/>\n<meta property=\"article:modified_time\" content=\"2020-11-09T10:22:52+00:00\" \/>\n<meta property=\"og:image\" content=\"https:\/\/i0.wp.com\/www.comercialanma.es\/wp-content\/uploads\/2020\/11\/Aceite-Oliva-Anma-Suave-5l.jpg?fit=1080%2C1080&#038;ssl=1\" \/>\n\t<meta property=\"og:image:width\" content=\"1080\" \/>\n\t<meta property=\"og:image:height\" content=\"1080\" \/>\n<meta name=\"twitter:card\" content=\"summary_large_image\" \/>\n<script type=\"application\/ld+json\" class=\"yoast-schema-graph\">{\"@context\":\"https:\/\/schema.org\",\"@graph\":[{\"@type\":\"Organization\",\"@id\":\"https:\/\/www.comercialanma.es\/#organization\",\"name\":\"Comercial Anma\",\"url\":\"https:\/\/www.comercialanma.es\/\",\"sameAs\":[\"https:\/\/www.facebook.com\/AnmaHosteleria\",\"https:\/\/www.instagram.com\/anmahosteleria\/?hl=es\",\"https:\/\/www.youtube.com\/channel\/UCT2nmn08Ntks0hmpZPnDgCA\"],\"logo\":{\"@type\":\"ImageObject\",\"@id\":\"https:\/\/www.comercialanma.es\/#logo\",\"inLanguage\":\"es\",\"url\":\"https:\/\/i2.wp.com\/www.comercialanma.es\/wp-content\/uploads\/2019\/06\/logo-anma-color.png?fit=247%2C101&ssl=1\",\"width\":247,\"height\":101,\"caption\":\"Comercial Anma\"},\"image\":{\"@id\":\"https:\/\/www.comercialanma.es\/#logo\"}},{\"@type\":\"WebSite\",\"@id\":\"https:\/\/www.comercialanma.es\/#website\",\"url\":\"https:\/\/www.comercialanma.es\/\",\"name\":\"Comercial de Hosteleria Anma\",\"description\":\"\",\"publisher\":{\"@id\":\"https:\/\/www.comercialanma.es\/#organization\"},\"potentialAction\":[{\"@type\":\"SearchAction\",\"target\":\"https:\/\/www.comercialanma.es\/?s={search_term_string}\",\"query-input\":\"required name=search_term_string\"}],\"inLanguage\":\"es\"},{\"@type\":\"ImageObject\",\"@id\":\"https:\/\/www.comercialanma.es\/?product=aceite-oliva-04o-suave-anma-5l#primaryimage\",\"inLanguage\":\"es\",\"url\":\"https:\/\/i0.wp.com\/www.comercialanma.es\/wp-content\/uploads\/2020\/11\/Aceite-Oliva-Anma-Suave-5l.jpg?fit=1080%2C1080&ssl=1\",\"width\":1080,\"height\":1080},{\"@type\":\"WebPage\",\"@id\":\"https:\/\/www.comercialanma.es\/?product=aceite-oliva-04o-suave-anma-5l#webpage\",\"url\":\"https:\/\/www.comercialanma.es\/?product=aceite-oliva-04o-suave-anma-5l\",\"name\":\"Aceite Oliva 0,4\\u00ba Suave Anma 5L. - Comercial de Hosteleria Anma\",\"isPartOf\":{\"@id\":\"https:\/\/www.comercialanma.es\/#website\"},\"primaryImageOfPage\":{\"@id\":\"https:\/\/www.comercialanma.es\/?product=aceite-oliva-04o-suave-anma-5l#primaryimage\"},\"datePublished\":\"2020-11-09T10:17:47+00:00\",\"dateModified\":\"2020-11-09T10:22:52+00:00\",\"breadcrumb\":{\"@id\":\"https:\/\/www.comercialanma.es\/?product=aceite-oliva-04o-suave-anma-5l#breadcrumb\"},\"inLanguage\":\"es\",\"potentialAction\":[{\"@type\":\"ReadAction\",\"target\":[\"https:\/\/www.comercialanma.es\/?product=aceite-oliva-04o-suave-anma-5l\"]}]},{\"@type\":\"BreadcrumbList\",\"@id\":\"https:\/\/www.comercialanma.es\/?product=aceite-oliva-04o-suave-anma-5l#breadcrumb\",\"itemListElement\":[{\"@type\":\"ListItem\",\"position\":1,\"item\":{\"@type\":\"WebPage\",\"@id\":\"https:\/\/www.comercialanma.es\/\",\"url\":\"https:\/\/www.comercialanma.es\/\",\"name\":\"Portada\"}},{\"@type\":\"ListItem\",\"position\":2,\"item\":{\"@type\":\"WebPage\",\"@id\":\"https:\/\/www.comercialanma.es\/?page_id=3963\",\"url\":\"https:\/\/www.comercialanma.es\/?page_id=3963\",\"name\":\"Cat\\u00e1logo de Productos\"}},{\"@type\":\"ListItem\",\"position\":3,\"item\":{\"@type\":\"WebPage\",\"@id\":\"https:\/\/www.comercialanma.es\/?product=aceite-oliva-04o-suave-anma-5l\",\"url\":\"https:\/\/www.comercialanma.es\/?product=aceite-oliva-04o-suave-anma-5l\",\"name\":\"Aceite Oliva 0,4\\u00ba Suave Anma 5L.\"}}]}]}<\/script>\n<!-- \/ Yoast SEO plugin. -->","_links":{"self":[{"href":"https:\/\/www.comercialanma.es\/index.php?rest_route=\/wp\/v2\/product\/14096"}],"collection":[{"href":"https:\/\/www.comercialanma.es\/index.php?rest_route=\/wp\/v2\/product"}],"about":[{"href":"https:\/\/www.comercialanma.es\/index.php?rest_route=\/wp\/v2\/types\/product"}],"version-history":[{"count":1,"href":"https:\/\/www.comercialanma.es\/index.php?rest_route=\/wp\/v2\/product\/14096\/revisions"}],"predecessor-version":[{"id":14098,"href":"https:\/\/www.comercialanma.es\/index.php?rest_route=\/wp\/v2\/product\/14096\/revisions\/14098"}],"wp:featuredmedia":[{"embeddable":true,"href":"https:\/\/www.comercialanma.es\/index.php?rest_route=\/wp\/v2\/media\/14097"}],"wp:attachment":[{"href":"https:\/\/www.comercialanma.es\/index.php?rest_route=%2Fwp%2Fv2%2Fmedia&parent=14096"}],"curies":[{"name":"wp","href":"https:\/\/api.w.org\/{rel}","templated":true}]}}