
{"id":14226,"date":"2020-11-17T11:32:38","date_gmt":"2020-11-17T10:32:38","guid":{"rendered":"https:\/\/www.comercialanma.es\/?post_type=product&#038;p=14226"},"modified":"2020-11-17T11:44:09","modified_gmt":"2020-11-17T10:44:09","slug":"vino-comenge-verdejo-75cl","status":"publish","type":"product","link":"https:\/\/www.comercialanma.es\/?product=vino-comenge-verdejo-75cl","title":{"rendered":"Vino Comenge Verdejo 75cl."},"content":{"rendered":"<h3>D.O.:<\/h3>\n<ul>\n<li>Rueda<\/li>\n<\/ul>\n<h3>Variedades de uva:<\/h3>\n<ul>\n<li>Verdejo.<\/li>\n<\/ul>\n<h3>Graduaci\u00f3n:<\/h3>\n<ul>\n<li>Graduaci\u00f3n: 13% vol.<\/li>\n<\/ul>\n<h3>Nota de cata:<\/h3>\n<ul>\n<li>Amarillo pajizo, con irisaciones aceradas, limpio y brillante.<\/li>\n<li>Aroma de intensidad media-alta, muy varietal y envolvente, destacando el recuerdo a heno, paja seca, fruta blanca fresca, eneldo, hinojo, hierba reci\u00e9n cortada y ligeros recuerdos al laurel.<\/li>\n<li>En boca es seco, sabroso, vivaz, con volumen, equilibrio y buena persistencia. El paso es suave y alegre, haciendo gala de su refrescante acidez. En el postgusto aparece todo el car\u00e1cter de la vi\u00f1a vieja: una agradable y sutil sensaci\u00f3n herb\u00e1cea (hierba fresca, hinojo) que alarga su persistencia y nos deja un elegante recuerdo en el paladar.<\/li>\n<\/ul>\n","protected":false},"excerpt":{"rendered":"<div id=\"short_description_content\">\n<p>Comenge Verdejo es un vino blanco joven elaborado por Bodegas Comenge bajo la Denominaci\u00f3n de Origen Rueda.<\/p>\n<p>Elaborado s\u00f3lo con uvas de la variedad Verdejo, procedentes de vi\u00f1edos de m\u00e1s de 80 a\u00f1os de antig\u00fcedad de peque\u00f1os viticultores de la localidad de Rueda. Vendimia manual diurna.<\/p>\n<p>Bodegas Comenge se funda en 1999 con la intenci\u00f3n de elaborar vinos tintos y blancos de calidad en Curiel de Duero (Valladolid) en la Denominaci\u00f3n de Origen Ribera del Duero.<\/p>\n<\/div>\n","protected":false},"featured_media":14227,"template":"","meta":{"spay_email":""},"yoast_head":"<!-- This site is optimized with the Yoast SEO plugin v15.9 - https:\/\/yoast.com\/wordpress\/plugins\/seo\/ -->\n<title>Vino Comenge Verdejo 75cl. - Comercial de Hosteleria Anma<\/title>\n<meta name=\"description\" content=\"Comenge Verdejo es un vino blanco joven elaborado por Bodegas Comenge bajo la Denominaci\u00f3n de Origen Rueda.\" \/>\n<meta name=\"robots\" content=\"index, follow, max-snippet:-1, max-image-preview:large, max-video-preview:-1\" \/>\n<link rel=\"canonical\" href=\"https:\/\/www.comercialanma.es\/?product=vino-comenge-verdejo-75cl\" \/>\n<meta property=\"og:locale\" content=\"es_ES\" \/>\n<meta property=\"og:type\" content=\"article\" \/>\n<meta property=\"og:title\" content=\"Vino Comenge Verdejo 75cl. - Comercial de Hosteleria Anma\" \/>\n<meta property=\"og:description\" content=\"Comenge Verdejo es un vino blanco joven elaborado por Bodegas Comenge bajo la Denominaci\u00f3n de Origen Rueda.\" \/>\n<meta property=\"og:url\" content=\"https:\/\/www.comercialanma.es\/?product=vino-comenge-verdejo-75cl\" \/>\n<meta property=\"og:site_name\" content=\"Comercial de Hosteleria Anma\" \/>\n<meta property=\"article:publisher\" content=\"https:\/\/www.facebook.com\/AnmaHosteleria\" \/>\n<meta property=\"article:modified_time\" content=\"2020-11-17T10:44:09+00:00\" \/>\n<meta property=\"og:image\" content=\"https:\/\/i0.wp.com\/www.comercialanma.es\/wp-content\/uploads\/2020\/11\/Comenge-verdejo.jpg?fit=1080%2C1080&#038;ssl=1\" \/>\n\t<meta property=\"og:image:width\" content=\"1080\" \/>\n\t<meta property=\"og:image:height\" content=\"1080\" \/>\n<meta name=\"twitter:card\" content=\"summary_large_image\" \/>\n<meta name=\"twitter:label1\" content=\"Tiempo de lectura\">\n\t<meta name=\"twitter:data1\" content=\"1 minuto\">\n<script type=\"application\/ld+json\" class=\"yoast-schema-graph\">{\"@context\":\"https:\/\/schema.org\",\"@graph\":[{\"@type\":\"Organization\",\"@id\":\"https:\/\/www.comercialanma.es\/#organization\",\"name\":\"Comercial Anma\",\"url\":\"https:\/\/www.comercialanma.es\/\",\"sameAs\":[\"https:\/\/www.facebook.com\/AnmaHosteleria\",\"https:\/\/www.instagram.com\/anmahosteleria\/?hl=es\",\"https:\/\/www.youtube.com\/channel\/UCT2nmn08Ntks0hmpZPnDgCA\"],\"logo\":{\"@type\":\"ImageObject\",\"@id\":\"https:\/\/www.comercialanma.es\/#logo\",\"inLanguage\":\"es\",\"url\":\"https:\/\/i2.wp.com\/www.comercialanma.es\/wp-content\/uploads\/2019\/06\/logo-anma-color.png?fit=247%2C101&ssl=1\",\"width\":247,\"height\":101,\"caption\":\"Comercial Anma\"},\"image\":{\"@id\":\"https:\/\/www.comercialanma.es\/#logo\"}},{\"@type\":\"WebSite\",\"@id\":\"https:\/\/www.comercialanma.es\/#website\",\"url\":\"https:\/\/www.comercialanma.es\/\",\"name\":\"Comercial de Hosteleria Anma\",\"description\":\"\",\"publisher\":{\"@id\":\"https:\/\/www.comercialanma.es\/#organization\"},\"potentialAction\":[{\"@type\":\"SearchAction\",\"target\":\"https:\/\/www.comercialanma.es\/?s={search_term_string}\",\"query-input\":\"required name=search_term_string\"}],\"inLanguage\":\"es\"},{\"@type\":\"ImageObject\",\"@id\":\"https:\/\/www.comercialanma.es\/?product=vino-comenge-verdejo-75cl#primaryimage\",\"inLanguage\":\"es\",\"url\":\"https:\/\/i0.wp.com\/www.comercialanma.es\/wp-content\/uploads\/2020\/11\/Comenge-verdejo.jpg?fit=1080%2C1080&ssl=1\",\"width\":1080,\"height\":1080},{\"@type\":\"WebPage\",\"@id\":\"https:\/\/www.comercialanma.es\/?product=vino-comenge-verdejo-75cl#webpage\",\"url\":\"https:\/\/www.comercialanma.es\/?product=vino-comenge-verdejo-75cl\",\"name\":\"Vino Comenge Verdejo 75cl. - Comercial de Hosteleria Anma\",\"isPartOf\":{\"@id\":\"https:\/\/www.comercialanma.es\/#website\"},\"primaryImageOfPage\":{\"@id\":\"https:\/\/www.comercialanma.es\/?product=vino-comenge-verdejo-75cl#primaryimage\"},\"datePublished\":\"2020-11-17T10:32:38+00:00\",\"dateModified\":\"2020-11-17T10:44:09+00:00\",\"description\":\"Comenge Verdejo es un vino blanco joven elaborado por Bodegas Comenge bajo la Denominaci\\u00f3n de Origen Rueda.\",\"breadcrumb\":{\"@id\":\"https:\/\/www.comercialanma.es\/?product=vino-comenge-verdejo-75cl#breadcrumb\"},\"inLanguage\":\"es\",\"potentialAction\":[{\"@type\":\"ReadAction\",\"target\":[\"https:\/\/www.comercialanma.es\/?product=vino-comenge-verdejo-75cl\"]}]},{\"@type\":\"BreadcrumbList\",\"@id\":\"https:\/\/www.comercialanma.es\/?product=vino-comenge-verdejo-75cl#breadcrumb\",\"itemListElement\":[{\"@type\":\"ListItem\",\"position\":1,\"item\":{\"@type\":\"WebPage\",\"@id\":\"https:\/\/www.comercialanma.es\/\",\"url\":\"https:\/\/www.comercialanma.es\/\",\"name\":\"Portada\"}},{\"@type\":\"ListItem\",\"position\":2,\"item\":{\"@type\":\"WebPage\",\"@id\":\"https:\/\/www.comercialanma.es\/?page_id=3963\",\"url\":\"https:\/\/www.comercialanma.es\/?page_id=3963\",\"name\":\"Cat\\u00e1logo de Productos\"}},{\"@type\":\"ListItem\",\"position\":3,\"item\":{\"@type\":\"WebPage\",\"@id\":\"https:\/\/www.comercialanma.es\/?product=vino-comenge-verdejo-75cl\",\"url\":\"https:\/\/www.comercialanma.es\/?product=vino-comenge-verdejo-75cl\",\"name\":\"Vino Comenge Verdejo 75cl.\"}}]}]}<\/script>\n<!-- \/ Yoast SEO plugin. -->","_links":{"self":[{"href":"https:\/\/www.comercialanma.es\/index.php?rest_route=\/wp\/v2\/product\/14226"}],"collection":[{"href":"https:\/\/www.comercialanma.es\/index.php?rest_route=\/wp\/v2\/product"}],"about":[{"href":"https:\/\/www.comercialanma.es\/index.php?rest_route=\/wp\/v2\/types\/product"}],"version-history":[{"count":2,"href":"https:\/\/www.comercialanma.es\/index.php?rest_route=\/wp\/v2\/product\/14226\/revisions"}],"predecessor-version":[{"id":14229,"href":"https:\/\/www.comercialanma.es\/index.php?rest_route=\/wp\/v2\/product\/14226\/revisions\/14229"}],"wp:featuredmedia":[{"embeddable":true,"href":"https:\/\/www.comercialanma.es\/index.php?rest_route=\/wp\/v2\/media\/14227"}],"wp:attachment":[{"href":"https:\/\/www.comercialanma.es\/index.php?rest_route=%2Fwp%2Fv2%2Fmedia&parent=14226"}],"curies":[{"name":"wp","href":"https:\/\/api.w.org\/{rel}","templated":true}]}}