
{"id":14309,"date":"2020-12-10T17:04:05","date_gmt":"2020-12-10T16:04:05","guid":{"rendered":"https:\/\/www.comercialanma.es\/?post_type=product&#038;p=14309"},"modified":"2020-12-10T17:19:32","modified_gmt":"2020-12-10T16:19:32","slug":"margarina-valle-tena","status":"publish","type":"product","link":"https:\/\/www.comercialanma.es\/?product=margarina-valle-tena","title":{"rendered":"Margarina Valle de Tena bloque 1 kg."},"content":{"rendered":"<div class=\"tab-content\">\n<section id=\"tab3\" class=\"tab-pane page-product-box active\">\n<div class=\"suggestion-container\">\n<h2 class=\"info_text ingredients\"><span class=\"info_title\">Modo de empleo:<\/span><\/h2>\n<ul>\n<li>Para las elaboraciones en la plancha.<\/li>\n<li>Para la preparaci\u00f3n de bocadillos y canapes.<\/li>\n<li>Para cocinar, saltear verduras, preparar salsas,&#8230;.<\/li>\n<li>Para aplicaciones de pasteler\u00eda .<\/li>\n<\/ul>\n<\/div>\n<\/section>\n<\/div>\n","protected":false},"excerpt":{"rendered":"<div>\n<div>Margarina Valle de Tena bloque 1kg.<\/div>\n<div>Gran sabor y excelente bouquet. Gracias a su plasticidad y elasticidad, le permitir\u00e1 realizar m\u00faltiples aplicaciones de forma pr\u00e1ctica y sencilla aportando un sabor fresco y natural.<\/div>\n<div>\n<div lang=\"es-ES\" data-md=\"61\"><\/div>\n<div class=\"g\">\n<div class=\"rc\" data-hveid=\"CA4QAA\" data-ved=\"2ahUKEwiiqpy42MPtAhV-URUIHVgiCbMQFSgAMAF6BAgOEAA\">\n<div class=\"yuRUbf\"><\/div>\n<\/div>\n<\/div>\n<\/div>\n<div><\/div>\n<\/div>\n","protected":false},"featured_media":14310,"template":"","meta":{"spay_email":""},"yoast_head":"<!-- This site is optimized with the Yoast SEO plugin v15.9 - https:\/\/yoast.com\/wordpress\/plugins\/seo\/ -->\n<title>Margarina Valle de Tena bloque 1 kg. - Comercial de Hosteleria Anma<\/title>\n<meta name=\"description\" content=\"Gran sabor y excelente bouquet. Gracias a su plasticidad y elasticidad, le permitir\u00e1 realizar m\u00faltiples aplicaciones de forma pr\u00e1ctica.\" \/>\n<meta name=\"robots\" content=\"index, follow, max-snippet:-1, max-image-preview:large, max-video-preview:-1\" \/>\n<link rel=\"canonical\" href=\"https:\/\/www.comercialanma.es\/?product=margarina-valle-tena\" \/>\n<meta property=\"og:locale\" content=\"es_ES\" \/>\n<meta property=\"og:type\" content=\"article\" \/>\n<meta property=\"og:title\" content=\"Margarina Valle de Tena bloque 1 kg. - Comercial de Hosteleria Anma\" \/>\n<meta property=\"og:description\" content=\"Gran sabor y excelente bouquet. Gracias a su plasticidad y elasticidad, le permitir\u00e1 realizar m\u00faltiples aplicaciones de forma pr\u00e1ctica.\" \/>\n<meta property=\"og:url\" content=\"https:\/\/www.comercialanma.es\/?product=margarina-valle-tena\" \/>\n<meta property=\"og:site_name\" content=\"Comercial de Hosteleria Anma\" \/>\n<meta property=\"article:publisher\" content=\"https:\/\/www.facebook.com\/AnmaHosteleria\" \/>\n<meta property=\"article:modified_time\" content=\"2020-12-10T16:19:32+00:00\" \/>\n<meta property=\"og:image\" content=\"https:\/\/i0.wp.com\/www.comercialanma.es\/wp-content\/uploads\/2020\/12\/Margarina-valle-de-Tena.jpg?fit=1080%2C1080&#038;ssl=1\" \/>\n\t<meta property=\"og:image:width\" content=\"1080\" \/>\n\t<meta property=\"og:image:height\" content=\"1080\" \/>\n<meta name=\"twitter:card\" content=\"summary_large_image\" \/>\n<script type=\"application\/ld+json\" class=\"yoast-schema-graph\">{\"@context\":\"https:\/\/schema.org\",\"@graph\":[{\"@type\":\"Organization\",\"@id\":\"https:\/\/www.comercialanma.es\/#organization\",\"name\":\"Comercial Anma\",\"url\":\"https:\/\/www.comercialanma.es\/\",\"sameAs\":[\"https:\/\/www.facebook.com\/AnmaHosteleria\",\"https:\/\/www.instagram.com\/anmahosteleria\/?hl=es\",\"https:\/\/www.youtube.com\/channel\/UCT2nmn08Ntks0hmpZPnDgCA\"],\"logo\":{\"@type\":\"ImageObject\",\"@id\":\"https:\/\/www.comercialanma.es\/#logo\",\"inLanguage\":\"es\",\"url\":\"https:\/\/i2.wp.com\/www.comercialanma.es\/wp-content\/uploads\/2019\/06\/logo-anma-color.png?fit=247%2C101&ssl=1\",\"width\":247,\"height\":101,\"caption\":\"Comercial Anma\"},\"image\":{\"@id\":\"https:\/\/www.comercialanma.es\/#logo\"}},{\"@type\":\"WebSite\",\"@id\":\"https:\/\/www.comercialanma.es\/#website\",\"url\":\"https:\/\/www.comercialanma.es\/\",\"name\":\"Comercial de Hosteleria Anma\",\"description\":\"\",\"publisher\":{\"@id\":\"https:\/\/www.comercialanma.es\/#organization\"},\"potentialAction\":[{\"@type\":\"SearchAction\",\"target\":\"https:\/\/www.comercialanma.es\/?s={search_term_string}\",\"query-input\":\"required name=search_term_string\"}],\"inLanguage\":\"es\"},{\"@type\":\"ImageObject\",\"@id\":\"https:\/\/www.comercialanma.es\/?product=margarina-valle-tena#primaryimage\",\"inLanguage\":\"es\",\"url\":\"https:\/\/i0.wp.com\/www.comercialanma.es\/wp-content\/uploads\/2020\/12\/Margarina-valle-de-Tena.jpg?fit=1080%2C1080&ssl=1\",\"width\":1080,\"height\":1080},{\"@type\":\"WebPage\",\"@id\":\"https:\/\/www.comercialanma.es\/?product=margarina-valle-tena#webpage\",\"url\":\"https:\/\/www.comercialanma.es\/?product=margarina-valle-tena\",\"name\":\"Margarina Valle de Tena bloque 1 kg. - Comercial de Hosteleria Anma\",\"isPartOf\":{\"@id\":\"https:\/\/www.comercialanma.es\/#website\"},\"primaryImageOfPage\":{\"@id\":\"https:\/\/www.comercialanma.es\/?product=margarina-valle-tena#primaryimage\"},\"datePublished\":\"2020-12-10T16:04:05+00:00\",\"dateModified\":\"2020-12-10T16:19:32+00:00\",\"description\":\"Gran sabor y excelente bouquet. Gracias a su plasticidad y elasticidad, le permitir\\u00e1 realizar m\\u00faltiples aplicaciones de forma pr\\u00e1ctica.\",\"breadcrumb\":{\"@id\":\"https:\/\/www.comercialanma.es\/?product=margarina-valle-tena#breadcrumb\"},\"inLanguage\":\"es\",\"potentialAction\":[{\"@type\":\"ReadAction\",\"target\":[\"https:\/\/www.comercialanma.es\/?product=margarina-valle-tena\"]}]},{\"@type\":\"BreadcrumbList\",\"@id\":\"https:\/\/www.comercialanma.es\/?product=margarina-valle-tena#breadcrumb\",\"itemListElement\":[{\"@type\":\"ListItem\",\"position\":1,\"item\":{\"@type\":\"WebPage\",\"@id\":\"https:\/\/www.comercialanma.es\/\",\"url\":\"https:\/\/www.comercialanma.es\/\",\"name\":\"Portada\"}},{\"@type\":\"ListItem\",\"position\":2,\"item\":{\"@type\":\"WebPage\",\"@id\":\"https:\/\/www.comercialanma.es\/?page_id=3963\",\"url\":\"https:\/\/www.comercialanma.es\/?page_id=3963\",\"name\":\"Cat\\u00e1logo de Productos\"}},{\"@type\":\"ListItem\",\"position\":3,\"item\":{\"@type\":\"WebPage\",\"@id\":\"https:\/\/www.comercialanma.es\/?product=margarina-valle-tena\",\"url\":\"https:\/\/www.comercialanma.es\/?product=margarina-valle-tena\",\"name\":\"Margarina Valle de Tena bloque 1 kg.\"}}]}]}<\/script>\n<!-- \/ Yoast SEO plugin. -->","_links":{"self":[{"href":"https:\/\/www.comercialanma.es\/index.php?rest_route=\/wp\/v2\/product\/14309"}],"collection":[{"href":"https:\/\/www.comercialanma.es\/index.php?rest_route=\/wp\/v2\/product"}],"about":[{"href":"https:\/\/www.comercialanma.es\/index.php?rest_route=\/wp\/v2\/types\/product"}],"version-history":[{"count":1,"href":"https:\/\/www.comercialanma.es\/index.php?rest_route=\/wp\/v2\/product\/14309\/revisions"}],"predecessor-version":[{"id":14311,"href":"https:\/\/www.comercialanma.es\/index.php?rest_route=\/wp\/v2\/product\/14309\/revisions\/14311"}],"wp:featuredmedia":[{"embeddable":true,"href":"https:\/\/www.comercialanma.es\/index.php?rest_route=\/wp\/v2\/media\/14310"}],"wp:attachment":[{"href":"https:\/\/www.comercialanma.es\/index.php?rest_route=%2Fwp%2Fv2%2Fmedia&parent=14309"}],"curies":[{"name":"wp","href":"https:\/\/api.w.org\/{rel}","templated":true}]}}