
{"id":14313,"date":"2020-12-10T17:18:12","date_gmt":"2020-12-10T16:18:12","guid":{"rendered":"https:\/\/www.comercialanma.es\/?post_type=product&#038;p=14313"},"modified":"2020-12-10T17:26:54","modified_gmt":"2020-12-10T16:26:54","slug":"nata-spray-reny","status":"publish","type":"product","link":"https:\/\/www.comercialanma.es\/?product=nata-spray-reny","title":{"rendered":"Nata spray Reny Picot 500gr."},"content":{"rendered":"<div class=\"tab-content\">\n<section id=\"tab3\" class=\"tab-pane page-product-box active\">\n<div class=\"suggestion-container\">\n<h2 class=\"info_text ingredients\"><span class=\"info_title\">Ingredientes:<\/span><\/h2>\n<ul>\n<li class=\"info_text ingredients\"><span class=\"info_title\">Nata (91%), az\u00facar (8,5%), emulgente (E472b), Corrector de acidez (E339ii) estabilizante (E407), gas propelente ( oxido nitroso)<\/span><\/li>\n<\/ul>\n<\/div>\n<\/section>\n<\/div>\n","protected":false},"excerpt":{"rendered":"<div>\n<div>La nata es un producto l\u00e1cteo rico en materia grasa que se obtiene al separarla de la leche de origen animal. Seg\u00fan la legislaci\u00f3n alimentaria, se llamar\u00e1 nata a aquella que proceda exclusivamente de la leche de vaca como la que elaboramos en Reny Picot. Si procede de otro animal como cabra u oveja, se mencionar\u00e1 el t\u00e9rmino de nata y posteriormente hay que nombrar del animal que proceda.<\/div>\n<div>\n<div lang=\"es-ES\" data-md=\"61\"><\/div>\n<div class=\"g\">\n<div class=\"rc\" data-hveid=\"CA4QAA\" data-ved=\"2ahUKEwiiqpy42MPtAhV-URUIHVgiCbMQFSgAMAF6BAgOEAA\">\n<div class=\"yuRUbf\"><\/div>\n<\/div>\n<\/div>\n<\/div>\n<div><\/div>\n<\/div>\n","protected":false},"featured_media":14315,"template":"","meta":{"spay_email":""},"yoast_head":"<!-- This site is optimized with the Yoast SEO plugin v15.9 - https:\/\/yoast.com\/wordpress\/plugins\/seo\/ -->\n<title>Nata spray Reny Picot 500gr. - Comercial de Hosteleria Anma<\/title>\n<meta name=\"description\" content=\"La nata es un producto l\u00e1cteo rico en materia grasa que se obtiene al separarla de la leche de origen animal.\" \/>\n<meta name=\"robots\" content=\"index, follow, max-snippet:-1, max-image-preview:large, max-video-preview:-1\" \/>\n<link rel=\"canonical\" href=\"https:\/\/www.comercialanma.es\/?product=nata-spray-reny\" \/>\n<meta property=\"og:locale\" content=\"es_ES\" \/>\n<meta property=\"og:type\" content=\"article\" \/>\n<meta property=\"og:title\" content=\"Nata spray Reny Picot 500gr. - Comercial de Hosteleria Anma\" \/>\n<meta property=\"og:description\" content=\"La nata es un producto l\u00e1cteo rico en materia grasa que se obtiene al separarla de la leche de origen animal.\" \/>\n<meta property=\"og:url\" content=\"https:\/\/www.comercialanma.es\/?product=nata-spray-reny\" \/>\n<meta property=\"og:site_name\" content=\"Comercial de Hosteleria Anma\" \/>\n<meta property=\"article:publisher\" content=\"https:\/\/www.facebook.com\/AnmaHosteleria\" \/>\n<meta property=\"article:modified_time\" content=\"2020-12-10T16:26:54+00:00\" \/>\n<meta property=\"og:image\" content=\"https:\/\/i2.wp.com\/www.comercialanma.es\/wp-content\/uploads\/2020\/12\/Nata-Spray-Reny-Picot-500gr.jpg?fit=1080%2C1080&#038;ssl=1\" \/>\n\t<meta property=\"og:image:width\" content=\"1080\" \/>\n\t<meta property=\"og:image:height\" content=\"1080\" \/>\n<meta name=\"twitter:card\" content=\"summary_large_image\" \/>\n<script type=\"application\/ld+json\" class=\"yoast-schema-graph\">{\"@context\":\"https:\/\/schema.org\",\"@graph\":[{\"@type\":\"Organization\",\"@id\":\"https:\/\/www.comercialanma.es\/#organization\",\"name\":\"Comercial Anma\",\"url\":\"https:\/\/www.comercialanma.es\/\",\"sameAs\":[\"https:\/\/www.facebook.com\/AnmaHosteleria\",\"https:\/\/www.instagram.com\/anmahosteleria\/?hl=es\",\"https:\/\/www.youtube.com\/channel\/UCT2nmn08Ntks0hmpZPnDgCA\"],\"logo\":{\"@type\":\"ImageObject\",\"@id\":\"https:\/\/www.comercialanma.es\/#logo\",\"inLanguage\":\"es\",\"url\":\"https:\/\/i2.wp.com\/www.comercialanma.es\/wp-content\/uploads\/2019\/06\/logo-anma-color.png?fit=247%2C101&ssl=1\",\"width\":247,\"height\":101,\"caption\":\"Comercial Anma\"},\"image\":{\"@id\":\"https:\/\/www.comercialanma.es\/#logo\"}},{\"@type\":\"WebSite\",\"@id\":\"https:\/\/www.comercialanma.es\/#website\",\"url\":\"https:\/\/www.comercialanma.es\/\",\"name\":\"Comercial de Hosteleria Anma\",\"description\":\"\",\"publisher\":{\"@id\":\"https:\/\/www.comercialanma.es\/#organization\"},\"potentialAction\":[{\"@type\":\"SearchAction\",\"target\":\"https:\/\/www.comercialanma.es\/?s={search_term_string}\",\"query-input\":\"required name=search_term_string\"}],\"inLanguage\":\"es\"},{\"@type\":\"ImageObject\",\"@id\":\"https:\/\/www.comercialanma.es\/?product=nata-spray-reny#primaryimage\",\"inLanguage\":\"es\",\"url\":\"https:\/\/i2.wp.com\/www.comercialanma.es\/wp-content\/uploads\/2020\/12\/Nata-Spray-Reny-Picot-500gr.jpg?fit=1080%2C1080&ssl=1\",\"width\":1080,\"height\":1080},{\"@type\":\"WebPage\",\"@id\":\"https:\/\/www.comercialanma.es\/?product=nata-spray-reny#webpage\",\"url\":\"https:\/\/www.comercialanma.es\/?product=nata-spray-reny\",\"name\":\"Nata spray Reny Picot 500gr. - Comercial de Hosteleria Anma\",\"isPartOf\":{\"@id\":\"https:\/\/www.comercialanma.es\/#website\"},\"primaryImageOfPage\":{\"@id\":\"https:\/\/www.comercialanma.es\/?product=nata-spray-reny#primaryimage\"},\"datePublished\":\"2020-12-10T16:18:12+00:00\",\"dateModified\":\"2020-12-10T16:26:54+00:00\",\"description\":\"La nata es un producto l\\u00e1cteo rico en materia grasa que se obtiene al separarla de la leche de origen animal.\",\"breadcrumb\":{\"@id\":\"https:\/\/www.comercialanma.es\/?product=nata-spray-reny#breadcrumb\"},\"inLanguage\":\"es\",\"potentialAction\":[{\"@type\":\"ReadAction\",\"target\":[\"https:\/\/www.comercialanma.es\/?product=nata-spray-reny\"]}]},{\"@type\":\"BreadcrumbList\",\"@id\":\"https:\/\/www.comercialanma.es\/?product=nata-spray-reny#breadcrumb\",\"itemListElement\":[{\"@type\":\"ListItem\",\"position\":1,\"item\":{\"@type\":\"WebPage\",\"@id\":\"https:\/\/www.comercialanma.es\/\",\"url\":\"https:\/\/www.comercialanma.es\/\",\"name\":\"Portada\"}},{\"@type\":\"ListItem\",\"position\":2,\"item\":{\"@type\":\"WebPage\",\"@id\":\"https:\/\/www.comercialanma.es\/?page_id=3963\",\"url\":\"https:\/\/www.comercialanma.es\/?page_id=3963\",\"name\":\"Cat\\u00e1logo de Productos\"}},{\"@type\":\"ListItem\",\"position\":3,\"item\":{\"@type\":\"WebPage\",\"@id\":\"https:\/\/www.comercialanma.es\/?product=nata-spray-reny\",\"url\":\"https:\/\/www.comercialanma.es\/?product=nata-spray-reny\",\"name\":\"Nata spray Reny Picot 500gr.\"}}]}]}<\/script>\n<!-- \/ Yoast SEO plugin. -->","_links":{"self":[{"href":"https:\/\/www.comercialanma.es\/index.php?rest_route=\/wp\/v2\/product\/14313"}],"collection":[{"href":"https:\/\/www.comercialanma.es\/index.php?rest_route=\/wp\/v2\/product"}],"about":[{"href":"https:\/\/www.comercialanma.es\/index.php?rest_route=\/wp\/v2\/types\/product"}],"version-history":[{"count":2,"href":"https:\/\/www.comercialanma.es\/index.php?rest_route=\/wp\/v2\/product\/14313\/revisions"}],"predecessor-version":[{"id":14316,"href":"https:\/\/www.comercialanma.es\/index.php?rest_route=\/wp\/v2\/product\/14313\/revisions\/14316"}],"wp:featuredmedia":[{"embeddable":true,"href":"https:\/\/www.comercialanma.es\/index.php?rest_route=\/wp\/v2\/media\/14315"}],"wp:attachment":[{"href":"https:\/\/www.comercialanma.es\/index.php?rest_route=%2Fwp%2Fv2%2Fmedia&parent=14313"}],"curies":[{"name":"wp","href":"https:\/\/api.w.org\/{rel}","templated":true}]}}