
{"id":14366,"date":"2020-12-11T16:21:21","date_gmt":"2020-12-11T15:21:21","guid":{"rendered":"https:\/\/www.comercialanma.es\/?post_type=product&#038;p=14366"},"modified":"2025-04-01T09:05:35","modified_gmt":"2025-04-01T07:05:35","slug":"tomate-triturado-dantza-5","status":"publish","type":"product","link":"https:\/\/www.comercialanma.es\/?product=tomate-triturado-dantza-5","title":{"rendered":"Tomate triturado Dantza 5kg."},"content":{"rendered":"<h3>Ingredientes:<\/h3>\n<p>Tomate, Sal y Acidulante (\u00c1cido C\u00edtrico E-330).<\/p>\n","protected":false},"excerpt":{"rendered":"<div>\n<div>\n<div class=\"cls_prodDescription\">\n<div tabindex=\"0\" aria-label=\"En Orlando elaboramos el tomate triturado con tomates frescos seleccionados en su punto de madurez, y lo envasamos enseguida para mantener toda su riqueza nutritiva. Por su exquisito sabor, aroma y consistencia puede usarse como base para elaborar salsas o como ingrediente para cocinar los platos m\u00e1s diversos.\">En Orlando elaboramos el tomate triturado con tomates frescos seleccionados en su punto de madurez, y lo envasamos enseguida para mantener toda su riqueza nutritiva. Por su exquisito sabor, aroma y consistencia puede usarse como base para elaborar salsas o como ingrediente para cocinar los platos m\u00e1s diversos.<\/div>\n<div tabindex=\"0\" aria-label=\"Sin conservantes Sin gluten\">\u00b7 Sin conservantes \u00b7 Sin gluten<\/div>\n<\/div>\n<\/div>\n<div><\/div>\n<\/div>\n","protected":false},"featured_media":0,"template":"","meta":{"spay_email":""},"yoast_head":"<!-- This site is optimized with the Yoast SEO plugin v15.9 - https:\/\/yoast.com\/wordpress\/plugins\/seo\/ -->\n<title>Tomate triturado Dantza 5kg. - Comercial de Hosteleria Anma<\/title>\n<meta name=\"description\" content=\"Tomate 100% natural\u00cdntegramente producido por los agricultores socios y en cuya elaboraci\u00f3n se combina perfectamente la tradici\u00f3n.\" \/>\n<meta name=\"robots\" content=\"index, follow, max-snippet:-1, max-image-preview:large, max-video-preview:-1\" \/>\n<link rel=\"canonical\" href=\"https:\/\/www.comercialanma.es\/?product=tomate-triturado-dantza-5\" \/>\n<meta property=\"og:locale\" content=\"es_ES\" \/>\n<meta property=\"og:type\" content=\"article\" \/>\n<meta property=\"og:title\" content=\"Tomate triturado Dantza 5kg. - Comercial de Hosteleria Anma\" \/>\n<meta property=\"og:description\" content=\"Tomate 100% natural\u00cdntegramente producido por los agricultores socios y en cuya elaboraci\u00f3n se combina perfectamente la tradici\u00f3n.\" \/>\n<meta property=\"og:url\" content=\"https:\/\/www.comercialanma.es\/?product=tomate-triturado-dantza-5\" \/>\n<meta property=\"og:site_name\" content=\"Comercial de Hosteleria Anma\" \/>\n<meta property=\"article:publisher\" content=\"https:\/\/www.facebook.com\/AnmaHosteleria\" \/>\n<meta property=\"article:modified_time\" content=\"2025-04-01T07:05:35+00:00\" \/>\n<meta name=\"twitter:card\" content=\"summary_large_image\" \/>\n<script type=\"application\/ld+json\" class=\"yoast-schema-graph\">{\"@context\":\"https:\/\/schema.org\",\"@graph\":[{\"@type\":\"Organization\",\"@id\":\"https:\/\/www.comercialanma.es\/#organization\",\"name\":\"Comercial Anma\",\"url\":\"https:\/\/www.comercialanma.es\/\",\"sameAs\":[\"https:\/\/www.facebook.com\/AnmaHosteleria\",\"https:\/\/www.instagram.com\/anmahosteleria\/?hl=es\",\"https:\/\/www.youtube.com\/channel\/UCT2nmn08Ntks0hmpZPnDgCA\"],\"logo\":{\"@type\":\"ImageObject\",\"@id\":\"https:\/\/www.comercialanma.es\/#logo\",\"inLanguage\":\"es\",\"url\":\"https:\/\/i2.wp.com\/www.comercialanma.es\/wp-content\/uploads\/2019\/06\/logo-anma-color.png?fit=247%2C101&ssl=1\",\"width\":247,\"height\":101,\"caption\":\"Comercial Anma\"},\"image\":{\"@id\":\"https:\/\/www.comercialanma.es\/#logo\"}},{\"@type\":\"WebSite\",\"@id\":\"https:\/\/www.comercialanma.es\/#website\",\"url\":\"https:\/\/www.comercialanma.es\/\",\"name\":\"Comercial de Hosteleria Anma\",\"description\":\"\",\"publisher\":{\"@id\":\"https:\/\/www.comercialanma.es\/#organization\"},\"potentialAction\":[{\"@type\":\"SearchAction\",\"target\":\"https:\/\/www.comercialanma.es\/?s={search_term_string}\",\"query-input\":\"required name=search_term_string\"}],\"inLanguage\":\"es\"},{\"@type\":\"WebPage\",\"@id\":\"https:\/\/www.comercialanma.es\/?product=tomate-triturado-dantza-5#webpage\",\"url\":\"https:\/\/www.comercialanma.es\/?product=tomate-triturado-dantza-5\",\"name\":\"Tomate triturado Dantza 5kg. - Comercial de Hosteleria Anma\",\"isPartOf\":{\"@id\":\"https:\/\/www.comercialanma.es\/#website\"},\"datePublished\":\"2020-12-11T15:21:21+00:00\",\"dateModified\":\"2025-04-01T07:05:35+00:00\",\"description\":\"Tomate 100% natural\\u00cdntegramente producido por los agricultores socios y en cuya elaboraci\\u00f3n se combina perfectamente la tradici\\u00f3n.\",\"breadcrumb\":{\"@id\":\"https:\/\/www.comercialanma.es\/?product=tomate-triturado-dantza-5#breadcrumb\"},\"inLanguage\":\"es\",\"potentialAction\":[{\"@type\":\"ReadAction\",\"target\":[\"https:\/\/www.comercialanma.es\/?product=tomate-triturado-dantza-5\"]}]},{\"@type\":\"BreadcrumbList\",\"@id\":\"https:\/\/www.comercialanma.es\/?product=tomate-triturado-dantza-5#breadcrumb\",\"itemListElement\":[{\"@type\":\"ListItem\",\"position\":1,\"item\":{\"@type\":\"WebPage\",\"@id\":\"https:\/\/www.comercialanma.es\/\",\"url\":\"https:\/\/www.comercialanma.es\/\",\"name\":\"Portada\"}},{\"@type\":\"ListItem\",\"position\":2,\"item\":{\"@type\":\"WebPage\",\"@id\":\"https:\/\/www.comercialanma.es\/?page_id=3963\",\"url\":\"https:\/\/www.comercialanma.es\/?page_id=3963\",\"name\":\"Cat\\u00e1logo de Productos\"}},{\"@type\":\"ListItem\",\"position\":3,\"item\":{\"@type\":\"WebPage\",\"@id\":\"https:\/\/www.comercialanma.es\/?product=tomate-triturado-dantza-5\",\"url\":\"https:\/\/www.comercialanma.es\/?product=tomate-triturado-dantza-5\",\"name\":\"Tomate triturado Dantza 5kg.\"}}]}]}<\/script>\n<!-- \/ Yoast SEO plugin. -->","_links":{"self":[{"href":"https:\/\/www.comercialanma.es\/index.php?rest_route=\/wp\/v2\/product\/14366"}],"collection":[{"href":"https:\/\/www.comercialanma.es\/index.php?rest_route=\/wp\/v2\/product"}],"about":[{"href":"https:\/\/www.comercialanma.es\/index.php?rest_route=\/wp\/v2\/types\/product"}],"version-history":[{"count":2,"href":"https:\/\/www.comercialanma.es\/index.php?rest_route=\/wp\/v2\/product\/14366\/revisions"}],"predecessor-version":[{"id":14383,"href":"https:\/\/www.comercialanma.es\/index.php?rest_route=\/wp\/v2\/product\/14366\/revisions\/14383"}],"wp:attachment":[{"href":"https:\/\/www.comercialanma.es\/index.php?rest_route=%2Fwp%2Fv2%2Fmedia&parent=14366"}],"curies":[{"name":"wp","href":"https:\/\/api.w.org\/{rel}","templated":true}]}}