
{"id":14662,"date":"2020-12-18T16:04:35","date_gmt":"2020-12-18T15:04:35","guid":{"rendered":"https:\/\/www.comercialanma.es\/?post_type=product&#038;p=14662"},"modified":"2020-12-18T16:09:16","modified_gmt":"2020-12-18T15:09:16","slug":"mejillones-dardo-6-8","status":"publish","type":"product","link":"https:\/\/www.comercialanma.es\/?product=mejillones-dardo-6-8","title":{"rendered":"Mejillones en escabeche 6\/8 Dardo 120gr."},"content":{"rendered":"<h3>Ingredientes:<\/h3>\n<p>Mejillones, aceite de oliva, vinagre, especias y sal.<\/p>\n","protected":false},"excerpt":{"rendered":"<p>Mejillones en escabeche | 6\/8 | Dardo | 120gr.|<\/p>\n<p>Los Mejillones en escabeche de Dardo provienen exclusivamente de las\u00a0 R\u00edas Gallegas, cada lata contiene entre 6\u00a0y 8\u00a0mejillones. El mejill\u00f3n de las R\u00edas Gallegas tiene un alto contenido en sales minerales y micronutrientes. Los mejillones en escabeche son uno de los alimentos m\u00e1s populares de la cultura mediterr\u00e1nea, estos mejillones han sido seleccionados a mano y fritos en aceite de oliva. (los meses de m\u00e1xima recolecta de mejillones va de Octubre a Marzo).<\/p>\n<p>&nbsp;<\/p>\n<p>&nbsp;<\/p>\n","protected":false},"featured_media":14663,"template":"","meta":{"spay_email":""},"yoast_head":"<!-- This site is optimized with the Yoast SEO plugin v15.9 - https:\/\/yoast.com\/wordpress\/plugins\/seo\/ -->\n<title>Mejillones en escabeche 6\/8 Dardo 120gr. - Comercial de Hosteleria Anma<\/title>\n<meta name=\"description\" content=\"Mejillones en escabeche | 6\/8 | Dardo | 120gr.| Provienen exclusivamente de las R\u00edas Gallegas, disfrutar en forma de bermut.\" \/>\n<meta name=\"robots\" content=\"index, follow, max-snippet:-1, max-image-preview:large, max-video-preview:-1\" \/>\n<link rel=\"canonical\" href=\"https:\/\/www.comercialanma.es\/?product=mejillones-dardo-6-8\" \/>\n<meta property=\"og:locale\" content=\"es_ES\" \/>\n<meta property=\"og:type\" content=\"article\" \/>\n<meta property=\"og:title\" content=\"Mejillones en escabeche 6\/8 Dardo 120gr. - Comercial de Hosteleria Anma\" \/>\n<meta property=\"og:description\" content=\"Mejillones en escabeche | 6\/8 | Dardo | 120gr.| Provienen exclusivamente de las R\u00edas Gallegas, disfrutar en forma de bermut.\" \/>\n<meta property=\"og:url\" content=\"https:\/\/www.comercialanma.es\/?product=mejillones-dardo-6-8\" \/>\n<meta property=\"og:site_name\" content=\"Comercial de Hosteleria Anma\" \/>\n<meta property=\"article:publisher\" content=\"https:\/\/www.facebook.com\/AnmaHosteleria\" \/>\n<meta property=\"article:modified_time\" content=\"2020-12-18T15:09:16+00:00\" \/>\n<meta property=\"og:image\" content=\"https:\/\/i1.wp.com\/www.comercialanma.es\/wp-content\/uploads\/2020\/12\/Mejillones-escabeche-dardo-6-8.jpg?fit=1080%2C1080&#038;ssl=1\" \/>\n\t<meta property=\"og:image:width\" content=\"1080\" \/>\n\t<meta property=\"og:image:height\" content=\"1080\" \/>\n<meta name=\"twitter:card\" content=\"summary_large_image\" \/>\n<script type=\"application\/ld+json\" class=\"yoast-schema-graph\">{\"@context\":\"https:\/\/schema.org\",\"@graph\":[{\"@type\":\"Organization\",\"@id\":\"https:\/\/www.comercialanma.es\/#organization\",\"name\":\"Comercial Anma\",\"url\":\"https:\/\/www.comercialanma.es\/\",\"sameAs\":[\"https:\/\/www.facebook.com\/AnmaHosteleria\",\"https:\/\/www.instagram.com\/anmahosteleria\/?hl=es\",\"https:\/\/www.youtube.com\/channel\/UCT2nmn08Ntks0hmpZPnDgCA\"],\"logo\":{\"@type\":\"ImageObject\",\"@id\":\"https:\/\/www.comercialanma.es\/#logo\",\"inLanguage\":\"es\",\"url\":\"https:\/\/i2.wp.com\/www.comercialanma.es\/wp-content\/uploads\/2019\/06\/logo-anma-color.png?fit=247%2C101&ssl=1\",\"width\":247,\"height\":101,\"caption\":\"Comercial Anma\"},\"image\":{\"@id\":\"https:\/\/www.comercialanma.es\/#logo\"}},{\"@type\":\"WebSite\",\"@id\":\"https:\/\/www.comercialanma.es\/#website\",\"url\":\"https:\/\/www.comercialanma.es\/\",\"name\":\"Comercial de Hosteleria Anma\",\"description\":\"\",\"publisher\":{\"@id\":\"https:\/\/www.comercialanma.es\/#organization\"},\"potentialAction\":[{\"@type\":\"SearchAction\",\"target\":\"https:\/\/www.comercialanma.es\/?s={search_term_string}\",\"query-input\":\"required name=search_term_string\"}],\"inLanguage\":\"es\"},{\"@type\":\"ImageObject\",\"@id\":\"https:\/\/www.comercialanma.es\/?product=mejillones-dardo-6-8#primaryimage\",\"inLanguage\":\"es\",\"url\":\"https:\/\/i1.wp.com\/www.comercialanma.es\/wp-content\/uploads\/2020\/12\/Mejillones-escabeche-dardo-6-8.jpg?fit=1080%2C1080&ssl=1\",\"width\":1080,\"height\":1080},{\"@type\":\"WebPage\",\"@id\":\"https:\/\/www.comercialanma.es\/?product=mejillones-dardo-6-8#webpage\",\"url\":\"https:\/\/www.comercialanma.es\/?product=mejillones-dardo-6-8\",\"name\":\"Mejillones en escabeche 6\/8 Dardo 120gr. - Comercial de Hosteleria Anma\",\"isPartOf\":{\"@id\":\"https:\/\/www.comercialanma.es\/#website\"},\"primaryImageOfPage\":{\"@id\":\"https:\/\/www.comercialanma.es\/?product=mejillones-dardo-6-8#primaryimage\"},\"datePublished\":\"2020-12-18T15:04:35+00:00\",\"dateModified\":\"2020-12-18T15:09:16+00:00\",\"description\":\"Mejillones en escabeche | 6\/8 | Dardo | 120gr.| Provienen exclusivamente de las R\\u00edas Gallegas, disfrutar en forma de bermut.\",\"breadcrumb\":{\"@id\":\"https:\/\/www.comercialanma.es\/?product=mejillones-dardo-6-8#breadcrumb\"},\"inLanguage\":\"es\",\"potentialAction\":[{\"@type\":\"ReadAction\",\"target\":[\"https:\/\/www.comercialanma.es\/?product=mejillones-dardo-6-8\"]}]},{\"@type\":\"BreadcrumbList\",\"@id\":\"https:\/\/www.comercialanma.es\/?product=mejillones-dardo-6-8#breadcrumb\",\"itemListElement\":[{\"@type\":\"ListItem\",\"position\":1,\"item\":{\"@type\":\"WebPage\",\"@id\":\"https:\/\/www.comercialanma.es\/\",\"url\":\"https:\/\/www.comercialanma.es\/\",\"name\":\"Portada\"}},{\"@type\":\"ListItem\",\"position\":2,\"item\":{\"@type\":\"WebPage\",\"@id\":\"https:\/\/www.comercialanma.es\/?page_id=3963\",\"url\":\"https:\/\/www.comercialanma.es\/?page_id=3963\",\"name\":\"Cat\\u00e1logo de Productos\"}},{\"@type\":\"ListItem\",\"position\":3,\"item\":{\"@type\":\"WebPage\",\"@id\":\"https:\/\/www.comercialanma.es\/?product=mejillones-dardo-6-8\",\"url\":\"https:\/\/www.comercialanma.es\/?product=mejillones-dardo-6-8\",\"name\":\"Mejillones en escabeche 6\/8 Dardo 120gr.\"}}]}]}<\/script>\n<!-- \/ Yoast SEO plugin. -->","_links":{"self":[{"href":"https:\/\/www.comercialanma.es\/index.php?rest_route=\/wp\/v2\/product\/14662"}],"collection":[{"href":"https:\/\/www.comercialanma.es\/index.php?rest_route=\/wp\/v2\/product"}],"about":[{"href":"https:\/\/www.comercialanma.es\/index.php?rest_route=\/wp\/v2\/types\/product"}],"version-history":[{"count":1,"href":"https:\/\/www.comercialanma.es\/index.php?rest_route=\/wp\/v2\/product\/14662\/revisions"}],"predecessor-version":[{"id":14664,"href":"https:\/\/www.comercialanma.es\/index.php?rest_route=\/wp\/v2\/product\/14662\/revisions\/14664"}],"wp:featuredmedia":[{"embeddable":true,"href":"https:\/\/www.comercialanma.es\/index.php?rest_route=\/wp\/v2\/media\/14663"}],"wp:attachment":[{"href":"https:\/\/www.comercialanma.es\/index.php?rest_route=%2Fwp%2Fv2%2Fmedia&parent=14662"}],"curies":[{"name":"wp","href":"https:\/\/api.w.org\/{rel}","templated":true}]}}

<p>Mejillones en escabeche | 6/8 | Dardo | 120gr.|</p>
<p>Los Mejillones en escabeche de Dardo provienen exclusivamente de las  Rías Gallegas, cada lata contiene entre 6 y 8 mejillones. El mejillón de las Rías Gallegas tiene un alto contenido en sales minerales y micronutrientes. Los mejillones en escabeche son uno de los alimentos más populares de la cultura mediterránea, estos mejillones han sido seleccionados a mano y fritos en aceite de oliva. (los meses de máxima recolecta de mejillones va de Octubre a Marzo).</p>
<p>&nbsp;</p>
<p>&nbsp;</p>

<!-- This site is optimized with the Yoast SEO plugin v15.9 - https://yoast.com/wordpress/plugins/seo/ -->
<title>Mejillones en escabeche 6/8 Dardo 120gr. - Comercial de Hosteleria Anma</title>
<meta name="description" content="Mejillones en escabeche | 6/8 | Dardo | 120gr.| Provienen exclusivamente de las Rías Gallegas, disfrutar en forma de bermut." />
<meta name="robots" content="index, follow, max-snippet:-1, max-image-preview:large, max-video-preview:-1" />
<link rel="canonical" href="https://www.comercialanma.es/?product=mejillones-dardo-6-8" />
<meta property="og:locale" content="es_ES" />
<meta property="og:type" content="article" />
<meta property="og:title" content="Mejillones en escabeche 6/8 Dardo 120gr. - Comercial de Hosteleria Anma" />
<meta property="og:description" content="Mejillones en escabeche | 6/8 | Dardo | 120gr.| Provienen exclusivamente de las Rías Gallegas, disfrutar en forma de bermut." />
<meta property="og:url" content="https://www.comercialanma.es/?product=mejillones-dardo-6-8" />
<meta property="og:site_name" content="Comercial de Hosteleria Anma" />
<meta property="article:publisher" content="https://www.facebook.com/AnmaHosteleria" />
<meta property="article:modified_time" content="2020-12-18T15:09:16+00:00" />
<meta property="og:image" content="https://i1.wp.com/www.comercialanma.es/wp-content/uploads/2020/12/Mejillones-escabeche-dardo-6-8.jpg?fit=1080%2C1080&#038;ssl=1" />
	<meta property="og:image:width" content="1080" />
	<meta property="og:image:height" content="1080" />
<meta name="twitter:card" content="summary_large_image" />
<script type="application/ld+json" class="yoast-schema-graph">{"@context":"https://schema.org","@graph":[{"@type":"Organization","@id":"https://www.comercialanma.es/#organization","name":"Comercial Anma","url":"https://www.comercialanma.es/","sameAs":["https://www.facebook.com/AnmaHosteleria","https://www.instagram.com/anmahosteleria/?hl=es","https://www.youtube.com/channel/UCT2nmn08Ntks0hmpZPnDgCA"],"logo":{"@type":"ImageObject","@id":"https://www.comercialanma.es/#logo","inLanguage":"es","url":"https://i2.wp.com/www.comercialanma.es/wp-content/uploads/2019/06/logo-anma-color.png?fit=247%2C101&ssl=1","width":247,"height":101,"caption":"Comercial Anma"},"image":{"@id":"https://www.comercialanma.es/#logo"}},{"@type":"WebSite","@id":"https://www.comercialanma.es/#website","url":"https://www.comercialanma.es/","name":"Comercial de Hosteleria Anma","description":"","publisher":{"@id":"https://www.comercialanma.es/#organization"},"potentialAction":[{"@type":"SearchAction","target":"https://www.comercialanma.es/?s={search_term_string}","query-input":"required name=search_term_string"}],"inLanguage":"es"},{"@type":"ImageObject","@id":"https://www.comercialanma.es/?product=mejillones-dardo-6-8#primaryimage","inLanguage":"es","url":"https://i1.wp.com/www.comercialanma.es/wp-content/uploads/2020/12/Mejillones-escabeche-dardo-6-8.jpg?fit=1080%2C1080&ssl=1","width":1080,"height":1080},{"@type":"WebPage","@id":"https://www.comercialanma.es/?product=mejillones-dardo-6-8#webpage","url":"https://www.comercialanma.es/?product=mejillones-dardo-6-8","name":"Mejillones en escabeche 6/8 Dardo 120gr. - Comercial de Hosteleria Anma","isPartOf":{"@id":"https://www.comercialanma.es/#website"},"primaryImageOfPage":{"@id":"https://www.comercialanma.es/?product=mejillones-dardo-6-8#primaryimage"},"datePublished":"2020-12-18T15:04:35+00:00","dateModified":"2020-12-18T15:09:16+00:00","description":"Mejillones en escabeche | 6/8 | Dardo | 120gr.| Provienen exclusivamente de las R\u00edas Gallegas, disfrutar en forma de bermut.","breadcrumb":{"@id":"https://www.comercialanma.es/?product=mejillones-dardo-6-8#breadcrumb"},"inLanguage":"es","potentialAction":[{"@type":"ReadAction","target":["https://www.comercialanma.es/?product=mejillones-dardo-6-8"]}]},{"@type":"BreadcrumbList","@id":"https://www.comercialanma.es/?product=mejillones-dardo-6-8#breadcrumb","itemListElement":[{"@type":"ListItem","position":1,"item":{"@type":"WebPage","@id":"https://www.comercialanma.es/","url":"https://www.comercialanma.es/","name":"Portada"}},{"@type":"ListItem","position":2,"item":{"@type":"WebPage","@id":"https://www.comercialanma.es/?page_id=3963","url":"https://www.comercialanma.es/?page_id=3963","name":"Cat\u00e1logo de Productos"}},{"@type":"ListItem","position":3,"item":{"@type":"WebPage","@id":"https://www.comercialanma.es/?product=mejillones-dardo-6-8","url":"https://www.comercialanma.es/?product=mejillones-dardo-6-8","name":"Mejillones en escabeche 6/8 Dardo 120gr."}}]}]}</script>
<!-- / Yoast SEO plugin. -->
