
{"id":14787,"date":"2020-12-21T16:14:45","date_gmt":"2020-12-21T15:14:45","guid":{"rendered":"https:\/\/www.comercialanma.es\/?post_type=product&#038;p=14787"},"modified":"2020-12-21T16:18:23","modified_gmt":"2020-12-21T15:18:23","slug":"macarrones-faisan-6-5kg","status":"publish","type":"product","link":"https:\/\/www.comercialanma.es\/?product=macarrones-faisan-6-5kg","title":{"rendered":"Macarrones Faisan N\u00ba6 5Kg."},"content":{"rendered":"<h3>Ingredientes:<\/h3>\n<p>S\u00e9mola de trigo duro.<\/p>\n","protected":false},"excerpt":{"rendered":"<p>Fideos cabellin N\u00ba0 | Fais\u00e1n | 5kg. |<\/p>\n<p>Est\u00e1 elaborada con s\u00e9mola de trigo duro de la m\u00e1s alta calidad. No lleva ning\u00fan tipo de aditivo ni colorantes o conservantes.<\/p>\n<p>Es una pasta 100% sana y 100% natural.<\/p>\n<p>&nbsp;<\/p>\n<p>&nbsp;<\/p>\n<p>&nbsp;<\/p>\n<p>&nbsp;<\/p>\n<p>&nbsp;<\/p>\n<p>&nbsp;<\/p>\n<p>&nbsp;<\/p>\n","protected":false},"featured_media":14788,"template":"","meta":{"spay_email":""},"yoast_head":"<!-- This site is optimized with the Yoast SEO plugin v15.9 - https:\/\/yoast.com\/wordpress\/plugins\/seo\/ -->\n<title>Macarrones Faisan N\u00ba6 5Kg. - Comercial de Hosteleria Anma<\/title>\n<meta name=\"description\" content=\"Macarrones N\u00ba6 | Fais\u00e1n | 5kg. |Est\u00e1 elaborada con s\u00e9mola de trigo duro de la m\u00e1s alta calidad. No lleva ning\u00fan tipo de aditivo.\" \/>\n<meta name=\"robots\" content=\"index, follow, max-snippet:-1, max-image-preview:large, max-video-preview:-1\" \/>\n<link rel=\"canonical\" href=\"https:\/\/www.comercialanma.es\/?product=macarrones-faisan-6-5kg\" \/>\n<meta property=\"og:locale\" content=\"es_ES\" \/>\n<meta property=\"og:type\" content=\"article\" \/>\n<meta property=\"og:title\" content=\"Macarrones Faisan N\u00ba6 5Kg. - Comercial de Hosteleria Anma\" \/>\n<meta property=\"og:description\" content=\"Macarrones N\u00ba6 | Fais\u00e1n | 5kg. |Est\u00e1 elaborada con s\u00e9mola de trigo duro de la m\u00e1s alta calidad. No lleva ning\u00fan tipo de aditivo.\" \/>\n<meta property=\"og:url\" content=\"https:\/\/www.comercialanma.es\/?product=macarrones-faisan-6-5kg\" \/>\n<meta property=\"og:site_name\" content=\"Comercial de Hosteleria Anma\" \/>\n<meta property=\"article:publisher\" content=\"https:\/\/www.facebook.com\/AnmaHosteleria\" \/>\n<meta property=\"article:modified_time\" content=\"2020-12-21T15:18:23+00:00\" \/>\n<meta property=\"og:image\" content=\"https:\/\/i1.wp.com\/www.comercialanma.es\/wp-content\/uploads\/2020\/12\/Macarrones-faisan-6-5kg.jpg?fit=1080%2C1080&#038;ssl=1\" \/>\n\t<meta property=\"og:image:width\" content=\"1080\" \/>\n\t<meta property=\"og:image:height\" content=\"1080\" \/>\n<meta name=\"twitter:card\" content=\"summary_large_image\" \/>\n<script type=\"application\/ld+json\" class=\"yoast-schema-graph\">{\"@context\":\"https:\/\/schema.org\",\"@graph\":[{\"@type\":\"Organization\",\"@id\":\"https:\/\/www.comercialanma.es\/#organization\",\"name\":\"Comercial Anma\",\"url\":\"https:\/\/www.comercialanma.es\/\",\"sameAs\":[\"https:\/\/www.facebook.com\/AnmaHosteleria\",\"https:\/\/www.instagram.com\/anmahosteleria\/?hl=es\",\"https:\/\/www.youtube.com\/channel\/UCT2nmn08Ntks0hmpZPnDgCA\"],\"logo\":{\"@type\":\"ImageObject\",\"@id\":\"https:\/\/www.comercialanma.es\/#logo\",\"inLanguage\":\"es\",\"url\":\"https:\/\/i2.wp.com\/www.comercialanma.es\/wp-content\/uploads\/2019\/06\/logo-anma-color.png?fit=247%2C101&ssl=1\",\"width\":247,\"height\":101,\"caption\":\"Comercial Anma\"},\"image\":{\"@id\":\"https:\/\/www.comercialanma.es\/#logo\"}},{\"@type\":\"WebSite\",\"@id\":\"https:\/\/www.comercialanma.es\/#website\",\"url\":\"https:\/\/www.comercialanma.es\/\",\"name\":\"Comercial de Hosteleria Anma\",\"description\":\"\",\"publisher\":{\"@id\":\"https:\/\/www.comercialanma.es\/#organization\"},\"potentialAction\":[{\"@type\":\"SearchAction\",\"target\":\"https:\/\/www.comercialanma.es\/?s={search_term_string}\",\"query-input\":\"required name=search_term_string\"}],\"inLanguage\":\"es\"},{\"@type\":\"ImageObject\",\"@id\":\"https:\/\/www.comercialanma.es\/?product=macarrones-faisan-6-5kg#primaryimage\",\"inLanguage\":\"es\",\"url\":\"https:\/\/i1.wp.com\/www.comercialanma.es\/wp-content\/uploads\/2020\/12\/Macarrones-faisan-6-5kg.jpg?fit=1080%2C1080&ssl=1\",\"width\":1080,\"height\":1080},{\"@type\":\"WebPage\",\"@id\":\"https:\/\/www.comercialanma.es\/?product=macarrones-faisan-6-5kg#webpage\",\"url\":\"https:\/\/www.comercialanma.es\/?product=macarrones-faisan-6-5kg\",\"name\":\"Macarrones Faisan N\\u00ba6 5Kg. - Comercial de Hosteleria Anma\",\"isPartOf\":{\"@id\":\"https:\/\/www.comercialanma.es\/#website\"},\"primaryImageOfPage\":{\"@id\":\"https:\/\/www.comercialanma.es\/?product=macarrones-faisan-6-5kg#primaryimage\"},\"datePublished\":\"2020-12-21T15:14:45+00:00\",\"dateModified\":\"2020-12-21T15:18:23+00:00\",\"description\":\"Macarrones N\\u00ba6 | Fais\\u00e1n | 5kg. |Est\\u00e1 elaborada con s\\u00e9mola de trigo duro de la m\\u00e1s alta calidad. No lleva ning\\u00fan tipo de aditivo.\",\"breadcrumb\":{\"@id\":\"https:\/\/www.comercialanma.es\/?product=macarrones-faisan-6-5kg#breadcrumb\"},\"inLanguage\":\"es\",\"potentialAction\":[{\"@type\":\"ReadAction\",\"target\":[\"https:\/\/www.comercialanma.es\/?product=macarrones-faisan-6-5kg\"]}]},{\"@type\":\"BreadcrumbList\",\"@id\":\"https:\/\/www.comercialanma.es\/?product=macarrones-faisan-6-5kg#breadcrumb\",\"itemListElement\":[{\"@type\":\"ListItem\",\"position\":1,\"item\":{\"@type\":\"WebPage\",\"@id\":\"https:\/\/www.comercialanma.es\/\",\"url\":\"https:\/\/www.comercialanma.es\/\",\"name\":\"Portada\"}},{\"@type\":\"ListItem\",\"position\":2,\"item\":{\"@type\":\"WebPage\",\"@id\":\"https:\/\/www.comercialanma.es\/?page_id=3963\",\"url\":\"https:\/\/www.comercialanma.es\/?page_id=3963\",\"name\":\"Cat\\u00e1logo de Productos\"}},{\"@type\":\"ListItem\",\"position\":3,\"item\":{\"@type\":\"WebPage\",\"@id\":\"https:\/\/www.comercialanma.es\/?product=macarrones-faisan-6-5kg\",\"url\":\"https:\/\/www.comercialanma.es\/?product=macarrones-faisan-6-5kg\",\"name\":\"Macarrones Faisan N\\u00ba6 5Kg.\"}}]}]}<\/script>\n<!-- \/ Yoast SEO plugin. -->","_links":{"self":[{"href":"https:\/\/www.comercialanma.es\/index.php?rest_route=\/wp\/v2\/product\/14787"}],"collection":[{"href":"https:\/\/www.comercialanma.es\/index.php?rest_route=\/wp\/v2\/product"}],"about":[{"href":"https:\/\/www.comercialanma.es\/index.php?rest_route=\/wp\/v2\/types\/product"}],"version-history":[{"count":1,"href":"https:\/\/www.comercialanma.es\/index.php?rest_route=\/wp\/v2\/product\/14787\/revisions"}],"predecessor-version":[{"id":14789,"href":"https:\/\/www.comercialanma.es\/index.php?rest_route=\/wp\/v2\/product\/14787\/revisions\/14789"}],"wp:featuredmedia":[{"embeddable":true,"href":"https:\/\/www.comercialanma.es\/index.php?rest_route=\/wp\/v2\/media\/14788"}],"wp:attachment":[{"href":"https:\/\/www.comercialanma.es\/index.php?rest_route=%2Fwp%2Fv2%2Fmedia&parent=14787"}],"curies":[{"name":"wp","href":"https:\/\/api.w.org\/{rel}","templated":true}]}}