
{"id":14957,"date":"2021-01-25T16:00:40","date_gmt":"2021-01-25T15:00:40","guid":{"rendered":"https:\/\/www.comercialanma.es\/?post_type=product&#038;p=14957"},"modified":"2021-01-25T16:26:53","modified_gmt":"2021-01-25T15:26:53","slug":"trampa-hormigas","status":"publish","type":"product","link":"https:\/\/www.comercialanma.es\/?product=trampa-hormigas","title":{"rendered":"Trampa de gel para hormigas Bayer 2 unidades"},"content":{"rendered":"<h3><strong>Composici\u00f3n<\/strong><\/h3>\n<p>Imidacloprid 0,031%<\/p>\n<h3><strong>Tratamiento<\/strong><\/h3>\n<ul>\n<li>Colocar las trampas alrededor de los hormigueros o en los lugares de paso de las hormigas.<\/li>\n<li>En caso de presencia masiva de hormigas, colocar varias trampas en los regueros hasta un m\u00e1ximo de 4 por hormiguero.<\/li>\n<\/ul>\n","protected":false},"excerpt":{"rendered":"<p>Trampa de gel para hormigas | Bayer | 2 uni.| <span class=\"a-size-base\">26 x 12 x 3 cent\u00edmetros<\/span><\/p>\n<p>La trampa hormigas de Bayer Garden es un producto listo para su uso. Puede ser utilizado tanto en interiores como exteriores. La formulaci\u00f3n del cebo es especialmente atrayente para las hormigas, que entran en la trampa, cogen el cebo y lo introducen en los hormigueros diseminando el producto por las galer\u00edas. Los hormigueros quedan erradicados en 1-2 semanas despu\u00e9s de la colocaci\u00f3n de las trampas.<\/p>\n<p>Permite controlar las hormigas sin necesidad de aplicar productos en el ambiente, de esta forma, el tratamiento es m\u00e1s seguro para ni\u00f1os y animales dom\u00e9sticos.<\/p>\n<p>&nbsp;<\/p>\n<p>&nbsp;<\/p>\n<p>&nbsp;<\/p>\n<p>&nbsp;<\/p>\n<p>&nbsp;<\/p>\n<p>&nbsp;<\/p>\n<p>&nbsp;<\/p>\n<p>&nbsp;<\/p>\n","protected":false},"featured_media":14958,"template":"","meta":{"spay_email":""},"yoast_head":"<!-- This site is optimized with the Yoast SEO plugin v15.9 - https:\/\/yoast.com\/wordpress\/plugins\/seo\/ -->\n<title>Trampa de gel para hormigas Bayer 2 unidades - Comercial de Hosteleria Anma<\/title>\n<meta name=\"description\" content=\"Trampa de gel para hormigas | Bayer | 2 uni.| 26 x 12 x 3 cent\u00edmetrosLa trampa hormigas de Bayer Garden es un producto listo para su uso.\" \/>\n<meta name=\"robots\" content=\"index, follow, max-snippet:-1, max-image-preview:large, max-video-preview:-1\" \/>\n<link rel=\"canonical\" href=\"https:\/\/www.comercialanma.es\/?product=trampa-hormigas\" \/>\n<meta property=\"og:locale\" content=\"es_ES\" \/>\n<meta property=\"og:type\" content=\"article\" \/>\n<meta property=\"og:title\" content=\"Trampa de gel para hormigas Bayer 2 unidades - Comercial de Hosteleria Anma\" \/>\n<meta property=\"og:description\" content=\"Trampa de gel para hormigas | Bayer | 2 uni.| 26 x 12 x 3 cent\u00edmetrosLa trampa hormigas de Bayer Garden es un producto listo para su uso.\" \/>\n<meta property=\"og:url\" content=\"https:\/\/www.comercialanma.es\/?product=trampa-hormigas\" \/>\n<meta property=\"og:site_name\" content=\"Comercial de Hosteleria Anma\" \/>\n<meta property=\"article:publisher\" content=\"https:\/\/www.facebook.com\/AnmaHosteleria\" \/>\n<meta property=\"article:modified_time\" content=\"2021-01-25T15:26:53+00:00\" \/>\n<meta property=\"og:image\" content=\"https:\/\/i0.wp.com\/www.comercialanma.es\/wp-content\/uploads\/2021\/01\/trampa-hormigas-gel-bayer.jpg?fit=1080%2C1080&#038;ssl=1\" \/>\n\t<meta property=\"og:image:width\" content=\"1080\" \/>\n\t<meta property=\"og:image:height\" content=\"1080\" \/>\n<meta name=\"twitter:card\" content=\"summary_large_image\" \/>\n<script type=\"application\/ld+json\" class=\"yoast-schema-graph\">{\"@context\":\"https:\/\/schema.org\",\"@graph\":[{\"@type\":\"Organization\",\"@id\":\"https:\/\/www.comercialanma.es\/#organization\",\"name\":\"Comercial Anma\",\"url\":\"https:\/\/www.comercialanma.es\/\",\"sameAs\":[\"https:\/\/www.facebook.com\/AnmaHosteleria\",\"https:\/\/www.instagram.com\/anmahosteleria\/?hl=es\",\"https:\/\/www.youtube.com\/channel\/UCT2nmn08Ntks0hmpZPnDgCA\"],\"logo\":{\"@type\":\"ImageObject\",\"@id\":\"https:\/\/www.comercialanma.es\/#logo\",\"inLanguage\":\"es\",\"url\":\"https:\/\/i2.wp.com\/www.comercialanma.es\/wp-content\/uploads\/2019\/06\/logo-anma-color.png?fit=247%2C101&ssl=1\",\"width\":247,\"height\":101,\"caption\":\"Comercial Anma\"},\"image\":{\"@id\":\"https:\/\/www.comercialanma.es\/#logo\"}},{\"@type\":\"WebSite\",\"@id\":\"https:\/\/www.comercialanma.es\/#website\",\"url\":\"https:\/\/www.comercialanma.es\/\",\"name\":\"Comercial de Hosteleria Anma\",\"description\":\"\",\"publisher\":{\"@id\":\"https:\/\/www.comercialanma.es\/#organization\"},\"potentialAction\":[{\"@type\":\"SearchAction\",\"target\":\"https:\/\/www.comercialanma.es\/?s={search_term_string}\",\"query-input\":\"required name=search_term_string\"}],\"inLanguage\":\"es\"},{\"@type\":\"ImageObject\",\"@id\":\"https:\/\/www.comercialanma.es\/?product=trampa-hormigas#primaryimage\",\"inLanguage\":\"es\",\"url\":\"https:\/\/i0.wp.com\/www.comercialanma.es\/wp-content\/uploads\/2021\/01\/trampa-hormigas-gel-bayer.jpg?fit=1080%2C1080&ssl=1\",\"width\":1080,\"height\":1080},{\"@type\":\"WebPage\",\"@id\":\"https:\/\/www.comercialanma.es\/?product=trampa-hormigas#webpage\",\"url\":\"https:\/\/www.comercialanma.es\/?product=trampa-hormigas\",\"name\":\"Trampa de gel para hormigas Bayer 2 unidades - Comercial de Hosteleria Anma\",\"isPartOf\":{\"@id\":\"https:\/\/www.comercialanma.es\/#website\"},\"primaryImageOfPage\":{\"@id\":\"https:\/\/www.comercialanma.es\/?product=trampa-hormigas#primaryimage\"},\"datePublished\":\"2021-01-25T15:00:40+00:00\",\"dateModified\":\"2021-01-25T15:26:53+00:00\",\"description\":\"Trampa de gel para hormigas | Bayer | 2 uni.| 26 x 12 x 3 cent\\u00edmetrosLa trampa hormigas de Bayer Garden es un producto listo para su uso.\",\"breadcrumb\":{\"@id\":\"https:\/\/www.comercialanma.es\/?product=trampa-hormigas#breadcrumb\"},\"inLanguage\":\"es\",\"potentialAction\":[{\"@type\":\"ReadAction\",\"target\":[\"https:\/\/www.comercialanma.es\/?product=trampa-hormigas\"]}]},{\"@type\":\"BreadcrumbList\",\"@id\":\"https:\/\/www.comercialanma.es\/?product=trampa-hormigas#breadcrumb\",\"itemListElement\":[{\"@type\":\"ListItem\",\"position\":1,\"item\":{\"@type\":\"WebPage\",\"@id\":\"https:\/\/www.comercialanma.es\/\",\"url\":\"https:\/\/www.comercialanma.es\/\",\"name\":\"Portada\"}},{\"@type\":\"ListItem\",\"position\":2,\"item\":{\"@type\":\"WebPage\",\"@id\":\"https:\/\/www.comercialanma.es\/?page_id=3963\",\"url\":\"https:\/\/www.comercialanma.es\/?page_id=3963\",\"name\":\"Cat\\u00e1logo de Productos\"}},{\"@type\":\"ListItem\",\"position\":3,\"item\":{\"@type\":\"WebPage\",\"@id\":\"https:\/\/www.comercialanma.es\/?product=trampa-hormigas\",\"url\":\"https:\/\/www.comercialanma.es\/?product=trampa-hormigas\",\"name\":\"Trampa de gel para hormigas Bayer 2 unidades\"}}]}]}<\/script>\n<!-- \/ Yoast SEO plugin. -->","_links":{"self":[{"href":"https:\/\/www.comercialanma.es\/index.php?rest_route=\/wp\/v2\/product\/14957"}],"collection":[{"href":"https:\/\/www.comercialanma.es\/index.php?rest_route=\/wp\/v2\/product"}],"about":[{"href":"https:\/\/www.comercialanma.es\/index.php?rest_route=\/wp\/v2\/types\/product"}],"version-history":[{"count":1,"href":"https:\/\/www.comercialanma.es\/index.php?rest_route=\/wp\/v2\/product\/14957\/revisions"}],"predecessor-version":[{"id":14959,"href":"https:\/\/www.comercialanma.es\/index.php?rest_route=\/wp\/v2\/product\/14957\/revisions\/14959"}],"wp:featuredmedia":[{"embeddable":true,"href":"https:\/\/www.comercialanma.es\/index.php?rest_route=\/wp\/v2\/media\/14958"}],"wp:attachment":[{"href":"https:\/\/www.comercialanma.es\/index.php?rest_route=%2Fwp%2Fv2%2Fmedia&parent=14957"}],"curies":[{"name":"wp","href":"https:\/\/api.w.org\/{rel}","templated":true}]}}