
{"id":14989,"date":"2021-01-26T12:10:44","date_gmt":"2021-01-26T11:10:44","guid":{"rendered":"https:\/\/www.comercialanma.es\/?post_type=product&#038;p=14989"},"modified":"2021-01-26T12:37:13","modified_gmt":"2021-01-26T11:37:13","slug":"vanish","status":"publish","type":"product","link":"https:\/\/www.comercialanma.es\/?product=vanish","title":{"rendered":"Detergente Vanish l\u00edquido quitamanchas 1L."},"content":{"rendered":"<h3>DESCRIPCI\u00d3N:<\/h3>\n<ul>\n<li>Aditivo Quitamanchas l\u00edquido sin lej\u00eda para todos los tejidos, tanto los de color como los delicados.<\/li>\n<li>Botella de 1 litro.<\/li>\n<\/ul>\n","protected":false},"excerpt":{"rendered":"<p>Detergente l\u00edquido quitamanchas | Vanish | 1L.<\/p>\n<p>El proporcion\u00e1ndole Gel antes Vanish l\u00edquido ha sido dise\u00f1ado para que puedan hacer eliminar las manchas m\u00e1s eficacia que un lavado cl\u00e1sico, independientemente de la color de la prenda. Sugerencias para retirar las tareas: nuestra Mu\u00e9strame para quitar una manchas eficaz es de no la secar. M\u00e1s el tiempo pasa, m\u00e1s la manchas ser\u00e1 dif\u00edcil de quitar. Para mejores resultados en caso de manchas incrust\u00e9es directamente Vanish, derrame l\u00edquido sobre la tarea Cores y a\u00f1ada a la colada. \u00bfVanish quita otros tipos de manchas? Vanish es eficaz contra 101 las manchas m\u00e1s rebeldes y permite quitar las manchas de grasa, de mayonesa, maquillaje, salsa de tomate, de aceite etc<\/p>\n<p>&nbsp;<\/p>\n","protected":false},"featured_media":14990,"template":"","meta":{"spay_email":""},"yoast_head":"<!-- This site is optimized with the Yoast SEO plugin v15.9 - https:\/\/yoast.com\/wordpress\/plugins\/seo\/ -->\n<title>Detergente Vanish l\u00edquido quitamanchas 1L. - Comercial de Hosteleria Anma<\/title>\n<meta name=\"description\" content=\"Detergente l\u00edquido quitamanchas | Vanish | 1L.Aditivo Quitamanchas l\u00edquido sin lej\u00eda para todos los tejidos.\" \/>\n<meta name=\"robots\" content=\"index, follow, max-snippet:-1, max-image-preview:large, max-video-preview:-1\" \/>\n<link rel=\"canonical\" href=\"https:\/\/www.comercialanma.es\/?product=vanish\" \/>\n<meta property=\"og:locale\" content=\"es_ES\" \/>\n<meta property=\"og:type\" content=\"article\" \/>\n<meta property=\"og:title\" content=\"Detergente Vanish l\u00edquido quitamanchas 1L. - Comercial de Hosteleria Anma\" \/>\n<meta property=\"og:description\" content=\"Detergente l\u00edquido quitamanchas | Vanish | 1L.Aditivo Quitamanchas l\u00edquido sin lej\u00eda para todos los tejidos.\" \/>\n<meta property=\"og:url\" content=\"https:\/\/www.comercialanma.es\/?product=vanish\" \/>\n<meta property=\"og:site_name\" content=\"Comercial de Hosteleria Anma\" \/>\n<meta property=\"article:publisher\" content=\"https:\/\/www.facebook.com\/AnmaHosteleria\" \/>\n<meta property=\"article:modified_time\" content=\"2021-01-26T11:37:13+00:00\" \/>\n<meta property=\"og:image\" content=\"https:\/\/i1.wp.com\/www.comercialanma.es\/wp-content\/uploads\/2021\/01\/detergente-vanish-1l.jpg?fit=1080%2C1080&#038;ssl=1\" \/>\n\t<meta property=\"og:image:width\" content=\"1080\" \/>\n\t<meta property=\"og:image:height\" content=\"1080\" \/>\n<meta name=\"twitter:card\" content=\"summary_large_image\" \/>\n<script type=\"application\/ld+json\" class=\"yoast-schema-graph\">{\"@context\":\"https:\/\/schema.org\",\"@graph\":[{\"@type\":\"Organization\",\"@id\":\"https:\/\/www.comercialanma.es\/#organization\",\"name\":\"Comercial Anma\",\"url\":\"https:\/\/www.comercialanma.es\/\",\"sameAs\":[\"https:\/\/www.facebook.com\/AnmaHosteleria\",\"https:\/\/www.instagram.com\/anmahosteleria\/?hl=es\",\"https:\/\/www.youtube.com\/channel\/UCT2nmn08Ntks0hmpZPnDgCA\"],\"logo\":{\"@type\":\"ImageObject\",\"@id\":\"https:\/\/www.comercialanma.es\/#logo\",\"inLanguage\":\"es\",\"url\":\"https:\/\/i2.wp.com\/www.comercialanma.es\/wp-content\/uploads\/2019\/06\/logo-anma-color.png?fit=247%2C101&ssl=1\",\"width\":247,\"height\":101,\"caption\":\"Comercial Anma\"},\"image\":{\"@id\":\"https:\/\/www.comercialanma.es\/#logo\"}},{\"@type\":\"WebSite\",\"@id\":\"https:\/\/www.comercialanma.es\/#website\",\"url\":\"https:\/\/www.comercialanma.es\/\",\"name\":\"Comercial de Hosteleria Anma\",\"description\":\"\",\"publisher\":{\"@id\":\"https:\/\/www.comercialanma.es\/#organization\"},\"potentialAction\":[{\"@type\":\"SearchAction\",\"target\":\"https:\/\/www.comercialanma.es\/?s={search_term_string}\",\"query-input\":\"required name=search_term_string\"}],\"inLanguage\":\"es\"},{\"@type\":\"ImageObject\",\"@id\":\"https:\/\/www.comercialanma.es\/?product=vanish#primaryimage\",\"inLanguage\":\"es\",\"url\":\"https:\/\/i1.wp.com\/www.comercialanma.es\/wp-content\/uploads\/2021\/01\/detergente-vanish-1l.jpg?fit=1080%2C1080&ssl=1\",\"width\":1080,\"height\":1080},{\"@type\":\"WebPage\",\"@id\":\"https:\/\/www.comercialanma.es\/?product=vanish#webpage\",\"url\":\"https:\/\/www.comercialanma.es\/?product=vanish\",\"name\":\"Detergente Vanish l\\u00edquido quitamanchas 1L. - Comercial de Hosteleria Anma\",\"isPartOf\":{\"@id\":\"https:\/\/www.comercialanma.es\/#website\"},\"primaryImageOfPage\":{\"@id\":\"https:\/\/www.comercialanma.es\/?product=vanish#primaryimage\"},\"datePublished\":\"2021-01-26T11:10:44+00:00\",\"dateModified\":\"2021-01-26T11:37:13+00:00\",\"description\":\"Detergente l\\u00edquido quitamanchas | Vanish | 1L.Aditivo Quitamanchas l\\u00edquido sin lej\\u00eda para todos los tejidos.\",\"breadcrumb\":{\"@id\":\"https:\/\/www.comercialanma.es\/?product=vanish#breadcrumb\"},\"inLanguage\":\"es\",\"potentialAction\":[{\"@type\":\"ReadAction\",\"target\":[\"https:\/\/www.comercialanma.es\/?product=vanish\"]}]},{\"@type\":\"BreadcrumbList\",\"@id\":\"https:\/\/www.comercialanma.es\/?product=vanish#breadcrumb\",\"itemListElement\":[{\"@type\":\"ListItem\",\"position\":1,\"item\":{\"@type\":\"WebPage\",\"@id\":\"https:\/\/www.comercialanma.es\/\",\"url\":\"https:\/\/www.comercialanma.es\/\",\"name\":\"Portada\"}},{\"@type\":\"ListItem\",\"position\":2,\"item\":{\"@type\":\"WebPage\",\"@id\":\"https:\/\/www.comercialanma.es\/?page_id=3963\",\"url\":\"https:\/\/www.comercialanma.es\/?page_id=3963\",\"name\":\"Cat\\u00e1logo de Productos\"}},{\"@type\":\"ListItem\",\"position\":3,\"item\":{\"@type\":\"WebPage\",\"@id\":\"https:\/\/www.comercialanma.es\/?product=vanish\",\"url\":\"https:\/\/www.comercialanma.es\/?product=vanish\",\"name\":\"Detergente Vanish l\\u00edquido quitamanchas 1L.\"}}]}]}<\/script>\n<!-- \/ Yoast SEO plugin. -->","_links":{"self":[{"href":"https:\/\/www.comercialanma.es\/index.php?rest_route=\/wp\/v2\/product\/14989"}],"collection":[{"href":"https:\/\/www.comercialanma.es\/index.php?rest_route=\/wp\/v2\/product"}],"about":[{"href":"https:\/\/www.comercialanma.es\/index.php?rest_route=\/wp\/v2\/types\/product"}],"version-history":[{"count":1,"href":"https:\/\/www.comercialanma.es\/index.php?rest_route=\/wp\/v2\/product\/14989\/revisions"}],"predecessor-version":[{"id":14991,"href":"https:\/\/www.comercialanma.es\/index.php?rest_route=\/wp\/v2\/product\/14989\/revisions\/14991"}],"wp:featuredmedia":[{"embeddable":true,"href":"https:\/\/www.comercialanma.es\/index.php?rest_route=\/wp\/v2\/media\/14990"}],"wp:attachment":[{"href":"https:\/\/www.comercialanma.es\/index.php?rest_route=%2Fwp%2Fv2%2Fmedia&parent=14989"}],"curies":[{"name":"wp","href":"https:\/\/api.w.org\/{rel}","templated":true}]}}