
{"id":15362,"date":"2021-02-08T09:33:43","date_gmt":"2021-02-08T08:33:43","guid":{"rendered":"https:\/\/www.comercialanma.es\/?post_type=product&#038;p=15362"},"modified":"2021-02-08T09:34:42","modified_gmt":"2021-02-08T08:34:42","slug":"plato-lux-20","status":"publish","type":"product","link":"https:\/\/www.comercialanma.es\/?product=plato-lux-20","title":{"rendered":"Plato ca\u00f1a azucar Lux 20cm."},"content":{"rendered":"<ul>\n<li>Biodegradable<\/li>\n<li>Color: blanco<\/li>\n<li>Medida: 20cm.<\/li>\n<li>Envase: Retractilado<\/li>\n<\/ul>\n","protected":false},"excerpt":{"rendered":"<p>Plato ca\u00f1a azucar Lux bio | Betik | 20cm.| 12u. |<\/p>\n<p>Los\u00a0Platos de Pulpa de Ca\u00f1a de Az\u00facar\u00a0destacan por ser respetuosos con el medio ambiente, ecol\u00f3gicos, resistentes y aptos para usar en microondas. Los Platos Desechables Ecol\u00f3gicos de Ca\u00f1a de Az\u00facar son ideales para eventos y fiestas al aire libre.<\/p>\n","protected":false},"featured_media":15360,"template":"","meta":{"spay_email":""},"yoast_head":"<!-- This site is optimized with the Yoast SEO plugin v15.9 - https:\/\/yoast.com\/wordpress\/plugins\/seo\/ -->\n<title>Plato ca\u00f1a azucar Lux 20cm. - Comercial de Hosteleria Anma<\/title>\n<meta name=\"description\" content=\"Plato ca\u00f1a azucar Lux bio | Betik | 20cm.| 12u. | Respetuosos con el medio ambiente, ecol\u00f3gicos, resistentes y aptos para usar en microondas.\" \/>\n<meta name=\"robots\" content=\"index, follow, max-snippet:-1, max-image-preview:large, max-video-preview:-1\" \/>\n<link rel=\"canonical\" href=\"https:\/\/www.comercialanma.es\/?product=plato-lux-20\" \/>\n<meta property=\"og:locale\" content=\"es_ES\" \/>\n<meta property=\"og:type\" content=\"article\" \/>\n<meta property=\"og:title\" content=\"Plato ca\u00f1a azucar Lux 20cm. - Comercial de Hosteleria Anma\" \/>\n<meta property=\"og:description\" content=\"Plato ca\u00f1a azucar Lux bio | Betik | 20cm.| 12u. | Respetuosos con el medio ambiente, ecol\u00f3gicos, resistentes y aptos para usar en microondas.\" \/>\n<meta property=\"og:url\" content=\"https:\/\/www.comercialanma.es\/?product=plato-lux-20\" \/>\n<meta property=\"og:site_name\" content=\"Comercial de Hosteleria Anma\" \/>\n<meta property=\"article:publisher\" content=\"https:\/\/www.facebook.com\/AnmaHosteleria\" \/>\n<meta property=\"article:modified_time\" content=\"2021-02-08T08:34:42+00:00\" \/>\n<meta property=\"og:image\" content=\"https:\/\/i1.wp.com\/www.comercialanma.es\/wp-content\/uploads\/2021\/02\/Plato-can\u0303a-azucar-lux.jpg?fit=1080%2C1080&#038;ssl=1\" \/>\n\t<meta property=\"og:image:width\" content=\"1080\" \/>\n\t<meta property=\"og:image:height\" content=\"1080\" \/>\n<meta name=\"twitter:card\" content=\"summary_large_image\" \/>\n<meta name=\"twitter:label1\" content=\"Tiempo de lectura\">\n\t<meta name=\"twitter:data1\" content=\"1 minuto\">\n<script type=\"application\/ld+json\" class=\"yoast-schema-graph\">{\"@context\":\"https:\/\/schema.org\",\"@graph\":[{\"@type\":\"Organization\",\"@id\":\"https:\/\/www.comercialanma.es\/#organization\",\"name\":\"Comercial Anma\",\"url\":\"https:\/\/www.comercialanma.es\/\",\"sameAs\":[\"https:\/\/www.facebook.com\/AnmaHosteleria\",\"https:\/\/www.instagram.com\/anmahosteleria\/?hl=es\",\"https:\/\/www.youtube.com\/channel\/UCT2nmn08Ntks0hmpZPnDgCA\"],\"logo\":{\"@type\":\"ImageObject\",\"@id\":\"https:\/\/www.comercialanma.es\/#logo\",\"inLanguage\":\"es\",\"url\":\"https:\/\/i2.wp.com\/www.comercialanma.es\/wp-content\/uploads\/2019\/06\/logo-anma-color.png?fit=247%2C101&ssl=1\",\"width\":247,\"height\":101,\"caption\":\"Comercial Anma\"},\"image\":{\"@id\":\"https:\/\/www.comercialanma.es\/#logo\"}},{\"@type\":\"WebSite\",\"@id\":\"https:\/\/www.comercialanma.es\/#website\",\"url\":\"https:\/\/www.comercialanma.es\/\",\"name\":\"Comercial de Hosteleria Anma\",\"description\":\"\",\"publisher\":{\"@id\":\"https:\/\/www.comercialanma.es\/#organization\"},\"potentialAction\":[{\"@type\":\"SearchAction\",\"target\":\"https:\/\/www.comercialanma.es\/?s={search_term_string}\",\"query-input\":\"required name=search_term_string\"}],\"inLanguage\":\"es\"},{\"@type\":\"ImageObject\",\"@id\":\"https:\/\/www.comercialanma.es\/?product=plato-lux-20#primaryimage\",\"inLanguage\":\"es\",\"url\":\"https:\/\/i1.wp.com\/www.comercialanma.es\/wp-content\/uploads\/2021\/02\/Plato-can\\u0303a-azucar-lux.jpg?fit=1080%2C1080&ssl=1\",\"width\":1080,\"height\":1080},{\"@type\":\"WebPage\",\"@id\":\"https:\/\/www.comercialanma.es\/?product=plato-lux-20#webpage\",\"url\":\"https:\/\/www.comercialanma.es\/?product=plato-lux-20\",\"name\":\"Plato ca\\u00f1a azucar Lux 20cm. - Comercial de Hosteleria Anma\",\"isPartOf\":{\"@id\":\"https:\/\/www.comercialanma.es\/#website\"},\"primaryImageOfPage\":{\"@id\":\"https:\/\/www.comercialanma.es\/?product=plato-lux-20#primaryimage\"},\"datePublished\":\"2021-02-08T08:33:43+00:00\",\"dateModified\":\"2021-02-08T08:34:42+00:00\",\"description\":\"Plato ca\\u00f1a azucar Lux bio | Betik | 20cm.| 12u. | Respetuosos con el medio ambiente, ecol\\u00f3gicos, resistentes y aptos para usar en microondas.\",\"breadcrumb\":{\"@id\":\"https:\/\/www.comercialanma.es\/?product=plato-lux-20#breadcrumb\"},\"inLanguage\":\"es\",\"potentialAction\":[{\"@type\":\"ReadAction\",\"target\":[\"https:\/\/www.comercialanma.es\/?product=plato-lux-20\"]}]},{\"@type\":\"BreadcrumbList\",\"@id\":\"https:\/\/www.comercialanma.es\/?product=plato-lux-20#breadcrumb\",\"itemListElement\":[{\"@type\":\"ListItem\",\"position\":1,\"item\":{\"@type\":\"WebPage\",\"@id\":\"https:\/\/www.comercialanma.es\/\",\"url\":\"https:\/\/www.comercialanma.es\/\",\"name\":\"Portada\"}},{\"@type\":\"ListItem\",\"position\":2,\"item\":{\"@type\":\"WebPage\",\"@id\":\"https:\/\/www.comercialanma.es\/?page_id=3963\",\"url\":\"https:\/\/www.comercialanma.es\/?page_id=3963\",\"name\":\"Cat\\u00e1logo de Productos\"}},{\"@type\":\"ListItem\",\"position\":3,\"item\":{\"@type\":\"WebPage\",\"@id\":\"https:\/\/www.comercialanma.es\/?product=plato-lux-20\",\"url\":\"https:\/\/www.comercialanma.es\/?product=plato-lux-20\",\"name\":\"Plato ca\\u00f1a azucar Lux 20cm.\"}}]}]}<\/script>\n<!-- \/ Yoast SEO plugin. -->","_links":{"self":[{"href":"https:\/\/www.comercialanma.es\/index.php?rest_route=\/wp\/v2\/product\/15362"}],"collection":[{"href":"https:\/\/www.comercialanma.es\/index.php?rest_route=\/wp\/v2\/product"}],"about":[{"href":"https:\/\/www.comercialanma.es\/index.php?rest_route=\/wp\/v2\/types\/product"}],"version-history":[{"count":1,"href":"https:\/\/www.comercialanma.es\/index.php?rest_route=\/wp\/v2\/product\/15362\/revisions"}],"predecessor-version":[{"id":15363,"href":"https:\/\/www.comercialanma.es\/index.php?rest_route=\/wp\/v2\/product\/15362\/revisions\/15363"}],"wp:featuredmedia":[{"embeddable":true,"href":"https:\/\/www.comercialanma.es\/index.php?rest_route=\/wp\/v2\/media\/15360"}],"wp:attachment":[{"href":"https:\/\/www.comercialanma.es\/index.php?rest_route=%2Fwp%2Fv2%2Fmedia&parent=15362"}],"curies":[{"name":"wp","href":"https:\/\/api.w.org\/{rel}","templated":true}]}}

Plato caña azucar Lux 20cm.

<p>Plato caña azucar Lux bio | Betik | 20cm.| 12u. |</p>
<p>Los Platos de Pulpa de Caña de Azúcar destacan por ser respetuosos con el medio ambiente, ecológicos, resistentes y aptos para usar en microondas. Los Platos Desechables Ecológicos de Caña de Azúcar son ideales para eventos y fiestas al aire libre.</p>

<!-- This site is optimized with the Yoast SEO plugin v15.9 - https://yoast.com/wordpress/plugins/seo/ -->
<title>Plato caña azucar Lux 20cm. - Comercial de Hosteleria Anma</title>
<meta name="description" content="Plato caña azucar Lux bio | Betik | 20cm.| 12u. | Respetuosos con el medio ambiente, ecológicos, resistentes y aptos para usar en microondas." />
<meta name="robots" content="index, follow, max-snippet:-1, max-image-preview:large, max-video-preview:-1" />
<link rel="canonical" href="https://www.comercialanma.es/?product=plato-lux-20" />
<meta property="og:locale" content="es_ES" />
<meta property="og:type" content="article" />
<meta property="og:title" content="Plato caña azucar Lux 20cm. - Comercial de Hosteleria Anma" />
<meta property="og:description" content="Plato caña azucar Lux bio | Betik | 20cm.| 12u. | Respetuosos con el medio ambiente, ecológicos, resistentes y aptos para usar en microondas." />
<meta property="og:url" content="https://www.comercialanma.es/?product=plato-lux-20" />
<meta property="og:site_name" content="Comercial de Hosteleria Anma" />
<meta property="article:publisher" content="https://www.facebook.com/AnmaHosteleria" />
<meta property="article:modified_time" content="2021-02-08T08:34:42+00:00" />
<meta property="og:image" content="https://i1.wp.com/www.comercialanma.es/wp-content/uploads/2021/02/Plato-caña-azucar-lux.jpg?fit=1080%2C1080&#038;ssl=1" />
	<meta property="og:image:width" content="1080" />
	<meta property="og:image:height" content="1080" />
<meta name="twitter:card" content="summary_large_image" />
<meta name="twitter:label1" content="Tiempo de lectura">
	<meta name="twitter:data1" content="1 minuto">
<script type="application/ld+json" class="yoast-schema-graph">{"@context":"https://schema.org","@graph":[{"@type":"Organization","@id":"https://www.comercialanma.es/#organization","name":"Comercial Anma","url":"https://www.comercialanma.es/","sameAs":["https://www.facebook.com/AnmaHosteleria","https://www.instagram.com/anmahosteleria/?hl=es","https://www.youtube.com/channel/UCT2nmn08Ntks0hmpZPnDgCA"],"logo":{"@type":"ImageObject","@id":"https://www.comercialanma.es/#logo","inLanguage":"es","url":"https://i2.wp.com/www.comercialanma.es/wp-content/uploads/2019/06/logo-anma-color.png?fit=247%2C101&ssl=1","width":247,"height":101,"caption":"Comercial Anma"},"image":{"@id":"https://www.comercialanma.es/#logo"}},{"@type":"WebSite","@id":"https://www.comercialanma.es/#website","url":"https://www.comercialanma.es/","name":"Comercial de Hosteleria Anma","description":"","publisher":{"@id":"https://www.comercialanma.es/#organization"},"potentialAction":[{"@type":"SearchAction","target":"https://www.comercialanma.es/?s={search_term_string}","query-input":"required name=search_term_string"}],"inLanguage":"es"},{"@type":"ImageObject","@id":"https://www.comercialanma.es/?product=plato-lux-20#primaryimage","inLanguage":"es","url":"https://i1.wp.com/www.comercialanma.es/wp-content/uploads/2021/02/Plato-can\u0303a-azucar-lux.jpg?fit=1080%2C1080&ssl=1","width":1080,"height":1080},{"@type":"WebPage","@id":"https://www.comercialanma.es/?product=plato-lux-20#webpage","url":"https://www.comercialanma.es/?product=plato-lux-20","name":"Plato ca\u00f1a azucar Lux 20cm. - Comercial de Hosteleria Anma","isPartOf":{"@id":"https://www.comercialanma.es/#website"},"primaryImageOfPage":{"@id":"https://www.comercialanma.es/?product=plato-lux-20#primaryimage"},"datePublished":"2021-02-08T08:33:43+00:00","dateModified":"2021-02-08T08:34:42+00:00","description":"Plato ca\u00f1a azucar Lux bio | Betik | 20cm.| 12u. | Respetuosos con el medio ambiente, ecol\u00f3gicos, resistentes y aptos para usar en microondas.","breadcrumb":{"@id":"https://www.comercialanma.es/?product=plato-lux-20#breadcrumb"},"inLanguage":"es","potentialAction":[{"@type":"ReadAction","target":["https://www.comercialanma.es/?product=plato-lux-20"]}]},{"@type":"BreadcrumbList","@id":"https://www.comercialanma.es/?product=plato-lux-20#breadcrumb","itemListElement":[{"@type":"ListItem","position":1,"item":{"@type":"WebPage","@id":"https://www.comercialanma.es/","url":"https://www.comercialanma.es/","name":"Portada"}},{"@type":"ListItem","position":2,"item":{"@type":"WebPage","@id":"https://www.comercialanma.es/?page_id=3963","url":"https://www.comercialanma.es/?page_id=3963","name":"Cat\u00e1logo de Productos"}},{"@type":"ListItem","position":3,"item":{"@type":"WebPage","@id":"https://www.comercialanma.es/?product=plato-lux-20","url":"https://www.comercialanma.es/?product=plato-lux-20","name":"Plato ca\u00f1a azucar Lux 20cm."}}]}]}</script>
<!-- / Yoast SEO plugin. -->
