
{"id":15681,"date":"2021-02-11T17:48:49","date_gmt":"2021-02-11T16:48:49","guid":{"rendered":"https:\/\/www.comercialanma.es\/?post_type=product&#038;p=15681"},"modified":"2021-02-12T12:23:06","modified_gmt":"2021-02-12T11:23:06","slug":"hilos-de-jamon-340","status":"publish","type":"product","link":"https:\/\/www.comercialanma.es\/?product=hilos-de-jamon-340","title":{"rendered":"Hilos de Jam\u00f3n curado Espu\u00f1a 340gr."},"content":{"rendered":"<ul>\n<li>Formato bandeja<\/li>\n<li>340gr.<\/li>\n<li>Marca Espu\u00f1a<\/li>\n<\/ul>\n","protected":false},"excerpt":{"rendered":"<p>Hilos de Jam\u00f3n curado | 340gr. | Espu\u00f1a |<\/p>\n<p>Envase divisible. Envase de f\u00e1cil apertura. Envase termoformado transparente que permite ver la totalidad del producto. Producto tradicional presentado en hilos. Corte con color uniforme. Intenso aroma de jam\u00f3n. Bouquet tradicional. Sabor delicado.<\/p>\n<p>&nbsp;<\/p>\n<p>&nbsp;<\/p>\n<p>&nbsp;<\/p>\n","protected":false},"featured_media":15685,"template":"","meta":{"spay_email":""},"yoast_head":"<!-- This site is optimized with the Yoast SEO plugin v15.9 - https:\/\/yoast.com\/wordpress\/plugins\/seo\/ -->\n<title>Hilos de Jam\u00f3n curado Espu\u00f1a 340gr. - Comercial de Hosteleria Anma<\/title>\n<meta name=\"description\" content=\"Hilos de Jam\u00f3n curado | 340gr. | Espu\u00f1a | Producto tradicional presentado en hilos. Corte con color uniforme. Intenso aroma de jam\u00f3n.\" \/>\n<meta name=\"robots\" content=\"index, follow, max-snippet:-1, max-image-preview:large, max-video-preview:-1\" \/>\n<link rel=\"canonical\" href=\"https:\/\/www.comercialanma.es\/?product=hilos-de-jamon-340\" \/>\n<meta property=\"og:locale\" content=\"es_ES\" \/>\n<meta property=\"og:type\" content=\"article\" \/>\n<meta property=\"og:title\" content=\"Hilos de Jam\u00f3n curado Espu\u00f1a 340gr. - Comercial de Hosteleria Anma\" \/>\n<meta property=\"og:description\" content=\"Hilos de Jam\u00f3n curado | 340gr. | Espu\u00f1a | Producto tradicional presentado en hilos. Corte con color uniforme. Intenso aroma de jam\u00f3n.\" \/>\n<meta property=\"og:url\" content=\"https:\/\/www.comercialanma.es\/?product=hilos-de-jamon-340\" \/>\n<meta property=\"og:site_name\" content=\"Comercial de Hosteleria Anma\" \/>\n<meta property=\"article:publisher\" content=\"https:\/\/www.facebook.com\/AnmaHosteleria\" \/>\n<meta property=\"article:modified_time\" content=\"2021-02-12T11:23:06+00:00\" \/>\n<meta property=\"og:image\" content=\"https:\/\/i1.wp.com\/www.comercialanma.es\/wp-content\/uploads\/2021\/02\/Hilos-jamon-curado-espun\u0303a.jpg?fit=1080%2C1080&#038;ssl=1\" \/>\n\t<meta property=\"og:image:width\" content=\"1080\" \/>\n\t<meta property=\"og:image:height\" content=\"1080\" \/>\n<meta name=\"twitter:card\" content=\"summary_large_image\" \/>\n<meta name=\"twitter:label1\" content=\"Tiempo de lectura\">\n\t<meta name=\"twitter:data1\" content=\"1 minuto\">\n<script type=\"application\/ld+json\" class=\"yoast-schema-graph\">{\"@context\":\"https:\/\/schema.org\",\"@graph\":[{\"@type\":\"Organization\",\"@id\":\"https:\/\/www.comercialanma.es\/#organization\",\"name\":\"Comercial Anma\",\"url\":\"https:\/\/www.comercialanma.es\/\",\"sameAs\":[\"https:\/\/www.facebook.com\/AnmaHosteleria\",\"https:\/\/www.instagram.com\/anmahosteleria\/?hl=es\",\"https:\/\/www.youtube.com\/channel\/UCT2nmn08Ntks0hmpZPnDgCA\"],\"logo\":{\"@type\":\"ImageObject\",\"@id\":\"https:\/\/www.comercialanma.es\/#logo\",\"inLanguage\":\"es\",\"url\":\"https:\/\/i2.wp.com\/www.comercialanma.es\/wp-content\/uploads\/2019\/06\/logo-anma-color.png?fit=247%2C101&ssl=1\",\"width\":247,\"height\":101,\"caption\":\"Comercial Anma\"},\"image\":{\"@id\":\"https:\/\/www.comercialanma.es\/#logo\"}},{\"@type\":\"WebSite\",\"@id\":\"https:\/\/www.comercialanma.es\/#website\",\"url\":\"https:\/\/www.comercialanma.es\/\",\"name\":\"Comercial de Hosteleria Anma\",\"description\":\"\",\"publisher\":{\"@id\":\"https:\/\/www.comercialanma.es\/#organization\"},\"potentialAction\":[{\"@type\":\"SearchAction\",\"target\":\"https:\/\/www.comercialanma.es\/?s={search_term_string}\",\"query-input\":\"required name=search_term_string\"}],\"inLanguage\":\"es\"},{\"@type\":\"ImageObject\",\"@id\":\"https:\/\/www.comercialanma.es\/?product=hilos-de-jamon-340#primaryimage\",\"inLanguage\":\"es\",\"url\":\"https:\/\/i1.wp.com\/www.comercialanma.es\/wp-content\/uploads\/2021\/02\/Hilos-jamon-curado-espun\\u0303a.jpg?fit=1080%2C1080&ssl=1\",\"width\":1080,\"height\":1080},{\"@type\":\"WebPage\",\"@id\":\"https:\/\/www.comercialanma.es\/?product=hilos-de-jamon-340#webpage\",\"url\":\"https:\/\/www.comercialanma.es\/?product=hilos-de-jamon-340\",\"name\":\"Hilos de Jam\\u00f3n curado Espu\\u00f1a 340gr. - Comercial de Hosteleria Anma\",\"isPartOf\":{\"@id\":\"https:\/\/www.comercialanma.es\/#website\"},\"primaryImageOfPage\":{\"@id\":\"https:\/\/www.comercialanma.es\/?product=hilos-de-jamon-340#primaryimage\"},\"datePublished\":\"2021-02-11T16:48:49+00:00\",\"dateModified\":\"2021-02-12T11:23:06+00:00\",\"description\":\"Hilos de Jam\\u00f3n curado | 340gr. | Espu\\u00f1a | Producto tradicional presentado en hilos. Corte con color uniforme. Intenso aroma de jam\\u00f3n.\",\"breadcrumb\":{\"@id\":\"https:\/\/www.comercialanma.es\/?product=hilos-de-jamon-340#breadcrumb\"},\"inLanguage\":\"es\",\"potentialAction\":[{\"@type\":\"ReadAction\",\"target\":[\"https:\/\/www.comercialanma.es\/?product=hilos-de-jamon-340\"]}]},{\"@type\":\"BreadcrumbList\",\"@id\":\"https:\/\/www.comercialanma.es\/?product=hilos-de-jamon-340#breadcrumb\",\"itemListElement\":[{\"@type\":\"ListItem\",\"position\":1,\"item\":{\"@type\":\"WebPage\",\"@id\":\"https:\/\/www.comercialanma.es\/\",\"url\":\"https:\/\/www.comercialanma.es\/\",\"name\":\"Portada\"}},{\"@type\":\"ListItem\",\"position\":2,\"item\":{\"@type\":\"WebPage\",\"@id\":\"https:\/\/www.comercialanma.es\/?page_id=3963\",\"url\":\"https:\/\/www.comercialanma.es\/?page_id=3963\",\"name\":\"Cat\\u00e1logo de Productos\"}},{\"@type\":\"ListItem\",\"position\":3,\"item\":{\"@type\":\"WebPage\",\"@id\":\"https:\/\/www.comercialanma.es\/?product=hilos-de-jamon-340\",\"url\":\"https:\/\/www.comercialanma.es\/?product=hilos-de-jamon-340\",\"name\":\"Hilos de Jam\\u00f3n curado Espu\\u00f1a 340gr.\"}}]}]}<\/script>\n<!-- \/ Yoast SEO plugin. -->","_links":{"self":[{"href":"https:\/\/www.comercialanma.es\/index.php?rest_route=\/wp\/v2\/product\/15681"}],"collection":[{"href":"https:\/\/www.comercialanma.es\/index.php?rest_route=\/wp\/v2\/product"}],"about":[{"href":"https:\/\/www.comercialanma.es\/index.php?rest_route=\/wp\/v2\/types\/product"}],"version-history":[{"count":2,"href":"https:\/\/www.comercialanma.es\/index.php?rest_route=\/wp\/v2\/product\/15681\/revisions"}],"predecessor-version":[{"id":15686,"href":"https:\/\/www.comercialanma.es\/index.php?rest_route=\/wp\/v2\/product\/15681\/revisions\/15686"}],"wp:featuredmedia":[{"embeddable":true,"href":"https:\/\/www.comercialanma.es\/index.php?rest_route=\/wp\/v2\/media\/15685"}],"wp:attachment":[{"href":"https:\/\/www.comercialanma.es\/index.php?rest_route=%2Fwp%2Fv2%2Fmedia&parent=15681"}],"curies":[{"name":"wp","href":"https:\/\/api.w.org\/{rel}","templated":true}]}}

Hilos de Jamón curado Espuña 340gr.

<ul>
<li>Formato bandeja</li>
<li>340gr.</li>
<li>Marca Espuña</li>
</ul>

<p>Hilos de Jamón curado | 340gr. | Espuña |</p>
<p>Envase divisible. Envase de fácil apertura. Envase termoformado transparente que permite ver la totalidad del producto. Producto tradicional presentado en hilos. Corte con color uniforme. Intenso aroma de jamón. Bouquet tradicional. Sabor delicado.</p>
<p>&nbsp;</p>
<p>&nbsp;</p>
<p>&nbsp;</p>

<!-- This site is optimized with the Yoast SEO plugin v15.9 - https://yoast.com/wordpress/plugins/seo/ -->
<title>Hilos de Jamón curado Espuña 340gr. - Comercial de Hosteleria Anma</title>
<meta name="description" content="Hilos de Jamón curado | 340gr. | Espuña | Producto tradicional presentado en hilos. Corte con color uniforme. Intenso aroma de jamón." />
<meta name="robots" content="index, follow, max-snippet:-1, max-image-preview:large, max-video-preview:-1" />
<link rel="canonical" href="https://www.comercialanma.es/?product=hilos-de-jamon-340" />
<meta property="og:locale" content="es_ES" />
<meta property="og:type" content="article" />
<meta property="og:title" content="Hilos de Jamón curado Espuña 340gr. - Comercial de Hosteleria Anma" />
<meta property="og:description" content="Hilos de Jamón curado | 340gr. | Espuña | Producto tradicional presentado en hilos. Corte con color uniforme. Intenso aroma de jamón." />
<meta property="og:url" content="https://www.comercialanma.es/?product=hilos-de-jamon-340" />
<meta property="og:site_name" content="Comercial de Hosteleria Anma" />
<meta property="article:publisher" content="https://www.facebook.com/AnmaHosteleria" />
<meta property="article:modified_time" content="2021-02-12T11:23:06+00:00" />
<meta property="og:image" content="https://i1.wp.com/www.comercialanma.es/wp-content/uploads/2021/02/Hilos-jamon-curado-espuña.jpg?fit=1080%2C1080&#038;ssl=1" />
	<meta property="og:image:width" content="1080" />
	<meta property="og:image:height" content="1080" />
<meta name="twitter:card" content="summary_large_image" />
<meta name="twitter:label1" content="Tiempo de lectura">
	<meta name="twitter:data1" content="1 minuto">
<script type="application/ld+json" class="yoast-schema-graph">{"@context":"https://schema.org","@graph":[{"@type":"Organization","@id":"https://www.comercialanma.es/#organization","name":"Comercial Anma","url":"https://www.comercialanma.es/","sameAs":["https://www.facebook.com/AnmaHosteleria","https://www.instagram.com/anmahosteleria/?hl=es","https://www.youtube.com/channel/UCT2nmn08Ntks0hmpZPnDgCA"],"logo":{"@type":"ImageObject","@id":"https://www.comercialanma.es/#logo","inLanguage":"es","url":"https://i2.wp.com/www.comercialanma.es/wp-content/uploads/2019/06/logo-anma-color.png?fit=247%2C101&ssl=1","width":247,"height":101,"caption":"Comercial Anma"},"image":{"@id":"https://www.comercialanma.es/#logo"}},{"@type":"WebSite","@id":"https://www.comercialanma.es/#website","url":"https://www.comercialanma.es/","name":"Comercial de Hosteleria Anma","description":"","publisher":{"@id":"https://www.comercialanma.es/#organization"},"potentialAction":[{"@type":"SearchAction","target":"https://www.comercialanma.es/?s={search_term_string}","query-input":"required name=search_term_string"}],"inLanguage":"es"},{"@type":"ImageObject","@id":"https://www.comercialanma.es/?product=hilos-de-jamon-340#primaryimage","inLanguage":"es","url":"https://i1.wp.com/www.comercialanma.es/wp-content/uploads/2021/02/Hilos-jamon-curado-espun\u0303a.jpg?fit=1080%2C1080&ssl=1","width":1080,"height":1080},{"@type":"WebPage","@id":"https://www.comercialanma.es/?product=hilos-de-jamon-340#webpage","url":"https://www.comercialanma.es/?product=hilos-de-jamon-340","name":"Hilos de Jam\u00f3n curado Espu\u00f1a 340gr. - Comercial de Hosteleria Anma","isPartOf":{"@id":"https://www.comercialanma.es/#website"},"primaryImageOfPage":{"@id":"https://www.comercialanma.es/?product=hilos-de-jamon-340#primaryimage"},"datePublished":"2021-02-11T16:48:49+00:00","dateModified":"2021-02-12T11:23:06+00:00","description":"Hilos de Jam\u00f3n curado | 340gr. | Espu\u00f1a | Producto tradicional presentado en hilos. Corte con color uniforme. Intenso aroma de jam\u00f3n.","breadcrumb":{"@id":"https://www.comercialanma.es/?product=hilos-de-jamon-340#breadcrumb"},"inLanguage":"es","potentialAction":[{"@type":"ReadAction","target":["https://www.comercialanma.es/?product=hilos-de-jamon-340"]}]},{"@type":"BreadcrumbList","@id":"https://www.comercialanma.es/?product=hilos-de-jamon-340#breadcrumb","itemListElement":[{"@type":"ListItem","position":1,"item":{"@type":"WebPage","@id":"https://www.comercialanma.es/","url":"https://www.comercialanma.es/","name":"Portada"}},{"@type":"ListItem","position":2,"item":{"@type":"WebPage","@id":"https://www.comercialanma.es/?page_id=3963","url":"https://www.comercialanma.es/?page_id=3963","name":"Cat\u00e1logo de Productos"}},{"@type":"ListItem","position":3,"item":{"@type":"WebPage","@id":"https://www.comercialanma.es/?product=hilos-de-jamon-340","url":"https://www.comercialanma.es/?product=hilos-de-jamon-340","name":"Hilos de Jam\u00f3n curado Espu\u00f1a 340gr."}}]}]}</script>
<!-- / Yoast SEO plugin. -->
