
{"id":15847,"date":"2021-02-19T15:15:04","date_gmt":"2021-02-19T14:15:04","guid":{"rendered":"https:\/\/www.comercialanma.es\/?post_type=product&#038;p=15847"},"modified":"2021-02-19T15:26:18","modified_gmt":"2021-02-19T14:26:18","slug":"noilly-rouge","status":"publish","type":"product","link":"https:\/\/www.comercialanma.es\/?product=noilly-rouge","title":{"rendered":"Vermut Noilly Prat Rouge 75cl."},"content":{"rendered":"<p>Vermouth Noilly Prat Rouge est\u00e1 compuesto por dos variedades de uva blanca, picpoul y clairette.<\/p>\n<h3>Pa\u00eds:<\/h3>\n<ul>\n<li>Francia<\/li>\n<\/ul>\n<h3>Nota de Cata<\/h3>\n<ul>\n<li>Vermouth Noilly Prat Rouge es de color ambar oscuro con notas especiadas de azafr\u00e1n, clavo de olor y semillas de cacao.<\/li>\n<\/ul>\n<h3>Graduaci\u00f3n:<\/h3>\n<ul>\n<li>16\u00ba vol.<\/li>\n<\/ul>\n","protected":false},"excerpt":{"rendered":"<div id=\"info_valoracion\">\n<div id=\"short_description_block\">\n<div id=\"short_description_content\">\n<div id=\"full_description\">\n<p>Vermut | Noilly Prat Rouge | 75cl. | 16\u00ba vol. |<\/p>\n<p>Vermouth Noilly Prat Rouge est\u00e1 compuesto por dos variedades de uva blanca, picpoul y clairette, cultivadas en el departamento de H\u00e9rault, en el sudeste del pa\u00eds de Francia.<br \/>\nA\u00f1os de experiencia han inspirado esta t\u00e9cnica pionera al percatarse de que al transportar el vino en barriles expuestos al sol y al salitre durante un per\u00edodo prolongado, \u00e9ste adquir\u00eda un sabor especial fruto de una alteraci\u00f3n de las condiciones \u00f3ptimas de conservaci\u00f3n.<br \/>\nPara recrear esta alteraci\u00f3n de forma controlada tras un primer periodo en bodega trasvasaban el vino a unas segundas barricas que quedaban expuestas al sol durante un periodo aproximadamente de un a\u00f1o.<\/p><\/div>\n<\/div>\n<\/div>\n<div class=\"available-box\"><\/div>\n<\/div>\n<p>&nbsp;<\/p>\n","protected":false},"featured_media":15849,"template":"","meta":{"spay_email":""},"yoast_head":"<!-- This site is optimized with the Yoast SEO plugin v15.9 - https:\/\/yoast.com\/wordpress\/plugins\/seo\/ -->\n<title>Vermut Noilly Prat Rouge 75cl. - Comercial de Hosteleria Anma<\/title>\n<meta name=\"description\" content=\"Vermut | Noilly Prat Rouge | 75cl. | 16\u00ba vol. | De color ambar oscuro con notas especiadas de azafr\u00e1n, clavo de olor y semillas de cacao.\" \/>\n<meta name=\"robots\" content=\"index, follow, max-snippet:-1, max-image-preview:large, max-video-preview:-1\" \/>\n<link rel=\"canonical\" href=\"https:\/\/www.comercialanma.es\/?product=noilly-rouge\" \/>\n<meta property=\"og:locale\" content=\"es_ES\" \/>\n<meta property=\"og:type\" content=\"article\" \/>\n<meta property=\"og:title\" content=\"Vermut Noilly Prat Rouge 75cl. - Comercial de Hosteleria Anma\" \/>\n<meta property=\"og:description\" content=\"Vermut | Noilly Prat Rouge | 75cl. | 16\u00ba vol. | De color ambar oscuro con notas especiadas de azafr\u00e1n, clavo de olor y semillas de cacao.\" \/>\n<meta property=\"og:url\" content=\"https:\/\/www.comercialanma.es\/?product=noilly-rouge\" \/>\n<meta property=\"og:site_name\" content=\"Comercial de Hosteleria Anma\" \/>\n<meta property=\"article:publisher\" content=\"https:\/\/www.facebook.com\/AnmaHosteleria\" \/>\n<meta property=\"article:modified_time\" content=\"2021-02-19T14:26:18+00:00\" \/>\n<meta property=\"og:image\" content=\"https:\/\/i1.wp.com\/www.comercialanma.es\/wp-content\/uploads\/2021\/02\/Noilly-Prat-rouge-Francia.jpg?fit=1080%2C1080&#038;ssl=1\" \/>\n\t<meta property=\"og:image:width\" content=\"1080\" \/>\n\t<meta property=\"og:image:height\" content=\"1080\" \/>\n<meta name=\"twitter:card\" content=\"summary_large_image\" \/>\n<meta name=\"twitter:label1\" content=\"Tiempo de lectura\">\n\t<meta name=\"twitter:data1\" content=\"1 minuto\">\n<script type=\"application\/ld+json\" class=\"yoast-schema-graph\">{\"@context\":\"https:\/\/schema.org\",\"@graph\":[{\"@type\":\"Organization\",\"@id\":\"https:\/\/www.comercialanma.es\/#organization\",\"name\":\"Comercial Anma\",\"url\":\"https:\/\/www.comercialanma.es\/\",\"sameAs\":[\"https:\/\/www.facebook.com\/AnmaHosteleria\",\"https:\/\/www.instagram.com\/anmahosteleria\/?hl=es\",\"https:\/\/www.youtube.com\/channel\/UCT2nmn08Ntks0hmpZPnDgCA\"],\"logo\":{\"@type\":\"ImageObject\",\"@id\":\"https:\/\/www.comercialanma.es\/#logo\",\"inLanguage\":\"es\",\"url\":\"https:\/\/i2.wp.com\/www.comercialanma.es\/wp-content\/uploads\/2019\/06\/logo-anma-color.png?fit=247%2C101&ssl=1\",\"width\":247,\"height\":101,\"caption\":\"Comercial Anma\"},\"image\":{\"@id\":\"https:\/\/www.comercialanma.es\/#logo\"}},{\"@type\":\"WebSite\",\"@id\":\"https:\/\/www.comercialanma.es\/#website\",\"url\":\"https:\/\/www.comercialanma.es\/\",\"name\":\"Comercial de Hosteleria Anma\",\"description\":\"\",\"publisher\":{\"@id\":\"https:\/\/www.comercialanma.es\/#organization\"},\"potentialAction\":[{\"@type\":\"SearchAction\",\"target\":\"https:\/\/www.comercialanma.es\/?s={search_term_string}\",\"query-input\":\"required name=search_term_string\"}],\"inLanguage\":\"es\"},{\"@type\":\"ImageObject\",\"@id\":\"https:\/\/www.comercialanma.es\/?product=noilly-rouge#primaryimage\",\"inLanguage\":\"es\",\"url\":\"https:\/\/i1.wp.com\/www.comercialanma.es\/wp-content\/uploads\/2021\/02\/Noilly-Prat-rouge-Francia.jpg?fit=1080%2C1080&ssl=1\",\"width\":1080,\"height\":1080},{\"@type\":\"WebPage\",\"@id\":\"https:\/\/www.comercialanma.es\/?product=noilly-rouge#webpage\",\"url\":\"https:\/\/www.comercialanma.es\/?product=noilly-rouge\",\"name\":\"Vermut Noilly Prat Rouge 75cl. - Comercial de Hosteleria Anma\",\"isPartOf\":{\"@id\":\"https:\/\/www.comercialanma.es\/#website\"},\"primaryImageOfPage\":{\"@id\":\"https:\/\/www.comercialanma.es\/?product=noilly-rouge#primaryimage\"},\"datePublished\":\"2021-02-19T14:15:04+00:00\",\"dateModified\":\"2021-02-19T14:26:18+00:00\",\"description\":\"Vermut | Noilly Prat Rouge | 75cl. | 16\\u00ba vol. | De color ambar oscuro con notas especiadas de azafr\\u00e1n, clavo de olor y semillas de cacao.\",\"breadcrumb\":{\"@id\":\"https:\/\/www.comercialanma.es\/?product=noilly-rouge#breadcrumb\"},\"inLanguage\":\"es\",\"potentialAction\":[{\"@type\":\"ReadAction\",\"target\":[\"https:\/\/www.comercialanma.es\/?product=noilly-rouge\"]}]},{\"@type\":\"BreadcrumbList\",\"@id\":\"https:\/\/www.comercialanma.es\/?product=noilly-rouge#breadcrumb\",\"itemListElement\":[{\"@type\":\"ListItem\",\"position\":1,\"item\":{\"@type\":\"WebPage\",\"@id\":\"https:\/\/www.comercialanma.es\/\",\"url\":\"https:\/\/www.comercialanma.es\/\",\"name\":\"Portada\"}},{\"@type\":\"ListItem\",\"position\":2,\"item\":{\"@type\":\"WebPage\",\"@id\":\"https:\/\/www.comercialanma.es\/?page_id=3963\",\"url\":\"https:\/\/www.comercialanma.es\/?page_id=3963\",\"name\":\"Cat\\u00e1logo de Productos\"}},{\"@type\":\"ListItem\",\"position\":3,\"item\":{\"@type\":\"WebPage\",\"@id\":\"https:\/\/www.comercialanma.es\/?product=noilly-rouge\",\"url\":\"https:\/\/www.comercialanma.es\/?product=noilly-rouge\",\"name\":\"Vermut Noilly Prat Rouge 75cl.\"}}]}]}<\/script>\n<!-- \/ Yoast SEO plugin. -->","_links":{"self":[{"href":"https:\/\/www.comercialanma.es\/index.php?rest_route=\/wp\/v2\/product\/15847"}],"collection":[{"href":"https:\/\/www.comercialanma.es\/index.php?rest_route=\/wp\/v2\/product"}],"about":[{"href":"https:\/\/www.comercialanma.es\/index.php?rest_route=\/wp\/v2\/types\/product"}],"version-history":[{"count":1,"href":"https:\/\/www.comercialanma.es\/index.php?rest_route=\/wp\/v2\/product\/15847\/revisions"}],"predecessor-version":[{"id":15850,"href":"https:\/\/www.comercialanma.es\/index.php?rest_route=\/wp\/v2\/product\/15847\/revisions\/15850"}],"wp:featuredmedia":[{"embeddable":true,"href":"https:\/\/www.comercialanma.es\/index.php?rest_route=\/wp\/v2\/media\/15849"}],"wp:attachment":[{"href":"https:\/\/www.comercialanma.es\/index.php?rest_route=%2Fwp%2Fv2%2Fmedia&parent=15847"}],"curies":[{"name":"wp","href":"https:\/\/api.w.org\/{rel}","templated":true}]}}