
{"id":16060,"date":"2021-02-24T11:45:35","date_gmt":"2021-02-24T10:45:35","guid":{"rendered":"https:\/\/www.comercialanma.es\/?post_type=product&#038;p=16060"},"modified":"2021-08-30T15:10:45","modified_gmt":"2021-08-30T13:10:45","slug":"lonchas-jamon-cocido-espuna","status":"publish","type":"product","link":"https:\/\/www.comercialanma.es\/?product=lonchas-jamon-cocido-espuna","title":{"rendered":"Lonchas Jam\u00f3n cocido S\u00e1ndwich Espu\u00f1a 340gr."},"content":{"rendered":"<ul>\n<li>Jam\u00f3n York cocido en lonchas.<\/li>\n<li>S\u00e1ndwich 11x11cm.<\/li>\n<li>340gr.<\/li>\n<li>Especial Hosteler\u00eda<\/li>\n<li>Marca Espu\u00f1a<\/li>\n<\/ul>\n","protected":false},"excerpt":{"rendered":"<div class=\"col span_12 left\">\n<div class=\"vc_col-sm-12 wpb_column column_container vc_column_container col has-animation no-extra-padding instance-2 animated-in\" data-bg-cover=\"\" data-padding-pos=\"all\" data-has-bg-color=\"false\" data-bg-color=\"\" data-bg-opacity=\"1\" data-hover-bg=\"\" data-hover-bg-opacity=\"1\" data-animation=\"fade-in-from-bottom\" data-delay=\"300\">\n<div class=\"vc_column-inner\">\n<div class=\"wpb_wrapper\">Lonchas Jam\u00f3n cocido S\u00e1ndwich | 340gr.| 11x11cm.| Especial Hosteler\u00eda | Espu\u00f1a |<\/div>\n<div class=\"wpb_wrapper\">F\u00e1cil separaci\u00f3n de las lonchas. Producto elaborado \u00fanicamente con carne de pavo. Pechugas de pavo cocidas. Sabor suave. Bandeja transparente de f\u00e1cil apertura. El sistema de envasado permite ver la totalidad del producto. Con microfilm separador de lonchas.\n<\/div>\n<\/div>\n<\/div>\n<\/div>\n","protected":false},"featured_media":16061,"template":"","meta":{"spay_email":""},"yoast_head":"<!-- This site is optimized with the Yoast SEO plugin v15.9 - https:\/\/yoast.com\/wordpress\/plugins\/seo\/ -->\n<title>Lonchas Jam\u00f3n cocido S\u00e1ndwich Espu\u00f1a 340gr. - Comercial de Hosteleria Anma<\/title>\n<meta name=\"description\" content=\"Lonchas Jam\u00f3n cocido S\u00e1ndwich | 340gr.| 11x11cm.| Especial Hosteler\u00eda | Espu\u00f1a |F\u00e1cil separaci\u00f3n de las lonchas.\" \/>\n<meta name=\"robots\" content=\"index, follow, max-snippet:-1, max-image-preview:large, max-video-preview:-1\" \/>\n<link rel=\"canonical\" href=\"https:\/\/www.comercialanma.es\/?product=lonchas-jamon-cocido-espuna\" \/>\n<meta property=\"og:locale\" content=\"es_ES\" \/>\n<meta property=\"og:type\" content=\"article\" \/>\n<meta property=\"og:title\" content=\"Lonchas Jam\u00f3n cocido S\u00e1ndwich Espu\u00f1a 340gr. - Comercial de Hosteleria Anma\" \/>\n<meta property=\"og:description\" content=\"Lonchas Jam\u00f3n cocido S\u00e1ndwich | 340gr.| 11x11cm.| Especial Hosteler\u00eda | Espu\u00f1a |F\u00e1cil separaci\u00f3n de las lonchas.\" \/>\n<meta property=\"og:url\" content=\"https:\/\/www.comercialanma.es\/?product=lonchas-jamon-cocido-espuna\" \/>\n<meta property=\"og:site_name\" content=\"Comercial de Hosteleria Anma\" \/>\n<meta property=\"article:publisher\" content=\"https:\/\/www.facebook.com\/AnmaHosteleria\" \/>\n<meta property=\"article:modified_time\" content=\"2021-08-30T13:10:45+00:00\" \/>\n<meta property=\"og:image\" content=\"https:\/\/i0.wp.com\/www.comercialanma.es\/wp-content\/uploads\/2021\/02\/Jamon-cocido-sandwich-espun\u0303a-340-xl.jpg?fit=1080%2C1080&#038;ssl=1\" \/>\n\t<meta property=\"og:image:width\" content=\"1080\" \/>\n\t<meta property=\"og:image:height\" content=\"1080\" \/>\n<meta name=\"twitter:card\" content=\"summary_large_image\" \/>\n<meta name=\"twitter:label1\" content=\"Tiempo de lectura\">\n\t<meta name=\"twitter:data1\" content=\"1 minuto\">\n<script type=\"application\/ld+json\" class=\"yoast-schema-graph\">{\"@context\":\"https:\/\/schema.org\",\"@graph\":[{\"@type\":\"Organization\",\"@id\":\"https:\/\/www.comercialanma.es\/#organization\",\"name\":\"Comercial Anma\",\"url\":\"https:\/\/www.comercialanma.es\/\",\"sameAs\":[\"https:\/\/www.facebook.com\/AnmaHosteleria\",\"https:\/\/www.instagram.com\/anmahosteleria\/?hl=es\",\"https:\/\/www.youtube.com\/channel\/UCT2nmn08Ntks0hmpZPnDgCA\"],\"logo\":{\"@type\":\"ImageObject\",\"@id\":\"https:\/\/www.comercialanma.es\/#logo\",\"inLanguage\":\"es\",\"url\":\"https:\/\/i2.wp.com\/www.comercialanma.es\/wp-content\/uploads\/2019\/06\/logo-anma-color.png?fit=247%2C101&ssl=1\",\"width\":247,\"height\":101,\"caption\":\"Comercial Anma\"},\"image\":{\"@id\":\"https:\/\/www.comercialanma.es\/#logo\"}},{\"@type\":\"WebSite\",\"@id\":\"https:\/\/www.comercialanma.es\/#website\",\"url\":\"https:\/\/www.comercialanma.es\/\",\"name\":\"Comercial de Hosteleria Anma\",\"description\":\"\",\"publisher\":{\"@id\":\"https:\/\/www.comercialanma.es\/#organization\"},\"potentialAction\":[{\"@type\":\"SearchAction\",\"target\":\"https:\/\/www.comercialanma.es\/?s={search_term_string}\",\"query-input\":\"required name=search_term_string\"}],\"inLanguage\":\"es\"},{\"@type\":\"ImageObject\",\"@id\":\"https:\/\/www.comercialanma.es\/?product=lonchas-jamon-cocido-espuna#primaryimage\",\"inLanguage\":\"es\",\"url\":\"https:\/\/i0.wp.com\/www.comercialanma.es\/wp-content\/uploads\/2021\/02\/Jamon-cocido-sandwich-espun\\u0303a-340-xl.jpg?fit=1080%2C1080&ssl=1\",\"width\":1080,\"height\":1080},{\"@type\":\"WebPage\",\"@id\":\"https:\/\/www.comercialanma.es\/?product=lonchas-jamon-cocido-espuna#webpage\",\"url\":\"https:\/\/www.comercialanma.es\/?product=lonchas-jamon-cocido-espuna\",\"name\":\"Lonchas Jam\\u00f3n cocido S\\u00e1ndwich Espu\\u00f1a 340gr. - Comercial de Hosteleria Anma\",\"isPartOf\":{\"@id\":\"https:\/\/www.comercialanma.es\/#website\"},\"primaryImageOfPage\":{\"@id\":\"https:\/\/www.comercialanma.es\/?product=lonchas-jamon-cocido-espuna#primaryimage\"},\"datePublished\":\"2021-02-24T10:45:35+00:00\",\"dateModified\":\"2021-08-30T13:10:45+00:00\",\"description\":\"Lonchas Jam\\u00f3n cocido S\\u00e1ndwich | 340gr.| 11x11cm.| Especial Hosteler\\u00eda | Espu\\u00f1a |F\\u00e1cil separaci\\u00f3n de las lonchas.\",\"breadcrumb\":{\"@id\":\"https:\/\/www.comercialanma.es\/?product=lonchas-jamon-cocido-espuna#breadcrumb\"},\"inLanguage\":\"es\",\"potentialAction\":[{\"@type\":\"ReadAction\",\"target\":[\"https:\/\/www.comercialanma.es\/?product=lonchas-jamon-cocido-espuna\"]}]},{\"@type\":\"BreadcrumbList\",\"@id\":\"https:\/\/www.comercialanma.es\/?product=lonchas-jamon-cocido-espuna#breadcrumb\",\"itemListElement\":[{\"@type\":\"ListItem\",\"position\":1,\"item\":{\"@type\":\"WebPage\",\"@id\":\"https:\/\/www.comercialanma.es\/\",\"url\":\"https:\/\/www.comercialanma.es\/\",\"name\":\"Portada\"}},{\"@type\":\"ListItem\",\"position\":2,\"item\":{\"@type\":\"WebPage\",\"@id\":\"https:\/\/www.comercialanma.es\/?page_id=3963\",\"url\":\"https:\/\/www.comercialanma.es\/?page_id=3963\",\"name\":\"Cat\\u00e1logo de Productos\"}},{\"@type\":\"ListItem\",\"position\":3,\"item\":{\"@type\":\"WebPage\",\"@id\":\"https:\/\/www.comercialanma.es\/?product=lonchas-jamon-cocido-espuna\",\"url\":\"https:\/\/www.comercialanma.es\/?product=lonchas-jamon-cocido-espuna\",\"name\":\"Lonchas Jam\\u00f3n cocido S\\u00e1ndwich Espu\\u00f1a 340gr.\"}}]}]}<\/script>\n<!-- \/ Yoast SEO plugin. -->","_links":{"self":[{"href":"https:\/\/www.comercialanma.es\/index.php?rest_route=\/wp\/v2\/product\/16060"}],"collection":[{"href":"https:\/\/www.comercialanma.es\/index.php?rest_route=\/wp\/v2\/product"}],"about":[{"href":"https:\/\/www.comercialanma.es\/index.php?rest_route=\/wp\/v2\/types\/product"}],"version-history":[{"count":1,"href":"https:\/\/www.comercialanma.es\/index.php?rest_route=\/wp\/v2\/product\/16060\/revisions"}],"predecessor-version":[{"id":16062,"href":"https:\/\/www.comercialanma.es\/index.php?rest_route=\/wp\/v2\/product\/16060\/revisions\/16062"}],"wp:featuredmedia":[{"embeddable":true,"href":"https:\/\/www.comercialanma.es\/index.php?rest_route=\/wp\/v2\/media\/16061"}],"wp:attachment":[{"href":"https:\/\/www.comercialanma.es\/index.php?rest_route=%2Fwp%2Fv2%2Fmedia&parent=16060"}],"curies":[{"name":"wp","href":"https:\/\/api.w.org\/{rel}","templated":true}]}}