
{"id":16084,"date":"2021-02-25T16:07:32","date_gmt":"2021-02-25T15:07:32","guid":{"rendered":"https:\/\/www.comercialanma.es\/?post_type=product&#038;p=16084"},"modified":"2021-02-25T16:12:36","modified_gmt":"2021-02-25T15:12:36","slug":"sobre-chorizo-lonchas-espuna-xl-340gr","status":"publish","type":"product","link":"https:\/\/www.comercialanma.es\/?product=sobre-chorizo-lonchas-espuna-xl-340gr","title":{"rendered":"Sobre chorizo lonchas Espu\u00f1a XL 340gr."},"content":{"rendered":"<ul>\n<li>Chorizo lonchas<\/li>\n<li>Sobre XL de 340gr.<\/li>\n<li>Marca Espu\u00f1a<\/li>\n<\/ul>\n","protected":false},"excerpt":{"rendered":"<p>Sobre chorizo lonchas XL 340gr. | Espu\u00f1a | 340gr. |<\/p>\n<p>El sistema de envasado permite ver la totalidad del producto. Formato el\u00edptico. Calibre aproximado de 80-85 mm. Envase termoformado transparente de f\u00e1cil apertura. F\u00e1cil separaci\u00f3n de las lonchas. Lonchas cortadas al bi\u00e9s. Producto elaborado \u00fanicamente con carnes magras de cerdo. Picado grueso. Bouquet no \u00e1cido. Sabor caracter\u00edstico.<\/p>\n<p>&nbsp;<\/p>\n<p>&nbsp;<\/p>\n<p>&nbsp;<\/p>\n","protected":false},"featured_media":16086,"template":"","meta":{"spay_email":""},"yoast_head":"<!-- This site is optimized with the Yoast SEO plugin v15.9 - https:\/\/yoast.com\/wordpress\/plugins\/seo\/ -->\n<title>Sobre chorizo lonchas Espu\u00f1a XL 340gr. - Comercial de Hosteleria Anma<\/title>\n<meta name=\"description\" content=\"Sobre chorizo lonchas XL 340gr. | Espu\u00f1a | 340gr. | Lonchas cortadas al bi\u00e9s. Producto elaborado \u00fanicamente con carnes magras de cerdo.\" \/>\n<meta name=\"robots\" content=\"index, follow, max-snippet:-1, max-image-preview:large, max-video-preview:-1\" \/>\n<link rel=\"canonical\" href=\"https:\/\/www.comercialanma.es\/?product=sobre-chorizo-lonchas-espuna-xl-340gr\" \/>\n<meta property=\"og:locale\" content=\"es_ES\" \/>\n<meta property=\"og:type\" content=\"article\" \/>\n<meta property=\"og:title\" content=\"Sobre chorizo lonchas Espu\u00f1a XL 340gr. - Comercial de Hosteleria Anma\" \/>\n<meta property=\"og:description\" content=\"Sobre chorizo lonchas XL 340gr. | Espu\u00f1a | 340gr. | Lonchas cortadas al bi\u00e9s. Producto elaborado \u00fanicamente con carnes magras de cerdo.\" \/>\n<meta property=\"og:url\" content=\"https:\/\/www.comercialanma.es\/?product=sobre-chorizo-lonchas-espuna-xl-340gr\" \/>\n<meta property=\"og:site_name\" content=\"Comercial de Hosteleria Anma\" \/>\n<meta property=\"article:publisher\" content=\"https:\/\/www.facebook.com\/AnmaHosteleria\" \/>\n<meta property=\"article:modified_time\" content=\"2021-02-25T15:12:36+00:00\" \/>\n<meta property=\"og:image\" content=\"https:\/\/i1.wp.com\/www.comercialanma.es\/wp-content\/uploads\/2021\/02\/Chorizo-sobre-xl-espun\u0303a-340.jpg?fit=1080%2C1080&#038;ssl=1\" \/>\n\t<meta property=\"og:image:width\" content=\"1080\" \/>\n\t<meta property=\"og:image:height\" content=\"1080\" \/>\n<meta name=\"twitter:card\" content=\"summary_large_image\" \/>\n<meta name=\"twitter:label1\" content=\"Tiempo de lectura\">\n\t<meta name=\"twitter:data1\" content=\"1 minuto\">\n<script type=\"application\/ld+json\" class=\"yoast-schema-graph\">{\"@context\":\"https:\/\/schema.org\",\"@graph\":[{\"@type\":\"Organization\",\"@id\":\"https:\/\/www.comercialanma.es\/#organization\",\"name\":\"Comercial Anma\",\"url\":\"https:\/\/www.comercialanma.es\/\",\"sameAs\":[\"https:\/\/www.facebook.com\/AnmaHosteleria\",\"https:\/\/www.instagram.com\/anmahosteleria\/?hl=es\",\"https:\/\/www.youtube.com\/channel\/UCT2nmn08Ntks0hmpZPnDgCA\"],\"logo\":{\"@type\":\"ImageObject\",\"@id\":\"https:\/\/www.comercialanma.es\/#logo\",\"inLanguage\":\"es\",\"url\":\"https:\/\/i2.wp.com\/www.comercialanma.es\/wp-content\/uploads\/2019\/06\/logo-anma-color.png?fit=247%2C101&ssl=1\",\"width\":247,\"height\":101,\"caption\":\"Comercial Anma\"},\"image\":{\"@id\":\"https:\/\/www.comercialanma.es\/#logo\"}},{\"@type\":\"WebSite\",\"@id\":\"https:\/\/www.comercialanma.es\/#website\",\"url\":\"https:\/\/www.comercialanma.es\/\",\"name\":\"Comercial de Hosteleria Anma\",\"description\":\"\",\"publisher\":{\"@id\":\"https:\/\/www.comercialanma.es\/#organization\"},\"potentialAction\":[{\"@type\":\"SearchAction\",\"target\":\"https:\/\/www.comercialanma.es\/?s={search_term_string}\",\"query-input\":\"required name=search_term_string\"}],\"inLanguage\":\"es\"},{\"@type\":\"ImageObject\",\"@id\":\"https:\/\/www.comercialanma.es\/?product=sobre-chorizo-lonchas-espuna-xl-340gr#primaryimage\",\"inLanguage\":\"es\",\"url\":\"https:\/\/i1.wp.com\/www.comercialanma.es\/wp-content\/uploads\/2021\/02\/Chorizo-sobre-xl-espun\\u0303a-340.jpg?fit=1080%2C1080&ssl=1\",\"width\":1080,\"height\":1080},{\"@type\":\"WebPage\",\"@id\":\"https:\/\/www.comercialanma.es\/?product=sobre-chorizo-lonchas-espuna-xl-340gr#webpage\",\"url\":\"https:\/\/www.comercialanma.es\/?product=sobre-chorizo-lonchas-espuna-xl-340gr\",\"name\":\"Sobre chorizo lonchas Espu\\u00f1a XL 340gr. - Comercial de Hosteleria Anma\",\"isPartOf\":{\"@id\":\"https:\/\/www.comercialanma.es\/#website\"},\"primaryImageOfPage\":{\"@id\":\"https:\/\/www.comercialanma.es\/?product=sobre-chorizo-lonchas-espuna-xl-340gr#primaryimage\"},\"datePublished\":\"2021-02-25T15:07:32+00:00\",\"dateModified\":\"2021-02-25T15:12:36+00:00\",\"description\":\"Sobre chorizo lonchas XL 340gr. | Espu\\u00f1a | 340gr. | Lonchas cortadas al bi\\u00e9s. Producto elaborado \\u00fanicamente con carnes magras de cerdo.\",\"breadcrumb\":{\"@id\":\"https:\/\/www.comercialanma.es\/?product=sobre-chorizo-lonchas-espuna-xl-340gr#breadcrumb\"},\"inLanguage\":\"es\",\"potentialAction\":[{\"@type\":\"ReadAction\",\"target\":[\"https:\/\/www.comercialanma.es\/?product=sobre-chorizo-lonchas-espuna-xl-340gr\"]}]},{\"@type\":\"BreadcrumbList\",\"@id\":\"https:\/\/www.comercialanma.es\/?product=sobre-chorizo-lonchas-espuna-xl-340gr#breadcrumb\",\"itemListElement\":[{\"@type\":\"ListItem\",\"position\":1,\"item\":{\"@type\":\"WebPage\",\"@id\":\"https:\/\/www.comercialanma.es\/\",\"url\":\"https:\/\/www.comercialanma.es\/\",\"name\":\"Portada\"}},{\"@type\":\"ListItem\",\"position\":2,\"item\":{\"@type\":\"WebPage\",\"@id\":\"https:\/\/www.comercialanma.es\/?page_id=3963\",\"url\":\"https:\/\/www.comercialanma.es\/?page_id=3963\",\"name\":\"Cat\\u00e1logo de Productos\"}},{\"@type\":\"ListItem\",\"position\":3,\"item\":{\"@type\":\"WebPage\",\"@id\":\"https:\/\/www.comercialanma.es\/?product=sobre-chorizo-lonchas-espuna-xl-340gr\",\"url\":\"https:\/\/www.comercialanma.es\/?product=sobre-chorizo-lonchas-espuna-xl-340gr\",\"name\":\"Sobre chorizo lonchas Espu\\u00f1a XL 340gr.\"}}]}]}<\/script>\n<!-- \/ Yoast SEO plugin. -->","_links":{"self":[{"href":"https:\/\/www.comercialanma.es\/index.php?rest_route=\/wp\/v2\/product\/16084"}],"collection":[{"href":"https:\/\/www.comercialanma.es\/index.php?rest_route=\/wp\/v2\/product"}],"about":[{"href":"https:\/\/www.comercialanma.es\/index.php?rest_route=\/wp\/v2\/types\/product"}],"version-history":[{"count":1,"href":"https:\/\/www.comercialanma.es\/index.php?rest_route=\/wp\/v2\/product\/16084\/revisions"}],"predecessor-version":[{"id":16085,"href":"https:\/\/www.comercialanma.es\/index.php?rest_route=\/wp\/v2\/product\/16084\/revisions\/16085"}],"wp:featuredmedia":[{"embeddable":true,"href":"https:\/\/www.comercialanma.es\/index.php?rest_route=\/wp\/v2\/media\/16086"}],"wp:attachment":[{"href":"https:\/\/www.comercialanma.es\/index.php?rest_route=%2Fwp%2Fv2%2Fmedia&parent=16084"}],"curies":[{"name":"wp","href":"https:\/\/api.w.org\/{rel}","templated":true}]}}