
{"id":16450,"date":"2021-05-14T17:02:27","date_gmt":"2021-05-14T15:02:27","guid":{"rendered":"https:\/\/www.comercialanma.es\/?post_type=product&#038;p=16450"},"modified":"2022-05-16T08:15:58","modified_gmt":"2022-05-16T06:15:58","slug":"la-alacena","status":"publish","type":"product","link":"https:\/\/www.comercialanma.es\/?product=la-alacena","title":{"rendered":"Queso curado La Alacena 3Kg."},"content":{"rendered":"<ul>\n<li>La Alacena<\/li>\n<li>Peso 3kg.<\/li>\n<li>Queso curado<\/li>\n<\/ul>\n","protected":false},"excerpt":{"rendered":"<div class=\"col span_12 left\">\n<div class=\"vc_col-sm-12 wpb_column column_container vc_column_container col has-animation no-extra-padding instance-2 animated-in\" data-bg-cover=\"\" data-padding-pos=\"all\" data-has-bg-color=\"false\" data-bg-color=\"\" data-bg-opacity=\"1\" data-hover-bg=\"\" data-hover-bg-opacity=\"1\" data-animation=\"fade-in-from-bottom\" data-delay=\"300\">\n<div class=\"vc_column-inner\">\n<div class=\"wpb_wrapper\">Queso curado La Alacena | 3Kg.|<\/div>\n<div><\/div>\n<div class=\"wpb_wrapper\">Elaborado en Zamora, a partir de leche de vaca (m\u00edn 65%), oveja (m\u00edn 10%) y cabra (m\u00edn 10%) Madurado durante 45 d\u00edas en c\u00e1maras de maduraci\u00f3n, herederas directas de las antiguas bodegas subterr\u00e1neas donde se almacenaban los quesos para su curaci\u00f3n en condiciones especiales.Estas condiciones de curaci\u00f3n le aportan al queso una textura blanda, lisa y cremosa, ideal para tomar como tapa junto a vino y\/o cerveza.<\/div>\n<\/div>\n<\/div>\n<\/div>\n","protected":false},"featured_media":16451,"template":"","meta":{"spay_email":""},"yoast_head":"<!-- This site is optimized with the Yoast SEO plugin v15.9 - https:\/\/yoast.com\/wordpress\/plugins\/seo\/ -->\n<title>Queso curado La Alacena 3Kg. - Comercial de Hosteleria Anma<\/title>\n<meta name=\"description\" content=\"Queso curado La Alacena | 3Kg. | Elaborado en Zamora, a partir de leche de vaca (m\u00edn 65%), oveja (m\u00edn 10%) y cabra (m\u00edn 10%).\" \/>\n<meta name=\"robots\" content=\"index, follow, max-snippet:-1, max-image-preview:large, max-video-preview:-1\" \/>\n<link rel=\"canonical\" href=\"https:\/\/www.comercialanma.es\/?product=la-alacena\" \/>\n<meta property=\"og:locale\" content=\"es_ES\" \/>\n<meta property=\"og:type\" content=\"article\" \/>\n<meta property=\"og:title\" content=\"Queso curado La Alacena 3Kg. - Comercial de Hosteleria Anma\" \/>\n<meta property=\"og:description\" content=\"Queso curado La Alacena | 3Kg. | Elaborado en Zamora, a partir de leche de vaca (m\u00edn 65%), oveja (m\u00edn 10%) y cabra (m\u00edn 10%).\" \/>\n<meta property=\"og:url\" content=\"https:\/\/www.comercialanma.es\/?product=la-alacena\" \/>\n<meta property=\"og:site_name\" content=\"Comercial de Hosteleria Anma\" \/>\n<meta property=\"article:publisher\" content=\"https:\/\/www.facebook.com\/AnmaHosteleria\" \/>\n<meta property=\"article:modified_time\" content=\"2022-05-16T06:15:58+00:00\" \/>\n<meta property=\"og:image\" content=\"https:\/\/i2.wp.com\/www.comercialanma.es\/wp-content\/uploads\/2021\/05\/queso-curado-alacena.jpg?fit=1080%2C1080&#038;ssl=1\" \/>\n\t<meta property=\"og:image:width\" content=\"1080\" \/>\n\t<meta property=\"og:image:height\" content=\"1080\" \/>\n<meta name=\"twitter:card\" content=\"summary_large_image\" \/>\n<meta name=\"twitter:label1\" content=\"Tiempo de lectura\">\n\t<meta name=\"twitter:data1\" content=\"1 minuto\">\n<script type=\"application\/ld+json\" class=\"yoast-schema-graph\">{\"@context\":\"https:\/\/schema.org\",\"@graph\":[{\"@type\":\"Organization\",\"@id\":\"https:\/\/www.comercialanma.es\/#organization\",\"name\":\"Comercial Anma\",\"url\":\"https:\/\/www.comercialanma.es\/\",\"sameAs\":[\"https:\/\/www.facebook.com\/AnmaHosteleria\",\"https:\/\/www.instagram.com\/anmahosteleria\/?hl=es\",\"https:\/\/www.youtube.com\/channel\/UCT2nmn08Ntks0hmpZPnDgCA\"],\"logo\":{\"@type\":\"ImageObject\",\"@id\":\"https:\/\/www.comercialanma.es\/#logo\",\"inLanguage\":\"es\",\"url\":\"https:\/\/i2.wp.com\/www.comercialanma.es\/wp-content\/uploads\/2019\/06\/logo-anma-color.png?fit=247%2C101&ssl=1\",\"width\":247,\"height\":101,\"caption\":\"Comercial Anma\"},\"image\":{\"@id\":\"https:\/\/www.comercialanma.es\/#logo\"}},{\"@type\":\"WebSite\",\"@id\":\"https:\/\/www.comercialanma.es\/#website\",\"url\":\"https:\/\/www.comercialanma.es\/\",\"name\":\"Comercial de Hosteleria Anma\",\"description\":\"\",\"publisher\":{\"@id\":\"https:\/\/www.comercialanma.es\/#organization\"},\"potentialAction\":[{\"@type\":\"SearchAction\",\"target\":\"https:\/\/www.comercialanma.es\/?s={search_term_string}\",\"query-input\":\"required name=search_term_string\"}],\"inLanguage\":\"es\"},{\"@type\":\"ImageObject\",\"@id\":\"https:\/\/www.comercialanma.es\/?product=la-alacena#primaryimage\",\"inLanguage\":\"es\",\"url\":\"https:\/\/i2.wp.com\/www.comercialanma.es\/wp-content\/uploads\/2021\/05\/queso-curado-alacena.jpg?fit=1080%2C1080&ssl=1\",\"width\":1080,\"height\":1080},{\"@type\":\"WebPage\",\"@id\":\"https:\/\/www.comercialanma.es\/?product=la-alacena#webpage\",\"url\":\"https:\/\/www.comercialanma.es\/?product=la-alacena\",\"name\":\"Queso curado La Alacena 3Kg. - Comercial de Hosteleria Anma\",\"isPartOf\":{\"@id\":\"https:\/\/www.comercialanma.es\/#website\"},\"primaryImageOfPage\":{\"@id\":\"https:\/\/www.comercialanma.es\/?product=la-alacena#primaryimage\"},\"datePublished\":\"2021-05-14T15:02:27+00:00\",\"dateModified\":\"2022-05-16T06:15:58+00:00\",\"description\":\"Queso curado La Alacena | 3Kg. | Elaborado en Zamora, a partir de leche de vaca (m\\u00edn 65%), oveja (m\\u00edn 10%) y cabra (m\\u00edn 10%).\",\"breadcrumb\":{\"@id\":\"https:\/\/www.comercialanma.es\/?product=la-alacena#breadcrumb\"},\"inLanguage\":\"es\",\"potentialAction\":[{\"@type\":\"ReadAction\",\"target\":[\"https:\/\/www.comercialanma.es\/?product=la-alacena\"]}]},{\"@type\":\"BreadcrumbList\",\"@id\":\"https:\/\/www.comercialanma.es\/?product=la-alacena#breadcrumb\",\"itemListElement\":[{\"@type\":\"ListItem\",\"position\":1,\"item\":{\"@type\":\"WebPage\",\"@id\":\"https:\/\/www.comercialanma.es\/\",\"url\":\"https:\/\/www.comercialanma.es\/\",\"name\":\"Portada\"}},{\"@type\":\"ListItem\",\"position\":2,\"item\":{\"@type\":\"WebPage\",\"@id\":\"https:\/\/www.comercialanma.es\/?page_id=3963\",\"url\":\"https:\/\/www.comercialanma.es\/?page_id=3963\",\"name\":\"Cat\\u00e1logo de Productos\"}},{\"@type\":\"ListItem\",\"position\":3,\"item\":{\"@type\":\"WebPage\",\"@id\":\"https:\/\/www.comercialanma.es\/?product=la-alacena\",\"url\":\"https:\/\/www.comercialanma.es\/?product=la-alacena\",\"name\":\"Queso curado La Alacena 3Kg.\"}}]}]}<\/script>\n<!-- \/ Yoast SEO plugin. -->","_links":{"self":[{"href":"https:\/\/www.comercialanma.es\/index.php?rest_route=\/wp\/v2\/product\/16450"}],"collection":[{"href":"https:\/\/www.comercialanma.es\/index.php?rest_route=\/wp\/v2\/product"}],"about":[{"href":"https:\/\/www.comercialanma.es\/index.php?rest_route=\/wp\/v2\/types\/product"}],"version-history":[{"count":2,"href":"https:\/\/www.comercialanma.es\/index.php?rest_route=\/wp\/v2\/product\/16450\/revisions"}],"predecessor-version":[{"id":16453,"href":"https:\/\/www.comercialanma.es\/index.php?rest_route=\/wp\/v2\/product\/16450\/revisions\/16453"}],"wp:featuredmedia":[{"embeddable":true,"href":"https:\/\/www.comercialanma.es\/index.php?rest_route=\/wp\/v2\/media\/16451"}],"wp:attachment":[{"href":"https:\/\/www.comercialanma.es\/index.php?rest_route=%2Fwp%2Fv2%2Fmedia&parent=16450"}],"curies":[{"name":"wp","href":"https:\/\/api.w.org\/{rel}","templated":true}]}}

<div class="col span_12 left">
<div class="vc_col-sm-12 wpb_column column_container vc_column_container col has-animation no-extra-padding instance-2 animated-in" data-bg-cover="" data-padding-pos="all" data-has-bg-color="false" data-bg-color="" data-bg-opacity="1" data-hover-bg="" data-hover-bg-opacity="1" data-animation="fade-in-from-bottom" data-delay="300">
<div class="vc_column-inner">
<div class="wpb_wrapper">Queso curado La Alacena | 3Kg.|</div>
<div></div>
<div class="wpb_wrapper">Elaborado en Zamora, a partir de leche de vaca (mín 65%), oveja (mín 10%) y cabra (mín 10%) Madurado durante 45 días en cámaras de maduración, herederas directas de las antiguas bodegas subterráneas donde se almacenaban los quesos para su curación en condiciones especiales.Estas condiciones de curación le aportan al queso una textura blanda, lisa y cremosa, ideal para tomar como tapa junto a vino y/o cerveza.</div>
</div>
</div>
</div>

<!-- This site is optimized with the Yoast SEO plugin v15.9 - https://yoast.com/wordpress/plugins/seo/ -->
<title>Queso curado La Alacena 3Kg. - Comercial de Hosteleria Anma</title>
<meta name="description" content="Queso curado La Alacena | 3Kg. | Elaborado en Zamora, a partir de leche de vaca (mín 65%), oveja (mín 10%) y cabra (mín 10%)." />
<meta name="robots" content="index, follow, max-snippet:-1, max-image-preview:large, max-video-preview:-1" />
<link rel="canonical" href="https://www.comercialanma.es/?product=la-alacena" />
<meta property="og:locale" content="es_ES" />
<meta property="og:type" content="article" />
<meta property="og:title" content="Queso curado La Alacena 3Kg. - Comercial de Hosteleria Anma" />
<meta property="og:description" content="Queso curado La Alacena | 3Kg. | Elaborado en Zamora, a partir de leche de vaca (mín 65%), oveja (mín 10%) y cabra (mín 10%)." />
<meta property="og:url" content="https://www.comercialanma.es/?product=la-alacena" />
<meta property="og:site_name" content="Comercial de Hosteleria Anma" />
<meta property="article:publisher" content="https://www.facebook.com/AnmaHosteleria" />
<meta property="article:modified_time" content="2022-05-16T06:15:58+00:00" />
<meta property="og:image" content="https://i2.wp.com/www.comercialanma.es/wp-content/uploads/2021/05/queso-curado-alacena.jpg?fit=1080%2C1080&#038;ssl=1" />
	<meta property="og:image:width" content="1080" />
	<meta property="og:image:height" content="1080" />
<meta name="twitter:card" content="summary_large_image" />
<meta name="twitter:label1" content="Tiempo de lectura">
	<meta name="twitter:data1" content="1 minuto">
<script type="application/ld+json" class="yoast-schema-graph">{"@context":"https://schema.org","@graph":[{"@type":"Organization","@id":"https://www.comercialanma.es/#organization","name":"Comercial Anma","url":"https://www.comercialanma.es/","sameAs":["https://www.facebook.com/AnmaHosteleria","https://www.instagram.com/anmahosteleria/?hl=es","https://www.youtube.com/channel/UCT2nmn08Ntks0hmpZPnDgCA"],"logo":{"@type":"ImageObject","@id":"https://www.comercialanma.es/#logo","inLanguage":"es","url":"https://i2.wp.com/www.comercialanma.es/wp-content/uploads/2019/06/logo-anma-color.png?fit=247%2C101&ssl=1","width":247,"height":101,"caption":"Comercial Anma"},"image":{"@id":"https://www.comercialanma.es/#logo"}},{"@type":"WebSite","@id":"https://www.comercialanma.es/#website","url":"https://www.comercialanma.es/","name":"Comercial de Hosteleria Anma","description":"","publisher":{"@id":"https://www.comercialanma.es/#organization"},"potentialAction":[{"@type":"SearchAction","target":"https://www.comercialanma.es/?s={search_term_string}","query-input":"required name=search_term_string"}],"inLanguage":"es"},{"@type":"ImageObject","@id":"https://www.comercialanma.es/?product=la-alacena#primaryimage","inLanguage":"es","url":"https://i2.wp.com/www.comercialanma.es/wp-content/uploads/2021/05/queso-curado-alacena.jpg?fit=1080%2C1080&ssl=1","width":1080,"height":1080},{"@type":"WebPage","@id":"https://www.comercialanma.es/?product=la-alacena#webpage","url":"https://www.comercialanma.es/?product=la-alacena","name":"Queso curado La Alacena 3Kg. - Comercial de Hosteleria Anma","isPartOf":{"@id":"https://www.comercialanma.es/#website"},"primaryImageOfPage":{"@id":"https://www.comercialanma.es/?product=la-alacena#primaryimage"},"datePublished":"2021-05-14T15:02:27+00:00","dateModified":"2022-05-16T06:15:58+00:00","description":"Queso curado La Alacena | 3Kg. | Elaborado en Zamora, a partir de leche de vaca (m\u00edn 65%), oveja (m\u00edn 10%) y cabra (m\u00edn 10%).","breadcrumb":{"@id":"https://www.comercialanma.es/?product=la-alacena#breadcrumb"},"inLanguage":"es","potentialAction":[{"@type":"ReadAction","target":["https://www.comercialanma.es/?product=la-alacena"]}]},{"@type":"BreadcrumbList","@id":"https://www.comercialanma.es/?product=la-alacena#breadcrumb","itemListElement":[{"@type":"ListItem","position":1,"item":{"@type":"WebPage","@id":"https://www.comercialanma.es/","url":"https://www.comercialanma.es/","name":"Portada"}},{"@type":"ListItem","position":2,"item":{"@type":"WebPage","@id":"https://www.comercialanma.es/?page_id=3963","url":"https://www.comercialanma.es/?page_id=3963","name":"Cat\u00e1logo de Productos"}},{"@type":"ListItem","position":3,"item":{"@type":"WebPage","@id":"https://www.comercialanma.es/?product=la-alacena","url":"https://www.comercialanma.es/?product=la-alacena","name":"Queso curado La Alacena 3Kg."}}]}]}</script>
<!-- / Yoast SEO plugin. -->
