
{"id":16612,"date":"2021-06-04T12:28:01","date_gmt":"2021-06-04T10:28:01","guid":{"rendered":"https:\/\/www.comercialanma.es\/?post_type=product&#038;p=16612"},"modified":"2021-06-04T13:04:48","modified_gmt":"2021-06-04T11:04:48","slug":"m-la-cuesta-cosecha","status":"publish","type":"product","link":"https:\/\/www.comercialanma.es\/?product=m-la-cuesta-cosecha","title":{"rendered":"Martinez Lacuesta Cosecha 75cl."},"content":{"rendered":"<h3>D.O.:<\/h3>\n<ul>\n<li>Rioja<\/li>\n<\/ul>\n<h3>Variedades de uva:<\/h3>\n<ul>\n<li><span class=\"tlid-translation translation\" lang=\"es\"><span title=\"\"><span class=\"tablaValorContenido\">Tempranillo, Graciano y Mazuelo.<\/span><\/span><\/span><\/li>\n<\/ul>\n<h3>Graduaci\u00f3n:<\/h3>\n<ul>\n<li>Graduaci\u00f3n: 14,0% vol.<\/li>\n<\/ul>\n<h3>Nota de Cata:<\/h3>\n<ul>\n<li>Color cereza viol\u00e1ceo.<\/li>\n<li>Limpio en nariz. Aromas de fruta roja y vegetales.<\/li>\n<li>En boca es sabroso, ligero y fresco, con un paso frutal muy agradable y un final c\u00e1lido originado por su paso durante unos meses por barricas nuevas de roble americano. Adecuado para acompa\u00f1ar legumbres estofadas, carnes blancas y rojas, aves y quesos curados.<\/li>\n<\/ul>\n<p>&nbsp;<\/p>\n","protected":false},"excerpt":{"rendered":"<p>Martinez Lacuesta Cosecha | 75cl. | D.O Rioja |<\/p>\n<p>Las Bodegas Mart\u00edn Lacuesta se fundaron en 1895 y su fundador F\u00e9lix Mart\u00ednez Lacuesta fue uno de los art\u00edfices de la creaci\u00f3n de la D.O. Rioja en 1926. Actualmente combinan m\u00e9todos tradicionales con las \u00faltimas tecnolog\u00edas para la producci\u00f3n de vinos.<\/p>\n","protected":false},"featured_media":16613,"template":"","meta":{"spay_email":""},"yoast_head":"<!-- This site is optimized with the Yoast SEO plugin v15.9 - https:\/\/yoast.com\/wordpress\/plugins\/seo\/ -->\n<title>Martinez Lacuesta Cosecha 75cl. - Comercial de Hosteleria Anma<\/title>\n<meta name=\"description\" content=\"Martinez Lacuesta Cosecha | 75cl. | D.O Rioja | Elaborado por el sistema tradicional de uvas despalilladas.\" \/>\n<meta name=\"robots\" content=\"index, follow, max-snippet:-1, max-image-preview:large, max-video-preview:-1\" \/>\n<link rel=\"canonical\" href=\"https:\/\/www.comercialanma.es\/?product=m-la-cuesta-cosecha\" \/>\n<meta property=\"og:locale\" content=\"es_ES\" \/>\n<meta property=\"og:type\" content=\"article\" \/>\n<meta property=\"og:title\" content=\"Martinez Lacuesta Cosecha 75cl. - Comercial de Hosteleria Anma\" \/>\n<meta property=\"og:description\" content=\"Martinez Lacuesta Cosecha | 75cl. | D.O Rioja | Elaborado por el sistema tradicional de uvas despalilladas.\" \/>\n<meta property=\"og:url\" content=\"https:\/\/www.comercialanma.es\/?product=m-la-cuesta-cosecha\" \/>\n<meta property=\"og:site_name\" content=\"Comercial de Hosteleria Anma\" \/>\n<meta property=\"article:publisher\" content=\"https:\/\/www.facebook.com\/AnmaHosteleria\" \/>\n<meta property=\"article:modified_time\" content=\"2021-06-04T11:04:48+00:00\" \/>\n<meta property=\"og:image\" content=\"https:\/\/i2.wp.com\/www.comercialanma.es\/wp-content\/uploads\/2021\/06\/Martinez-La-cuesta-cosecha.jpg?fit=1080%2C1080&#038;ssl=1\" \/>\n\t<meta property=\"og:image:width\" content=\"1080\" \/>\n\t<meta property=\"og:image:height\" content=\"1080\" \/>\n<meta name=\"twitter:card\" content=\"summary_large_image\" \/>\n<meta name=\"twitter:label1\" content=\"Tiempo de lectura\">\n\t<meta name=\"twitter:data1\" content=\"1 minuto\">\n<script type=\"application\/ld+json\" class=\"yoast-schema-graph\">{\"@context\":\"https:\/\/schema.org\",\"@graph\":[{\"@type\":\"Organization\",\"@id\":\"https:\/\/www.comercialanma.es\/#organization\",\"name\":\"Comercial Anma\",\"url\":\"https:\/\/www.comercialanma.es\/\",\"sameAs\":[\"https:\/\/www.facebook.com\/AnmaHosteleria\",\"https:\/\/www.instagram.com\/anmahosteleria\/?hl=es\",\"https:\/\/www.youtube.com\/channel\/UCT2nmn08Ntks0hmpZPnDgCA\"],\"logo\":{\"@type\":\"ImageObject\",\"@id\":\"https:\/\/www.comercialanma.es\/#logo\",\"inLanguage\":\"es\",\"url\":\"https:\/\/i2.wp.com\/www.comercialanma.es\/wp-content\/uploads\/2019\/06\/logo-anma-color.png?fit=247%2C101&ssl=1\",\"width\":247,\"height\":101,\"caption\":\"Comercial Anma\"},\"image\":{\"@id\":\"https:\/\/www.comercialanma.es\/#logo\"}},{\"@type\":\"WebSite\",\"@id\":\"https:\/\/www.comercialanma.es\/#website\",\"url\":\"https:\/\/www.comercialanma.es\/\",\"name\":\"Comercial de Hosteleria Anma\",\"description\":\"\",\"publisher\":{\"@id\":\"https:\/\/www.comercialanma.es\/#organization\"},\"potentialAction\":[{\"@type\":\"SearchAction\",\"target\":\"https:\/\/www.comercialanma.es\/?s={search_term_string}\",\"query-input\":\"required name=search_term_string\"}],\"inLanguage\":\"es\"},{\"@type\":\"ImageObject\",\"@id\":\"https:\/\/www.comercialanma.es\/?product=m-la-cuesta-cosecha#primaryimage\",\"inLanguage\":\"es\",\"url\":\"https:\/\/i2.wp.com\/www.comercialanma.es\/wp-content\/uploads\/2021\/06\/Martinez-La-cuesta-cosecha.jpg?fit=1080%2C1080&ssl=1\",\"width\":1080,\"height\":1080},{\"@type\":\"WebPage\",\"@id\":\"https:\/\/www.comercialanma.es\/?product=m-la-cuesta-cosecha#webpage\",\"url\":\"https:\/\/www.comercialanma.es\/?product=m-la-cuesta-cosecha\",\"name\":\"Martinez Lacuesta Cosecha 75cl. - Comercial de Hosteleria Anma\",\"isPartOf\":{\"@id\":\"https:\/\/www.comercialanma.es\/#website\"},\"primaryImageOfPage\":{\"@id\":\"https:\/\/www.comercialanma.es\/?product=m-la-cuesta-cosecha#primaryimage\"},\"datePublished\":\"2021-06-04T10:28:01+00:00\",\"dateModified\":\"2021-06-04T11:04:48+00:00\",\"description\":\"Martinez Lacuesta Cosecha | 75cl. | D.O Rioja | Elaborado por el sistema tradicional de uvas despalilladas.\",\"breadcrumb\":{\"@id\":\"https:\/\/www.comercialanma.es\/?product=m-la-cuesta-cosecha#breadcrumb\"},\"inLanguage\":\"es\",\"potentialAction\":[{\"@type\":\"ReadAction\",\"target\":[\"https:\/\/www.comercialanma.es\/?product=m-la-cuesta-cosecha\"]}]},{\"@type\":\"BreadcrumbList\",\"@id\":\"https:\/\/www.comercialanma.es\/?product=m-la-cuesta-cosecha#breadcrumb\",\"itemListElement\":[{\"@type\":\"ListItem\",\"position\":1,\"item\":{\"@type\":\"WebPage\",\"@id\":\"https:\/\/www.comercialanma.es\/\",\"url\":\"https:\/\/www.comercialanma.es\/\",\"name\":\"Portada\"}},{\"@type\":\"ListItem\",\"position\":2,\"item\":{\"@type\":\"WebPage\",\"@id\":\"https:\/\/www.comercialanma.es\/?page_id=3963\",\"url\":\"https:\/\/www.comercialanma.es\/?page_id=3963\",\"name\":\"Cat\\u00e1logo de Productos\"}},{\"@type\":\"ListItem\",\"position\":3,\"item\":{\"@type\":\"WebPage\",\"@id\":\"https:\/\/www.comercialanma.es\/?product=m-la-cuesta-cosecha\",\"url\":\"https:\/\/www.comercialanma.es\/?product=m-la-cuesta-cosecha\",\"name\":\"Martinez Lacuesta Cosecha 75cl.\"}}]}]}<\/script>\n<!-- \/ Yoast SEO plugin. -->","_links":{"self":[{"href":"https:\/\/www.comercialanma.es\/index.php?rest_route=\/wp\/v2\/product\/16612"}],"collection":[{"href":"https:\/\/www.comercialanma.es\/index.php?rest_route=\/wp\/v2\/product"}],"about":[{"href":"https:\/\/www.comercialanma.es\/index.php?rest_route=\/wp\/v2\/types\/product"}],"version-history":[{"count":3,"href":"https:\/\/www.comercialanma.es\/index.php?rest_route=\/wp\/v2\/product\/16612\/revisions"}],"predecessor-version":[{"id":16626,"href":"https:\/\/www.comercialanma.es\/index.php?rest_route=\/wp\/v2\/product\/16612\/revisions\/16626"}],"wp:featuredmedia":[{"embeddable":true,"href":"https:\/\/www.comercialanma.es\/index.php?rest_route=\/wp\/v2\/media\/16613"}],"wp:attachment":[{"href":"https:\/\/www.comercialanma.es\/index.php?rest_route=%2Fwp%2Fv2%2Fmedia&parent=16612"}],"curies":[{"name":"wp","href":"https:\/\/api.w.org\/{rel}","templated":true}]}}