
{"id":16891,"date":"2021-06-21T16:57:57","date_gmt":"2021-06-21T14:57:57","guid":{"rendered":"https:\/\/www.comercialanma.es\/?post_type=product&#038;p=16891"},"modified":"2021-12-21T11:45:46","modified_gmt":"2021-12-21T10:45:46","slug":"paleta-sierra-morena-48","status":"publish","type":"product","link":"https:\/\/www.comercialanma.es\/?product=paleta-sierra-morena-48","title":{"rendered":"Paleta Bodega Teruel 4,8kg."},"content":{"rendered":"<ul>\n<li>Paleta bodega Teruel<\/li>\n<li>4,8Kg .\/Aprox.<\/li>\n<li>Curaci\u00f3n 14 meses.<\/li>\n<li>Sierra morena<\/li>\n<\/ul>\n","protected":false},"excerpt":{"rendered":"<div class=\"texto-producto\">\n<p>Paleta Bodega Teruel | 4,8kg.\/ Aprox. | Sierra Morena |<\/p>\n<p>Un nombre que oculta trabajo y sabor a caudales.\u00a0 Procedente de cerdos blancos originarios de nuestra pen\u00ednsula ib\u00e9rica. La tradici\u00f3n y la naturaleza depositada en nuestros ejemplares criados en libertad, desemboca en este manjar serrano. La importancia que recae sobre la procedencia, en el caso de los serranos, es determinante, en este caso no podr\u00eda tener mejor.<\/p>\n<p>Con un proceso de curaci\u00f3n que comprende entre los 14 meses, obtenemos el punto de maduraci\u00f3n perfecto.<\/p>\n<\/div>\n<p>&nbsp;<\/p>\n<p>&nbsp;<\/p>\n<p>&nbsp;<\/p>\n<p>&nbsp;<\/p>\n","protected":false},"featured_media":20174,"template":"","meta":{"spay_email":""},"yoast_head":"<!-- This site is optimized with the Yoast SEO plugin v15.9 - https:\/\/yoast.com\/wordpress\/plugins\/seo\/ -->\n<title>Paleta Bodega Teruel 4,8kg. - Comercial de Hosteleria Anma<\/title>\n<meta name=\"description\" content=\"Paleta Bodega Teruel | 4,8kg.\/ Aprox. | Sierra Morena | Procedente de cerdos blancos originarios de nuestra pen\u00ednsula ib\u00e9rica.\" \/>\n<meta name=\"robots\" content=\"index, follow, max-snippet:-1, max-image-preview:large, max-video-preview:-1\" \/>\n<link rel=\"canonical\" href=\"https:\/\/www.comercialanma.es\/?product=paleta-sierra-morena-48\" \/>\n<meta property=\"og:locale\" content=\"es_ES\" \/>\n<meta property=\"og:type\" content=\"article\" \/>\n<meta property=\"og:title\" content=\"Paleta Bodega Teruel 4,8kg. - Comercial de Hosteleria Anma\" \/>\n<meta property=\"og:description\" content=\"Paleta Bodega Teruel | 4,8kg.\/ Aprox. | Sierra Morena | Procedente de cerdos blancos originarios de nuestra pen\u00ednsula ib\u00e9rica.\" \/>\n<meta property=\"og:url\" content=\"https:\/\/www.comercialanma.es\/?product=paleta-sierra-morena-48\" \/>\n<meta property=\"og:site_name\" content=\"Comercial de Hosteleria Anma\" \/>\n<meta property=\"article:publisher\" content=\"https:\/\/www.facebook.com\/AnmaHosteleria\" \/>\n<meta property=\"article:modified_time\" content=\"2021-12-21T10:45:46+00:00\" \/>\n<meta property=\"og:image\" content=\"https:\/\/i1.wp.com\/www.comercialanma.es\/wp-content\/uploads\/2021\/06\/Paleta-bodega-teruel-sierra-morena.jpg?fit=1080%2C1080&#038;ssl=1\" \/>\n\t<meta property=\"og:image:width\" content=\"1080\" \/>\n\t<meta property=\"og:image:height\" content=\"1080\" \/>\n<meta name=\"twitter:card\" content=\"summary_large_image\" \/>\n<meta name=\"twitter:label1\" content=\"Tiempo de lectura\">\n\t<meta name=\"twitter:data1\" content=\"1 minuto\">\n<script type=\"application\/ld+json\" class=\"yoast-schema-graph\">{\"@context\":\"https:\/\/schema.org\",\"@graph\":[{\"@type\":\"Organization\",\"@id\":\"https:\/\/www.comercialanma.es\/#organization\",\"name\":\"Comercial Anma\",\"url\":\"https:\/\/www.comercialanma.es\/\",\"sameAs\":[\"https:\/\/www.facebook.com\/AnmaHosteleria\",\"https:\/\/www.instagram.com\/anmahosteleria\/?hl=es\",\"https:\/\/www.youtube.com\/channel\/UCT2nmn08Ntks0hmpZPnDgCA\"],\"logo\":{\"@type\":\"ImageObject\",\"@id\":\"https:\/\/www.comercialanma.es\/#logo\",\"inLanguage\":\"es\",\"url\":\"https:\/\/i2.wp.com\/www.comercialanma.es\/wp-content\/uploads\/2019\/06\/logo-anma-color.png?fit=247%2C101&ssl=1\",\"width\":247,\"height\":101,\"caption\":\"Comercial Anma\"},\"image\":{\"@id\":\"https:\/\/www.comercialanma.es\/#logo\"}},{\"@type\":\"WebSite\",\"@id\":\"https:\/\/www.comercialanma.es\/#website\",\"url\":\"https:\/\/www.comercialanma.es\/\",\"name\":\"Comercial de Hosteleria Anma\",\"description\":\"\",\"publisher\":{\"@id\":\"https:\/\/www.comercialanma.es\/#organization\"},\"potentialAction\":[{\"@type\":\"SearchAction\",\"target\":\"https:\/\/www.comercialanma.es\/?s={search_term_string}\",\"query-input\":\"required name=search_term_string\"}],\"inLanguage\":\"es\"},{\"@type\":\"ImageObject\",\"@id\":\"https:\/\/www.comercialanma.es\/?product=paleta-sierra-morena-48#primaryimage\",\"inLanguage\":\"es\",\"url\":\"https:\/\/i1.wp.com\/www.comercialanma.es\/wp-content\/uploads\/2021\/06\/Paleta-bodega-teruel-sierra-morena.jpg?fit=1080%2C1080&ssl=1\",\"width\":1080,\"height\":1080},{\"@type\":\"WebPage\",\"@id\":\"https:\/\/www.comercialanma.es\/?product=paleta-sierra-morena-48#webpage\",\"url\":\"https:\/\/www.comercialanma.es\/?product=paleta-sierra-morena-48\",\"name\":\"Paleta Bodega Teruel 4,8kg. - Comercial de Hosteleria Anma\",\"isPartOf\":{\"@id\":\"https:\/\/www.comercialanma.es\/#website\"},\"primaryImageOfPage\":{\"@id\":\"https:\/\/www.comercialanma.es\/?product=paleta-sierra-morena-48#primaryimage\"},\"datePublished\":\"2021-06-21T14:57:57+00:00\",\"dateModified\":\"2021-12-21T10:45:46+00:00\",\"description\":\"Paleta Bodega Teruel | 4,8kg.\/ Aprox. | Sierra Morena | Procedente de cerdos blancos originarios de nuestra pen\\u00ednsula ib\\u00e9rica.\",\"breadcrumb\":{\"@id\":\"https:\/\/www.comercialanma.es\/?product=paleta-sierra-morena-48#breadcrumb\"},\"inLanguage\":\"es\",\"potentialAction\":[{\"@type\":\"ReadAction\",\"target\":[\"https:\/\/www.comercialanma.es\/?product=paleta-sierra-morena-48\"]}]},{\"@type\":\"BreadcrumbList\",\"@id\":\"https:\/\/www.comercialanma.es\/?product=paleta-sierra-morena-48#breadcrumb\",\"itemListElement\":[{\"@type\":\"ListItem\",\"position\":1,\"item\":{\"@type\":\"WebPage\",\"@id\":\"https:\/\/www.comercialanma.es\/\",\"url\":\"https:\/\/www.comercialanma.es\/\",\"name\":\"Portada\"}},{\"@type\":\"ListItem\",\"position\":2,\"item\":{\"@type\":\"WebPage\",\"@id\":\"https:\/\/www.comercialanma.es\/?page_id=3963\",\"url\":\"https:\/\/www.comercialanma.es\/?page_id=3963\",\"name\":\"Cat\\u00e1logo de Productos\"}},{\"@type\":\"ListItem\",\"position\":3,\"item\":{\"@type\":\"WebPage\",\"@id\":\"https:\/\/www.comercialanma.es\/?product=paleta-sierra-morena-48\",\"url\":\"https:\/\/www.comercialanma.es\/?product=paleta-sierra-morena-48\",\"name\":\"Paleta Bodega Teruel 4,8kg.\"}}]}]}<\/script>\n<!-- \/ Yoast SEO plugin. -->","_links":{"self":[{"href":"https:\/\/www.comercialanma.es\/index.php?rest_route=\/wp\/v2\/product\/16891"}],"collection":[{"href":"https:\/\/www.comercialanma.es\/index.php?rest_route=\/wp\/v2\/product"}],"about":[{"href":"https:\/\/www.comercialanma.es\/index.php?rest_route=\/wp\/v2\/types\/product"}],"version-history":[{"count":1,"href":"https:\/\/www.comercialanma.es\/index.php?rest_route=\/wp\/v2\/product\/16891\/revisions"}],"predecessor-version":[{"id":16893,"href":"https:\/\/www.comercialanma.es\/index.php?rest_route=\/wp\/v2\/product\/16891\/revisions\/16893"}],"wp:featuredmedia":[{"embeddable":true,"href":"https:\/\/www.comercialanma.es\/index.php?rest_route=\/wp\/v2\/media\/20174"}],"wp:attachment":[{"href":"https:\/\/www.comercialanma.es\/index.php?rest_route=%2Fwp%2Fv2%2Fmedia&parent=16891"}],"curies":[{"name":"wp","href":"https:\/\/api.w.org\/{rel}","templated":true}]}}