
{"id":16938,"date":"2021-06-22T15:05:11","date_gmt":"2021-06-22T13:05:11","guid":{"rendered":"https:\/\/www.comercialanma.es\/?post_type=product&#038;p=16938"},"modified":"2021-06-22T15:11:36","modified_gmt":"2021-06-22T13:11:36","slug":"le-tribute-ginger-beer","status":"publish","type":"product","link":"https:\/\/www.comercialanma.es\/?product=le-tribute-ginger-beer","title":{"rendered":"T\u00f3nica Le Tribute Ginger Beer 20cl."},"content":{"rendered":"<ul class=\"a-unordered-list a-vertical a-spacing-mini\">\n<li>Marca: Le tribute<\/li>\n<li>No retornable<\/li>\n<li>Capacidad: 20cl.<\/li>\n<\/ul>\n","protected":false},"excerpt":{"rendered":"<p>Le Tribute Ginger Beer es una t\u00f3nica premium que pretende romper con la imagen de las t\u00f3nicas de alta gama. Esta t\u00f3nica es la nueva versi\u00f3n de la cl\u00e1sica le Tribute elaborada con extractos de jengibre natural. Se diferencia por ser una t\u00f3nica fresca y a la vez picante en su justa medida.<\/p>\n<p>Sigue manteniendo su formato caracter\u00edstico cuadrado de 200 ml en botella de cristal opaco, estriado, que recuerda a las antiguas botellas de botica. De esta forma se consigue preservar el l\u00edquido de la luz solar.<\/p>\n<p>Mientras que algunas aguas t\u00f3nicas utilizan aromas artificiales, esta agua t\u00f3nica utiliza ingredientes c\u00edtricos naturales a partir de la destilaci\u00f3n de ginebra, todos producidos en la propia destiler\u00eda de MG para obtener su sabor caracter\u00edstico y \u00fanico.<\/p>\n<p>T\u00f3nica limpia y balanceada. Con ligeras notas amargas que dan paso al frescor del lemongrass.<\/p>\n","protected":false},"featured_media":16939,"template":"","meta":{"spay_email":""},"yoast_head":"<!-- This site is optimized with the Yoast SEO plugin v15.9 - https:\/\/yoast.com\/wordpress\/plugins\/seo\/ -->\n<title>T\u00f3nica Le Tribute Ginger Beer 20cl. - Comercial de Hosteleria Anma<\/title>\n<meta name=\"description\" content=\"T\u00f3nica Le Tribute ginger Beer | 20cl.| Refresco elaborado con extractos de jengibre natural de la india, con una burbuja sedosa y duradera.\" \/>\n<meta name=\"robots\" content=\"index, follow, max-snippet:-1, max-image-preview:large, max-video-preview:-1\" \/>\n<link rel=\"canonical\" href=\"https:\/\/www.comercialanma.es\/?product=le-tribute-ginger-beer\" \/>\n<meta property=\"og:locale\" content=\"es_ES\" \/>\n<meta property=\"og:type\" content=\"article\" \/>\n<meta property=\"og:title\" content=\"T\u00f3nica Le Tribute Ginger Beer 20cl. - Comercial de Hosteleria Anma\" \/>\n<meta property=\"og:description\" content=\"T\u00f3nica Le Tribute ginger Beer | 20cl.| Refresco elaborado con extractos de jengibre natural de la india, con una burbuja sedosa y duradera.\" \/>\n<meta property=\"og:url\" content=\"https:\/\/www.comercialanma.es\/?product=le-tribute-ginger-beer\" \/>\n<meta property=\"og:site_name\" content=\"Comercial de Hosteleria Anma\" \/>\n<meta property=\"article:publisher\" content=\"https:\/\/www.facebook.com\/AnmaHosteleria\" \/>\n<meta property=\"article:modified_time\" content=\"2021-06-22T13:11:36+00:00\" \/>\n<meta property=\"og:image\" content=\"https:\/\/i0.wp.com\/www.comercialanma.es\/wp-content\/uploads\/2021\/06\/le-tribute-ginger-beer.jpg?fit=1080%2C1080&#038;ssl=1\" \/>\n\t<meta property=\"og:image:width\" content=\"1080\" \/>\n\t<meta property=\"og:image:height\" content=\"1080\" \/>\n<meta name=\"twitter:card\" content=\"summary_large_image\" \/>\n<meta name=\"twitter:label1\" content=\"Tiempo de lectura\">\n\t<meta name=\"twitter:data1\" content=\"1 minuto\">\n<script type=\"application\/ld+json\" class=\"yoast-schema-graph\">{\"@context\":\"https:\/\/schema.org\",\"@graph\":[{\"@type\":\"Organization\",\"@id\":\"https:\/\/www.comercialanma.es\/#organization\",\"name\":\"Comercial Anma\",\"url\":\"https:\/\/www.comercialanma.es\/\",\"sameAs\":[\"https:\/\/www.facebook.com\/AnmaHosteleria\",\"https:\/\/www.instagram.com\/anmahosteleria\/?hl=es\",\"https:\/\/www.youtube.com\/channel\/UCT2nmn08Ntks0hmpZPnDgCA\"],\"logo\":{\"@type\":\"ImageObject\",\"@id\":\"https:\/\/www.comercialanma.es\/#logo\",\"inLanguage\":\"es\",\"url\":\"https:\/\/i2.wp.com\/www.comercialanma.es\/wp-content\/uploads\/2019\/06\/logo-anma-color.png?fit=247%2C101&ssl=1\",\"width\":247,\"height\":101,\"caption\":\"Comercial Anma\"},\"image\":{\"@id\":\"https:\/\/www.comercialanma.es\/#logo\"}},{\"@type\":\"WebSite\",\"@id\":\"https:\/\/www.comercialanma.es\/#website\",\"url\":\"https:\/\/www.comercialanma.es\/\",\"name\":\"Comercial de Hosteleria Anma\",\"description\":\"\",\"publisher\":{\"@id\":\"https:\/\/www.comercialanma.es\/#organization\"},\"potentialAction\":[{\"@type\":\"SearchAction\",\"target\":\"https:\/\/www.comercialanma.es\/?s={search_term_string}\",\"query-input\":\"required name=search_term_string\"}],\"inLanguage\":\"es\"},{\"@type\":\"ImageObject\",\"@id\":\"https:\/\/www.comercialanma.es\/?product=le-tribute-ginger-beer#primaryimage\",\"inLanguage\":\"es\",\"url\":\"https:\/\/i0.wp.com\/www.comercialanma.es\/wp-content\/uploads\/2021\/06\/le-tribute-ginger-beer.jpg?fit=1080%2C1080&ssl=1\",\"width\":1080,\"height\":1080},{\"@type\":\"WebPage\",\"@id\":\"https:\/\/www.comercialanma.es\/?product=le-tribute-ginger-beer#webpage\",\"url\":\"https:\/\/www.comercialanma.es\/?product=le-tribute-ginger-beer\",\"name\":\"T\\u00f3nica Le Tribute Ginger Beer 20cl. - Comercial de Hosteleria Anma\",\"isPartOf\":{\"@id\":\"https:\/\/www.comercialanma.es\/#website\"},\"primaryImageOfPage\":{\"@id\":\"https:\/\/www.comercialanma.es\/?product=le-tribute-ginger-beer#primaryimage\"},\"datePublished\":\"2021-06-22T13:05:11+00:00\",\"dateModified\":\"2021-06-22T13:11:36+00:00\",\"description\":\"T\\u00f3nica Le Tribute ginger Beer | 20cl.| Refresco elaborado con extractos de jengibre natural de la india, con una burbuja sedosa y duradera.\",\"breadcrumb\":{\"@id\":\"https:\/\/www.comercialanma.es\/?product=le-tribute-ginger-beer#breadcrumb\"},\"inLanguage\":\"es\",\"potentialAction\":[{\"@type\":\"ReadAction\",\"target\":[\"https:\/\/www.comercialanma.es\/?product=le-tribute-ginger-beer\"]}]},{\"@type\":\"BreadcrumbList\",\"@id\":\"https:\/\/www.comercialanma.es\/?product=le-tribute-ginger-beer#breadcrumb\",\"itemListElement\":[{\"@type\":\"ListItem\",\"position\":1,\"item\":{\"@type\":\"WebPage\",\"@id\":\"https:\/\/www.comercialanma.es\/\",\"url\":\"https:\/\/www.comercialanma.es\/\",\"name\":\"Portada\"}},{\"@type\":\"ListItem\",\"position\":2,\"item\":{\"@type\":\"WebPage\",\"@id\":\"https:\/\/www.comercialanma.es\/?page_id=3963\",\"url\":\"https:\/\/www.comercialanma.es\/?page_id=3963\",\"name\":\"Cat\\u00e1logo de Productos\"}},{\"@type\":\"ListItem\",\"position\":3,\"item\":{\"@type\":\"WebPage\",\"@id\":\"https:\/\/www.comercialanma.es\/?product=le-tribute-ginger-beer\",\"url\":\"https:\/\/www.comercialanma.es\/?product=le-tribute-ginger-beer\",\"name\":\"T\\u00f3nica Le Tribute Ginger Beer 20cl.\"}}]}]}<\/script>\n<!-- \/ Yoast SEO plugin. -->","_links":{"self":[{"href":"https:\/\/www.comercialanma.es\/index.php?rest_route=\/wp\/v2\/product\/16938"}],"collection":[{"href":"https:\/\/www.comercialanma.es\/index.php?rest_route=\/wp\/v2\/product"}],"about":[{"href":"https:\/\/www.comercialanma.es\/index.php?rest_route=\/wp\/v2\/types\/product"}],"version-history":[{"count":2,"href":"https:\/\/www.comercialanma.es\/index.php?rest_route=\/wp\/v2\/product\/16938\/revisions"}],"predecessor-version":[{"id":16941,"href":"https:\/\/www.comercialanma.es\/index.php?rest_route=\/wp\/v2\/product\/16938\/revisions\/16941"}],"wp:featuredmedia":[{"embeddable":true,"href":"https:\/\/www.comercialanma.es\/index.php?rest_route=\/wp\/v2\/media\/16939"}],"wp:attachment":[{"href":"https:\/\/www.comercialanma.es\/index.php?rest_route=%2Fwp%2Fv2%2Fmedia&parent=16938"}],"curies":[{"name":"wp","href":"https:\/\/api.w.org\/{rel}","templated":true}]}}