
{"id":17010,"date":"2021-06-23T12:00:27","date_gmt":"2021-06-23T10:00:27","guid":{"rendered":"https:\/\/www.comercialanma.es\/?post_type=product&#038;p=17010"},"modified":"2021-06-23T17:42:37","modified_gmt":"2021-06-23T15:42:37","slug":"cafe-descafeinado-soluble-sobres","status":"publish","type":"product","link":"https:\/\/www.comercialanma.es\/?product=cafe-descafeinado-soluble-sobres","title":{"rendered":"Caf\u00e9 Fusione Descafeinado Sobres 100U."},"content":{"rendered":"<ul class=\"a-unordered-list a-vertical a-spacing-mini\">\n<li>Marca: Caf\u00e9s Fusione<\/li>\n<li>Tip Sobres solubles<\/li>\n<li>Cantidad: 100u.<\/li>\n<\/ul>\n","protected":false},"excerpt":{"rendered":"<div>\n<p>Caf\u00e9 Fusione Descafeinado Sobres |100U.|<\/p>\n<p>Es un caf\u00e9 premium descafeinado m\u00e1s poroso que el descafeinado tradicional por lo que se disuelve mejor en agua o leche, ya sea fr\u00eda o caliente, lo que hace ideal para usarlo en recetas y en cocina por su f\u00e1cil disoluci\u00f3n.<\/p>\n<p>Seg\u00fan los expertos, es m\u00e1s suave y sabe mejor que el descafeinado soluble tradicional.<\/p>\n<p>Este descafeinado es producto de una selecci\u00f3n de los mejores caf\u00e9s ar\u00e1bicas y robustas, con alta calidad y un sabor aut\u00e9ntico a caf\u00e9.<\/p>\n<\/div>\n<p>&nbsp;<\/p>\n<p>&nbsp;<\/p>\n","protected":false},"featured_media":17011,"template":"","meta":{"spay_email":""},"yoast_head":"<!-- This site is optimized with the Yoast SEO plugin v15.9 - https:\/\/yoast.com\/wordpress\/plugins\/seo\/ -->\n<title>Caf\u00e9 Fusione Descafeinado Sobres 100U. - Comercial de Hosteleria Anma<\/title>\n<meta name=\"description\" content=\"Caf\u00e9 Fusione Descafeinado Sobres |100U.| Caf\u00e9 premium descafeinado m\u00e1s poroso que el descafeinado tradicional por lo que se disuelve mejor.\" \/>\n<meta name=\"robots\" content=\"index, follow, max-snippet:-1, max-image-preview:large, max-video-preview:-1\" \/>\n<link rel=\"canonical\" href=\"https:\/\/www.comercialanma.es\/?product=cafe-descafeinado-soluble-sobres\" \/>\n<meta property=\"og:locale\" content=\"es_ES\" \/>\n<meta property=\"og:type\" content=\"article\" \/>\n<meta property=\"og:title\" content=\"Caf\u00e9 Fusione Descafeinado Sobres 100U. - Comercial de Hosteleria Anma\" \/>\n<meta property=\"og:description\" content=\"Caf\u00e9 Fusione Descafeinado Sobres |100U.| Caf\u00e9 premium descafeinado m\u00e1s poroso que el descafeinado tradicional por lo que se disuelve mejor.\" \/>\n<meta property=\"og:url\" content=\"https:\/\/www.comercialanma.es\/?product=cafe-descafeinado-soluble-sobres\" \/>\n<meta property=\"og:site_name\" content=\"Comercial de Hosteleria Anma\" \/>\n<meta property=\"article:publisher\" content=\"https:\/\/www.facebook.com\/AnmaHosteleria\" \/>\n<meta property=\"article:modified_time\" content=\"2021-06-23T15:42:37+00:00\" \/>\n<meta property=\"og:image\" content=\"https:\/\/i0.wp.com\/www.comercialanma.es\/wp-content\/uploads\/2021\/06\/cafes-fusione-descafeinado-sobres100.jpg?fit=1080%2C1080&#038;ssl=1\" \/>\n\t<meta property=\"og:image:width\" content=\"1080\" \/>\n\t<meta property=\"og:image:height\" content=\"1080\" \/>\n<meta name=\"twitter:card\" content=\"summary_large_image\" \/>\n<meta name=\"twitter:label1\" content=\"Tiempo de lectura\">\n\t<meta name=\"twitter:data1\" content=\"1 minuto\">\n<script type=\"application\/ld+json\" class=\"yoast-schema-graph\">{\"@context\":\"https:\/\/schema.org\",\"@graph\":[{\"@type\":\"Organization\",\"@id\":\"https:\/\/www.comercialanma.es\/#organization\",\"name\":\"Comercial Anma\",\"url\":\"https:\/\/www.comercialanma.es\/\",\"sameAs\":[\"https:\/\/www.facebook.com\/AnmaHosteleria\",\"https:\/\/www.instagram.com\/anmahosteleria\/?hl=es\",\"https:\/\/www.youtube.com\/channel\/UCT2nmn08Ntks0hmpZPnDgCA\"],\"logo\":{\"@type\":\"ImageObject\",\"@id\":\"https:\/\/www.comercialanma.es\/#logo\",\"inLanguage\":\"es\",\"url\":\"https:\/\/i2.wp.com\/www.comercialanma.es\/wp-content\/uploads\/2019\/06\/logo-anma-color.png?fit=247%2C101&ssl=1\",\"width\":247,\"height\":101,\"caption\":\"Comercial Anma\"},\"image\":{\"@id\":\"https:\/\/www.comercialanma.es\/#logo\"}},{\"@type\":\"WebSite\",\"@id\":\"https:\/\/www.comercialanma.es\/#website\",\"url\":\"https:\/\/www.comercialanma.es\/\",\"name\":\"Comercial de Hosteleria Anma\",\"description\":\"\",\"publisher\":{\"@id\":\"https:\/\/www.comercialanma.es\/#organization\"},\"potentialAction\":[{\"@type\":\"SearchAction\",\"target\":\"https:\/\/www.comercialanma.es\/?s={search_term_string}\",\"query-input\":\"required name=search_term_string\"}],\"inLanguage\":\"es\"},{\"@type\":\"ImageObject\",\"@id\":\"https:\/\/www.comercialanma.es\/?product=cafe-descafeinado-soluble-sobres#primaryimage\",\"inLanguage\":\"es\",\"url\":\"https:\/\/i0.wp.com\/www.comercialanma.es\/wp-content\/uploads\/2021\/06\/cafes-fusione-descafeinado-sobres100.jpg?fit=1080%2C1080&ssl=1\",\"width\":1080,\"height\":1080},{\"@type\":\"WebPage\",\"@id\":\"https:\/\/www.comercialanma.es\/?product=cafe-descafeinado-soluble-sobres#webpage\",\"url\":\"https:\/\/www.comercialanma.es\/?product=cafe-descafeinado-soluble-sobres\",\"name\":\"Caf\\u00e9 Fusione Descafeinado Sobres 100U. - Comercial de Hosteleria Anma\",\"isPartOf\":{\"@id\":\"https:\/\/www.comercialanma.es\/#website\"},\"primaryImageOfPage\":{\"@id\":\"https:\/\/www.comercialanma.es\/?product=cafe-descafeinado-soluble-sobres#primaryimage\"},\"datePublished\":\"2021-06-23T10:00:27+00:00\",\"dateModified\":\"2021-06-23T15:42:37+00:00\",\"description\":\"Caf\\u00e9 Fusione Descafeinado Sobres |100U.| Caf\\u00e9 premium descafeinado m\\u00e1s poroso que el descafeinado tradicional por lo que se disuelve mejor.\",\"breadcrumb\":{\"@id\":\"https:\/\/www.comercialanma.es\/?product=cafe-descafeinado-soluble-sobres#breadcrumb\"},\"inLanguage\":\"es\",\"potentialAction\":[{\"@type\":\"ReadAction\",\"target\":[\"https:\/\/www.comercialanma.es\/?product=cafe-descafeinado-soluble-sobres\"]}]},{\"@type\":\"BreadcrumbList\",\"@id\":\"https:\/\/www.comercialanma.es\/?product=cafe-descafeinado-soluble-sobres#breadcrumb\",\"itemListElement\":[{\"@type\":\"ListItem\",\"position\":1,\"item\":{\"@type\":\"WebPage\",\"@id\":\"https:\/\/www.comercialanma.es\/\",\"url\":\"https:\/\/www.comercialanma.es\/\",\"name\":\"Portada\"}},{\"@type\":\"ListItem\",\"position\":2,\"item\":{\"@type\":\"WebPage\",\"@id\":\"https:\/\/www.comercialanma.es\/?page_id=3963\",\"url\":\"https:\/\/www.comercialanma.es\/?page_id=3963\",\"name\":\"Cat\\u00e1logo de Productos\"}},{\"@type\":\"ListItem\",\"position\":3,\"item\":{\"@type\":\"WebPage\",\"@id\":\"https:\/\/www.comercialanma.es\/?product=cafe-descafeinado-soluble-sobres\",\"url\":\"https:\/\/www.comercialanma.es\/?product=cafe-descafeinado-soluble-sobres\",\"name\":\"Caf\\u00e9 Fusione Descafeinado Sobres 100U.\"}}]}]}<\/script>\n<!-- \/ Yoast SEO plugin. -->","_links":{"self":[{"href":"https:\/\/www.comercialanma.es\/index.php?rest_route=\/wp\/v2\/product\/17010"}],"collection":[{"href":"https:\/\/www.comercialanma.es\/index.php?rest_route=\/wp\/v2\/product"}],"about":[{"href":"https:\/\/www.comercialanma.es\/index.php?rest_route=\/wp\/v2\/types\/product"}],"version-history":[{"count":1,"href":"https:\/\/www.comercialanma.es\/index.php?rest_route=\/wp\/v2\/product\/17010\/revisions"}],"predecessor-version":[{"id":17012,"href":"https:\/\/www.comercialanma.es\/index.php?rest_route=\/wp\/v2\/product\/17010\/revisions\/17012"}],"wp:featuredmedia":[{"embeddable":true,"href":"https:\/\/www.comercialanma.es\/index.php?rest_route=\/wp\/v2\/media\/17011"}],"wp:attachment":[{"href":"https:\/\/www.comercialanma.es\/index.php?rest_route=%2Fwp%2Fv2%2Fmedia&parent=17010"}],"curies":[{"name":"wp","href":"https:\/\/api.w.org\/{rel}","templated":true}]}}