
{"id":17043,"date":"2021-06-25T09:24:35","date_gmt":"2021-06-25T07:24:35","guid":{"rendered":"https:\/\/www.comercialanma.es\/?post_type=product&#038;p=17043"},"modified":"2021-06-25T10:54:33","modified_gmt":"2021-06-25T08:54:33","slug":"infusiones-bazar-te-verde","status":"publish","type":"product","link":"https:\/\/www.comercialanma.es\/?product=infusiones-bazar-te-verde","title":{"rendered":"Infusiones Bazar T\u00e9 Verde 100u."},"content":{"rendered":"<ul class=\"a-unordered-list a-vertical a-spacing-mini\">\n<li><span class=\"a-list-item\"> Antioxidante. Sus compuestos polifen\u00f3licos resultan ser muy beneficiosos para la salud. Aporte de vitaminas B y C. <\/span><\/li>\n<li><span class=\"a-list-item\"> Ayuda a controlar los niveles de colesterol, ya que son capaces de rebajar la oxidaci\u00f3n de lo que se conoce como \u201ccolesterol malo\u201d y el riesgo de enfermedad cardiovascular. <\/span><\/li>\n<li><span class=\"a-list-item\"> Ingredientes: 100 % T\u00e9 Verde. <\/span><\/li>\n<li><span class=\"a-list-item\"> Unidades por Caja: 100 bolsas x 1,5 g = 150 gr. Peso Neto. <\/span><\/li>\n<li><span class=\"a-list-item\"> Modo de preparaci\u00f3n: Verter agua hirviendo sobre la bolsa y dejarla en infusi\u00f3n durante 5-8 minutos. <\/span><\/li>\n<\/ul>\n","protected":false},"excerpt":{"rendered":"<p>Las bolsitas de T\u00e9 Verde Bazar se elaboran siguiendo estrictos controles, para mantener la calidad y frescura del producto. Las propiedades del t\u00e9 verde est\u00e1n relacionadas con sus principios activos. Entre ellos est\u00e1n las xantinas, sustancias en las que destacan la cafe\u00edna, la teofilina y la teobromina, que estimulan el sistema nervioso central, lo que nos ayuda a mantenernos despiertos y combatir la fatiga. Las bolsitas de T\u00e9 Verde Bazar se elaboran siguiendo estrictos controles, para mantener la calidad y frescura del producto.<\/p>\n<p>&nbsp;<\/p>\n","protected":false},"featured_media":17044,"template":"","meta":{"spay_email":""},"yoast_head":"<!-- This site is optimized with the Yoast SEO plugin v15.9 - https:\/\/yoast.com\/wordpress\/plugins\/seo\/ -->\n<title>Infusiones Bazar T\u00e9 Verde 100u. - Comercial de Hosteleria Anma<\/title>\n<meta name=\"description\" content=\"Infusiones Bazar T\u00e9 verde | 100U. | Las propiedades del t\u00e9 verde est\u00e1n relacionadas con sus principios activos.\" \/>\n<meta name=\"robots\" content=\"index, follow, max-snippet:-1, max-image-preview:large, max-video-preview:-1\" \/>\n<link rel=\"canonical\" href=\"https:\/\/www.comercialanma.es\/?product=infusiones-bazar-te-verde\" \/>\n<meta property=\"og:locale\" content=\"es_ES\" \/>\n<meta property=\"og:type\" content=\"article\" \/>\n<meta property=\"og:title\" content=\"Infusiones Bazar T\u00e9 Verde 100u. - Comercial de Hosteleria Anma\" \/>\n<meta property=\"og:description\" content=\"Infusiones Bazar T\u00e9 verde | 100U. | Las propiedades del t\u00e9 verde est\u00e1n relacionadas con sus principios activos.\" \/>\n<meta property=\"og:url\" content=\"https:\/\/www.comercialanma.es\/?product=infusiones-bazar-te-verde\" \/>\n<meta property=\"og:site_name\" content=\"Comercial de Hosteleria Anma\" \/>\n<meta property=\"article:publisher\" content=\"https:\/\/www.facebook.com\/AnmaHosteleria\" \/>\n<meta property=\"article:modified_time\" content=\"2021-06-25T08:54:33+00:00\" \/>\n<meta property=\"og:image\" content=\"https:\/\/i2.wp.com\/www.comercialanma.es\/wp-content\/uploads\/2021\/06\/infusiones-bazar-te-verde.jpg?fit=1080%2C1080&#038;ssl=1\" \/>\n\t<meta property=\"og:image:width\" content=\"1080\" \/>\n\t<meta property=\"og:image:height\" content=\"1080\" \/>\n<meta name=\"twitter:card\" content=\"summary_large_image\" \/>\n<meta name=\"twitter:label1\" content=\"Tiempo de lectura\">\n\t<meta name=\"twitter:data1\" content=\"1 minuto\">\n<script type=\"application\/ld+json\" class=\"yoast-schema-graph\">{\"@context\":\"https:\/\/schema.org\",\"@graph\":[{\"@type\":\"Organization\",\"@id\":\"https:\/\/www.comercialanma.es\/#organization\",\"name\":\"Comercial Anma\",\"url\":\"https:\/\/www.comercialanma.es\/\",\"sameAs\":[\"https:\/\/www.facebook.com\/AnmaHosteleria\",\"https:\/\/www.instagram.com\/anmahosteleria\/?hl=es\",\"https:\/\/www.youtube.com\/channel\/UCT2nmn08Ntks0hmpZPnDgCA\"],\"logo\":{\"@type\":\"ImageObject\",\"@id\":\"https:\/\/www.comercialanma.es\/#logo\",\"inLanguage\":\"es\",\"url\":\"https:\/\/i2.wp.com\/www.comercialanma.es\/wp-content\/uploads\/2019\/06\/logo-anma-color.png?fit=247%2C101&ssl=1\",\"width\":247,\"height\":101,\"caption\":\"Comercial Anma\"},\"image\":{\"@id\":\"https:\/\/www.comercialanma.es\/#logo\"}},{\"@type\":\"WebSite\",\"@id\":\"https:\/\/www.comercialanma.es\/#website\",\"url\":\"https:\/\/www.comercialanma.es\/\",\"name\":\"Comercial de Hosteleria Anma\",\"description\":\"\",\"publisher\":{\"@id\":\"https:\/\/www.comercialanma.es\/#organization\"},\"potentialAction\":[{\"@type\":\"SearchAction\",\"target\":\"https:\/\/www.comercialanma.es\/?s={search_term_string}\",\"query-input\":\"required name=search_term_string\"}],\"inLanguage\":\"es\"},{\"@type\":\"ImageObject\",\"@id\":\"https:\/\/www.comercialanma.es\/?product=infusiones-bazar-te-verde#primaryimage\",\"inLanguage\":\"es\",\"url\":\"https:\/\/i2.wp.com\/www.comercialanma.es\/wp-content\/uploads\/2021\/06\/infusiones-bazar-te-verde.jpg?fit=1080%2C1080&ssl=1\",\"width\":1080,\"height\":1080},{\"@type\":\"WebPage\",\"@id\":\"https:\/\/www.comercialanma.es\/?product=infusiones-bazar-te-verde#webpage\",\"url\":\"https:\/\/www.comercialanma.es\/?product=infusiones-bazar-te-verde\",\"name\":\"Infusiones Bazar T\\u00e9 Verde 100u. - Comercial de Hosteleria Anma\",\"isPartOf\":{\"@id\":\"https:\/\/www.comercialanma.es\/#website\"},\"primaryImageOfPage\":{\"@id\":\"https:\/\/www.comercialanma.es\/?product=infusiones-bazar-te-verde#primaryimage\"},\"datePublished\":\"2021-06-25T07:24:35+00:00\",\"dateModified\":\"2021-06-25T08:54:33+00:00\",\"description\":\"Infusiones Bazar T\\u00e9 verde | 100U. | Las propiedades del t\\u00e9 verde est\\u00e1n relacionadas con sus principios activos.\",\"breadcrumb\":{\"@id\":\"https:\/\/www.comercialanma.es\/?product=infusiones-bazar-te-verde#breadcrumb\"},\"inLanguage\":\"es\",\"potentialAction\":[{\"@type\":\"ReadAction\",\"target\":[\"https:\/\/www.comercialanma.es\/?product=infusiones-bazar-te-verde\"]}]},{\"@type\":\"BreadcrumbList\",\"@id\":\"https:\/\/www.comercialanma.es\/?product=infusiones-bazar-te-verde#breadcrumb\",\"itemListElement\":[{\"@type\":\"ListItem\",\"position\":1,\"item\":{\"@type\":\"WebPage\",\"@id\":\"https:\/\/www.comercialanma.es\/\",\"url\":\"https:\/\/www.comercialanma.es\/\",\"name\":\"Portada\"}},{\"@type\":\"ListItem\",\"position\":2,\"item\":{\"@type\":\"WebPage\",\"@id\":\"https:\/\/www.comercialanma.es\/?page_id=3963\",\"url\":\"https:\/\/www.comercialanma.es\/?page_id=3963\",\"name\":\"Cat\\u00e1logo de Productos\"}},{\"@type\":\"ListItem\",\"position\":3,\"item\":{\"@type\":\"WebPage\",\"@id\":\"https:\/\/www.comercialanma.es\/?product=infusiones-bazar-te-verde\",\"url\":\"https:\/\/www.comercialanma.es\/?product=infusiones-bazar-te-verde\",\"name\":\"Infusiones Bazar T\\u00e9 Verde 100u.\"}}]}]}<\/script>\n<!-- \/ Yoast SEO plugin. -->","_links":{"self":[{"href":"https:\/\/www.comercialanma.es\/index.php?rest_route=\/wp\/v2\/product\/17043"}],"collection":[{"href":"https:\/\/www.comercialanma.es\/index.php?rest_route=\/wp\/v2\/product"}],"about":[{"href":"https:\/\/www.comercialanma.es\/index.php?rest_route=\/wp\/v2\/types\/product"}],"version-history":[{"count":1,"href":"https:\/\/www.comercialanma.es\/index.php?rest_route=\/wp\/v2\/product\/17043\/revisions"}],"predecessor-version":[{"id":17045,"href":"https:\/\/www.comercialanma.es\/index.php?rest_route=\/wp\/v2\/product\/17043\/revisions\/17045"}],"wp:featuredmedia":[{"embeddable":true,"href":"https:\/\/www.comercialanma.es\/index.php?rest_route=\/wp\/v2\/media\/17044"}],"wp:attachment":[{"href":"https:\/\/www.comercialanma.es\/index.php?rest_route=%2Fwp%2Fv2%2Fmedia&parent=17043"}],"curies":[{"name":"wp","href":"https:\/\/api.w.org\/{rel}","templated":true}]}}