
{"id":17059,"date":"2021-06-25T11:47:05","date_gmt":"2021-06-25T09:47:05","guid":{"rendered":"https:\/\/www.comercialanma.es\/?post_type=product&#038;p=17059"},"modified":"2021-06-25T11:51:06","modified_gmt":"2021-06-25T09:51:06","slug":"te-negro-ceylan-25","status":"publish","type":"product","link":"https:\/\/www.comercialanma.es\/?product=te-negro-ceylan-25","title":{"rendered":"T\u00e9 Negro Ceylan Fusione 25u."},"content":{"rendered":"<ul>\n<li>Formato: Bolsa de 25 Pir\u00e1mides.<\/li>\n<li>Ingredientes: 100 % T\u00e9 Negro Ceyl\u00e1n.<\/li>\n<li>Producto Fabricado en la UE.<\/li>\n<\/ul>\n","protected":false},"excerpt":{"rendered":"<div>\n<p>Las Pir\u00e1mides\u00a0Individuales\u00a0de\u00a0T\u00e9 Negro de Ceyl\u00e1n Fusione Bolsa 25\u00a0est\u00e1n elaborado con el tradicional t\u00e9 negro de hebra gruesa ideal para tomar con leche. Por su alto contenido te\u00ednico est\u00e1 especialmente indicado para el desayuno.<\/p>\n<\/div>\n","protected":false},"featured_media":17060,"template":"","meta":{"spay_email":""},"yoast_head":"<!-- This site is optimized with the Yoast SEO plugin v15.9 - https:\/\/yoast.com\/wordpress\/plugins\/seo\/ -->\n<title>T\u00e9 Negro Ceylan Fusione 25u. - Comercial de Hosteleria Anma<\/title>\n<meta name=\"description\" content=\"T\u00e9 Negro Ceylan Fusione |25u.| Elaborado con el tradicional t\u00e9 negro de hebra gruesa ideal para tomar con leche.\" \/>\n<meta name=\"robots\" content=\"index, follow, max-snippet:-1, max-image-preview:large, max-video-preview:-1\" \/>\n<link rel=\"canonical\" href=\"https:\/\/www.comercialanma.es\/?product=te-negro-ceylan-25\" \/>\n<meta property=\"og:locale\" content=\"es_ES\" \/>\n<meta property=\"og:type\" content=\"article\" \/>\n<meta property=\"og:title\" content=\"T\u00e9 Negro Ceylan Fusione 25u. - Comercial de Hosteleria Anma\" \/>\n<meta property=\"og:description\" content=\"T\u00e9 Negro Ceylan Fusione |25u.| Elaborado con el tradicional t\u00e9 negro de hebra gruesa ideal para tomar con leche.\" \/>\n<meta property=\"og:url\" content=\"https:\/\/www.comercialanma.es\/?product=te-negro-ceylan-25\" \/>\n<meta property=\"og:site_name\" content=\"Comercial de Hosteleria Anma\" \/>\n<meta property=\"article:publisher\" content=\"https:\/\/www.facebook.com\/AnmaHosteleria\" \/>\n<meta property=\"article:modified_time\" content=\"2021-06-25T09:51:06+00:00\" \/>\n<meta property=\"og:image\" content=\"https:\/\/i0.wp.com\/www.comercialanma.es\/wp-content\/uploads\/2021\/06\/infusion-te-negro-cylan-25.jpg?fit=1080%2C1080&#038;ssl=1\" \/>\n\t<meta property=\"og:image:width\" content=\"1080\" \/>\n\t<meta property=\"og:image:height\" content=\"1080\" \/>\n<meta name=\"twitter:card\" content=\"summary_large_image\" \/>\n<meta name=\"twitter:label1\" content=\"Tiempo de lectura\">\n\t<meta name=\"twitter:data1\" content=\"1 minuto\">\n<script type=\"application\/ld+json\" class=\"yoast-schema-graph\">{\"@context\":\"https:\/\/schema.org\",\"@graph\":[{\"@type\":\"Organization\",\"@id\":\"https:\/\/www.comercialanma.es\/#organization\",\"name\":\"Comercial Anma\",\"url\":\"https:\/\/www.comercialanma.es\/\",\"sameAs\":[\"https:\/\/www.facebook.com\/AnmaHosteleria\",\"https:\/\/www.instagram.com\/anmahosteleria\/?hl=es\",\"https:\/\/www.youtube.com\/channel\/UCT2nmn08Ntks0hmpZPnDgCA\"],\"logo\":{\"@type\":\"ImageObject\",\"@id\":\"https:\/\/www.comercialanma.es\/#logo\",\"inLanguage\":\"es\",\"url\":\"https:\/\/i2.wp.com\/www.comercialanma.es\/wp-content\/uploads\/2019\/06\/logo-anma-color.png?fit=247%2C101&ssl=1\",\"width\":247,\"height\":101,\"caption\":\"Comercial Anma\"},\"image\":{\"@id\":\"https:\/\/www.comercialanma.es\/#logo\"}},{\"@type\":\"WebSite\",\"@id\":\"https:\/\/www.comercialanma.es\/#website\",\"url\":\"https:\/\/www.comercialanma.es\/\",\"name\":\"Comercial de Hosteleria Anma\",\"description\":\"\",\"publisher\":{\"@id\":\"https:\/\/www.comercialanma.es\/#organization\"},\"potentialAction\":[{\"@type\":\"SearchAction\",\"target\":\"https:\/\/www.comercialanma.es\/?s={search_term_string}\",\"query-input\":\"required name=search_term_string\"}],\"inLanguage\":\"es\"},{\"@type\":\"ImageObject\",\"@id\":\"https:\/\/www.comercialanma.es\/?product=te-negro-ceylan-25#primaryimage\",\"inLanguage\":\"es\",\"url\":\"https:\/\/i0.wp.com\/www.comercialanma.es\/wp-content\/uploads\/2021\/06\/infusion-te-negro-cylan-25.jpg?fit=1080%2C1080&ssl=1\",\"width\":1080,\"height\":1080},{\"@type\":\"WebPage\",\"@id\":\"https:\/\/www.comercialanma.es\/?product=te-negro-ceylan-25#webpage\",\"url\":\"https:\/\/www.comercialanma.es\/?product=te-negro-ceylan-25\",\"name\":\"T\\u00e9 Negro Ceylan Fusione 25u. - Comercial de Hosteleria Anma\",\"isPartOf\":{\"@id\":\"https:\/\/www.comercialanma.es\/#website\"},\"primaryImageOfPage\":{\"@id\":\"https:\/\/www.comercialanma.es\/?product=te-negro-ceylan-25#primaryimage\"},\"datePublished\":\"2021-06-25T09:47:05+00:00\",\"dateModified\":\"2021-06-25T09:51:06+00:00\",\"description\":\"T\\u00e9 Negro Ceylan Fusione |25u.| Elaborado con el tradicional t\\u00e9 negro de hebra gruesa ideal para tomar con leche.\",\"breadcrumb\":{\"@id\":\"https:\/\/www.comercialanma.es\/?product=te-negro-ceylan-25#breadcrumb\"},\"inLanguage\":\"es\",\"potentialAction\":[{\"@type\":\"ReadAction\",\"target\":[\"https:\/\/www.comercialanma.es\/?product=te-negro-ceylan-25\"]}]},{\"@type\":\"BreadcrumbList\",\"@id\":\"https:\/\/www.comercialanma.es\/?product=te-negro-ceylan-25#breadcrumb\",\"itemListElement\":[{\"@type\":\"ListItem\",\"position\":1,\"item\":{\"@type\":\"WebPage\",\"@id\":\"https:\/\/www.comercialanma.es\/\",\"url\":\"https:\/\/www.comercialanma.es\/\",\"name\":\"Portada\"}},{\"@type\":\"ListItem\",\"position\":2,\"item\":{\"@type\":\"WebPage\",\"@id\":\"https:\/\/www.comercialanma.es\/?page_id=3963\",\"url\":\"https:\/\/www.comercialanma.es\/?page_id=3963\",\"name\":\"Cat\\u00e1logo de Productos\"}},{\"@type\":\"ListItem\",\"position\":3,\"item\":{\"@type\":\"WebPage\",\"@id\":\"https:\/\/www.comercialanma.es\/?product=te-negro-ceylan-25\",\"url\":\"https:\/\/www.comercialanma.es\/?product=te-negro-ceylan-25\",\"name\":\"T\\u00e9 Negro Ceylan Fusione 25u.\"}}]}]}<\/script>\n<!-- \/ Yoast SEO plugin. -->","_links":{"self":[{"href":"https:\/\/www.comercialanma.es\/index.php?rest_route=\/wp\/v2\/product\/17059"}],"collection":[{"href":"https:\/\/www.comercialanma.es\/index.php?rest_route=\/wp\/v2\/product"}],"about":[{"href":"https:\/\/www.comercialanma.es\/index.php?rest_route=\/wp\/v2\/types\/product"}],"version-history":[{"count":1,"href":"https:\/\/www.comercialanma.es\/index.php?rest_route=\/wp\/v2\/product\/17059\/revisions"}],"predecessor-version":[{"id":17061,"href":"https:\/\/www.comercialanma.es\/index.php?rest_route=\/wp\/v2\/product\/17059\/revisions\/17061"}],"wp:featuredmedia":[{"embeddable":true,"href":"https:\/\/www.comercialanma.es\/index.php?rest_route=\/wp\/v2\/media\/17060"}],"wp:attachment":[{"href":"https:\/\/www.comercialanma.es\/index.php?rest_route=%2Fwp%2Fv2%2Fmedia&parent=17059"}],"curies":[{"name":"wp","href":"https:\/\/api.w.org\/{rel}","templated":true}]}}

Té Negro Ceylan Fusione 25u.

<ul>
<li>Formato: Bolsa de 25 Pirámides.</li>
<li>Ingredientes: 100 % Té Negro Ceylán.</li>
<li>Producto Fabricado en la UE.</li>
</ul>

<div>
<p>Las Pirámides Individuales de Té Negro de Ceylán Fusione Bolsa 25 están elaborado con el tradicional té negro de hebra gruesa ideal para tomar con leche. Por su alto contenido teínico está especialmente indicado para el desayuno.</p>
</div>

<!-- This site is optimized with the Yoast SEO plugin v15.9 - https://yoast.com/wordpress/plugins/seo/ -->
<title>Té Negro Ceylan Fusione 25u. - Comercial de Hosteleria Anma</title>
<meta name="description" content="Té Negro Ceylan Fusione |25u.| Elaborado con el tradicional té negro de hebra gruesa ideal para tomar con leche." />
<meta name="robots" content="index, follow, max-snippet:-1, max-image-preview:large, max-video-preview:-1" />
<link rel="canonical" href="https://www.comercialanma.es/?product=te-negro-ceylan-25" />
<meta property="og:locale" content="es_ES" />
<meta property="og:type" content="article" />
<meta property="og:title" content="Té Negro Ceylan Fusione 25u. - Comercial de Hosteleria Anma" />
<meta property="og:description" content="Té Negro Ceylan Fusione |25u.| Elaborado con el tradicional té negro de hebra gruesa ideal para tomar con leche." />
<meta property="og:url" content="https://www.comercialanma.es/?product=te-negro-ceylan-25" />
<meta property="og:site_name" content="Comercial de Hosteleria Anma" />
<meta property="article:publisher" content="https://www.facebook.com/AnmaHosteleria" />
<meta property="article:modified_time" content="2021-06-25T09:51:06+00:00" />
<meta property="og:image" content="https://i0.wp.com/www.comercialanma.es/wp-content/uploads/2021/06/infusion-te-negro-cylan-25.jpg?fit=1080%2C1080&#038;ssl=1" />
	<meta property="og:image:width" content="1080" />
	<meta property="og:image:height" content="1080" />
<meta name="twitter:card" content="summary_large_image" />
<meta name="twitter:label1" content="Tiempo de lectura">
	<meta name="twitter:data1" content="1 minuto">
<script type="application/ld+json" class="yoast-schema-graph">{"@context":"https://schema.org","@graph":[{"@type":"Organization","@id":"https://www.comercialanma.es/#organization","name":"Comercial Anma","url":"https://www.comercialanma.es/","sameAs":["https://www.facebook.com/AnmaHosteleria","https://www.instagram.com/anmahosteleria/?hl=es","https://www.youtube.com/channel/UCT2nmn08Ntks0hmpZPnDgCA"],"logo":{"@type":"ImageObject","@id":"https://www.comercialanma.es/#logo","inLanguage":"es","url":"https://i2.wp.com/www.comercialanma.es/wp-content/uploads/2019/06/logo-anma-color.png?fit=247%2C101&ssl=1","width":247,"height":101,"caption":"Comercial Anma"},"image":{"@id":"https://www.comercialanma.es/#logo"}},{"@type":"WebSite","@id":"https://www.comercialanma.es/#website","url":"https://www.comercialanma.es/","name":"Comercial de Hosteleria Anma","description":"","publisher":{"@id":"https://www.comercialanma.es/#organization"},"potentialAction":[{"@type":"SearchAction","target":"https://www.comercialanma.es/?s={search_term_string}","query-input":"required name=search_term_string"}],"inLanguage":"es"},{"@type":"ImageObject","@id":"https://www.comercialanma.es/?product=te-negro-ceylan-25#primaryimage","inLanguage":"es","url":"https://i0.wp.com/www.comercialanma.es/wp-content/uploads/2021/06/infusion-te-negro-cylan-25.jpg?fit=1080%2C1080&ssl=1","width":1080,"height":1080},{"@type":"WebPage","@id":"https://www.comercialanma.es/?product=te-negro-ceylan-25#webpage","url":"https://www.comercialanma.es/?product=te-negro-ceylan-25","name":"T\u00e9 Negro Ceylan Fusione 25u. - Comercial de Hosteleria Anma","isPartOf":{"@id":"https://www.comercialanma.es/#website"},"primaryImageOfPage":{"@id":"https://www.comercialanma.es/?product=te-negro-ceylan-25#primaryimage"},"datePublished":"2021-06-25T09:47:05+00:00","dateModified":"2021-06-25T09:51:06+00:00","description":"T\u00e9 Negro Ceylan Fusione |25u.| Elaborado con el tradicional t\u00e9 negro de hebra gruesa ideal para tomar con leche.","breadcrumb":{"@id":"https://www.comercialanma.es/?product=te-negro-ceylan-25#breadcrumb"},"inLanguage":"es","potentialAction":[{"@type":"ReadAction","target":["https://www.comercialanma.es/?product=te-negro-ceylan-25"]}]},{"@type":"BreadcrumbList","@id":"https://www.comercialanma.es/?product=te-negro-ceylan-25#breadcrumb","itemListElement":[{"@type":"ListItem","position":1,"item":{"@type":"WebPage","@id":"https://www.comercialanma.es/","url":"https://www.comercialanma.es/","name":"Portada"}},{"@type":"ListItem","position":2,"item":{"@type":"WebPage","@id":"https://www.comercialanma.es/?page_id=3963","url":"https://www.comercialanma.es/?page_id=3963","name":"Cat\u00e1logo de Productos"}},{"@type":"ListItem","position":3,"item":{"@type":"WebPage","@id":"https://www.comercialanma.es/?product=te-negro-ceylan-25","url":"https://www.comercialanma.es/?product=te-negro-ceylan-25","name":"T\u00e9 Negro Ceylan Fusione 25u."}}]}]}</script>
<!-- / Yoast SEO plugin. -->
