
{"id":17074,"date":"2021-06-25T12:34:49","date_gmt":"2021-06-25T10:34:49","guid":{"rendered":"https:\/\/www.comercialanma.es\/?post_type=product&#038;p=17074"},"modified":"2021-06-25T12:44:02","modified_gmt":"2021-06-25T10:44:02","slug":"infusion-fusione-frutas-del-bosque","status":"publish","type":"product","link":"https:\/\/www.comercialanma.es\/?product=infusion-fusione-frutas-del-bosque","title":{"rendered":"Infusi\u00f3n Frutas del bosque Fusione 25u."},"content":{"rendered":"<ul>\n<li>Formato: Bolsa de 25 pir\u00e1mides<\/li>\n<li>Ingredientes: Hibisco, pasas, bayas de sa\u00faco, ar\u00e1ndanos, grosellas negras y aroma.<\/li>\n<li>No contiene te\u00edna<\/li>\n<li>Fecha M\u00ednima de consumo preferente indicada en el producto: M\u00e1s de 6 meses.<\/li>\n<li>Producto Fabricado en la UE.<\/li>\n<\/ul>\n","protected":false},"excerpt":{"rendered":"<div>\n<p>Las pir\u00e1mides de Infusi\u00f3n de Frutas del Bosque Fusione Bolsa 25\u00a0est\u00e1s elaboradas con una deliciosa infusi\u00f3n de frutos del bosque deshidratados. Se trata de la mezcla de frutas que m\u00e1s gusta a ni\u00f1os y adultos y es ideal para tomar tanto en fr\u00edo como en caliente. Adem\u00e1s, la pueden disfrutar todos los miembros de la familia, ya que no contiene t\u00e9.<\/p>\n<p><strong>\u00a0<\/strong><\/p>\n<\/div>\n","protected":false},"featured_media":17075,"template":"","meta":{"spay_email":""},"yoast_head":"<!-- This site is optimized with the Yoast SEO plugin v15.9 - https:\/\/yoast.com\/wordpress\/plugins\/seo\/ -->\n<title>Infusi\u00f3n Frutas del bosque Fusione 25u. - Comercial de Hosteleria Anma<\/title>\n<meta name=\"description\" content=\"Infusi\u00f3n Frutas del bosque Fusione |25u.| Se trata de una deliciosa bebida llena de vitaminas sin gas ni az\u00facares a\u00f1adidos.\" \/>\n<meta name=\"robots\" content=\"index, follow, max-snippet:-1, max-image-preview:large, max-video-preview:-1\" \/>\n<link rel=\"canonical\" href=\"https:\/\/www.comercialanma.es\/?product=infusion-fusione-frutas-del-bosque\" \/>\n<meta property=\"og:locale\" content=\"es_ES\" \/>\n<meta property=\"og:type\" content=\"article\" \/>\n<meta property=\"og:title\" content=\"Infusi\u00f3n Frutas del bosque Fusione 25u. - Comercial de Hosteleria Anma\" \/>\n<meta property=\"og:description\" content=\"Infusi\u00f3n Frutas del bosque Fusione |25u.| Se trata de una deliciosa bebida llena de vitaminas sin gas ni az\u00facares a\u00f1adidos.\" \/>\n<meta property=\"og:url\" content=\"https:\/\/www.comercialanma.es\/?product=infusion-fusione-frutas-del-bosque\" \/>\n<meta property=\"og:site_name\" content=\"Comercial de Hosteleria Anma\" \/>\n<meta property=\"article:publisher\" content=\"https:\/\/www.facebook.com\/AnmaHosteleria\" \/>\n<meta property=\"article:modified_time\" content=\"2021-06-25T10:44:02+00:00\" \/>\n<meta property=\"og:image\" content=\"https:\/\/i0.wp.com\/www.comercialanma.es\/wp-content\/uploads\/2021\/06\/infusiones-fusion-te-frutas-del-bosque-25.jpg?fit=1080%2C1080&#038;ssl=1\" \/>\n\t<meta property=\"og:image:width\" content=\"1080\" \/>\n\t<meta property=\"og:image:height\" content=\"1080\" \/>\n<meta name=\"twitter:card\" content=\"summary_large_image\" \/>\n<meta name=\"twitter:label1\" content=\"Tiempo de lectura\">\n\t<meta name=\"twitter:data1\" content=\"1 minuto\">\n<script type=\"application\/ld+json\" class=\"yoast-schema-graph\">{\"@context\":\"https:\/\/schema.org\",\"@graph\":[{\"@type\":\"Organization\",\"@id\":\"https:\/\/www.comercialanma.es\/#organization\",\"name\":\"Comercial Anma\",\"url\":\"https:\/\/www.comercialanma.es\/\",\"sameAs\":[\"https:\/\/www.facebook.com\/AnmaHosteleria\",\"https:\/\/www.instagram.com\/anmahosteleria\/?hl=es\",\"https:\/\/www.youtube.com\/channel\/UCT2nmn08Ntks0hmpZPnDgCA\"],\"logo\":{\"@type\":\"ImageObject\",\"@id\":\"https:\/\/www.comercialanma.es\/#logo\",\"inLanguage\":\"es\",\"url\":\"https:\/\/i2.wp.com\/www.comercialanma.es\/wp-content\/uploads\/2019\/06\/logo-anma-color.png?fit=247%2C101&ssl=1\",\"width\":247,\"height\":101,\"caption\":\"Comercial Anma\"},\"image\":{\"@id\":\"https:\/\/www.comercialanma.es\/#logo\"}},{\"@type\":\"WebSite\",\"@id\":\"https:\/\/www.comercialanma.es\/#website\",\"url\":\"https:\/\/www.comercialanma.es\/\",\"name\":\"Comercial de Hosteleria Anma\",\"description\":\"\",\"publisher\":{\"@id\":\"https:\/\/www.comercialanma.es\/#organization\"},\"potentialAction\":[{\"@type\":\"SearchAction\",\"target\":\"https:\/\/www.comercialanma.es\/?s={search_term_string}\",\"query-input\":\"required name=search_term_string\"}],\"inLanguage\":\"es\"},{\"@type\":\"ImageObject\",\"@id\":\"https:\/\/www.comercialanma.es\/?product=infusion-fusione-frutas-del-bosque#primaryimage\",\"inLanguage\":\"es\",\"url\":\"https:\/\/i0.wp.com\/www.comercialanma.es\/wp-content\/uploads\/2021\/06\/infusiones-fusion-te-frutas-del-bosque-25.jpg?fit=1080%2C1080&ssl=1\",\"width\":1080,\"height\":1080},{\"@type\":\"WebPage\",\"@id\":\"https:\/\/www.comercialanma.es\/?product=infusion-fusione-frutas-del-bosque#webpage\",\"url\":\"https:\/\/www.comercialanma.es\/?product=infusion-fusione-frutas-del-bosque\",\"name\":\"Infusi\\u00f3n Frutas del bosque Fusione 25u. - Comercial de Hosteleria Anma\",\"isPartOf\":{\"@id\":\"https:\/\/www.comercialanma.es\/#website\"},\"primaryImageOfPage\":{\"@id\":\"https:\/\/www.comercialanma.es\/?product=infusion-fusione-frutas-del-bosque#primaryimage\"},\"datePublished\":\"2021-06-25T10:34:49+00:00\",\"dateModified\":\"2021-06-25T10:44:02+00:00\",\"description\":\"Infusi\\u00f3n Frutas del bosque Fusione |25u.| Se trata de una deliciosa bebida llena de vitaminas sin gas ni az\\u00facares a\\u00f1adidos.\",\"breadcrumb\":{\"@id\":\"https:\/\/www.comercialanma.es\/?product=infusion-fusione-frutas-del-bosque#breadcrumb\"},\"inLanguage\":\"es\",\"potentialAction\":[{\"@type\":\"ReadAction\",\"target\":[\"https:\/\/www.comercialanma.es\/?product=infusion-fusione-frutas-del-bosque\"]}]},{\"@type\":\"BreadcrumbList\",\"@id\":\"https:\/\/www.comercialanma.es\/?product=infusion-fusione-frutas-del-bosque#breadcrumb\",\"itemListElement\":[{\"@type\":\"ListItem\",\"position\":1,\"item\":{\"@type\":\"WebPage\",\"@id\":\"https:\/\/www.comercialanma.es\/\",\"url\":\"https:\/\/www.comercialanma.es\/\",\"name\":\"Portada\"}},{\"@type\":\"ListItem\",\"position\":2,\"item\":{\"@type\":\"WebPage\",\"@id\":\"https:\/\/www.comercialanma.es\/?page_id=3963\",\"url\":\"https:\/\/www.comercialanma.es\/?page_id=3963\",\"name\":\"Cat\\u00e1logo de Productos\"}},{\"@type\":\"ListItem\",\"position\":3,\"item\":{\"@type\":\"WebPage\",\"@id\":\"https:\/\/www.comercialanma.es\/?product=infusion-fusione-frutas-del-bosque\",\"url\":\"https:\/\/www.comercialanma.es\/?product=infusion-fusione-frutas-del-bosque\",\"name\":\"Infusi\\u00f3n Frutas del bosque Fusione 25u.\"}}]}]}<\/script>\n<!-- \/ Yoast SEO plugin. -->","_links":{"self":[{"href":"https:\/\/www.comercialanma.es\/index.php?rest_route=\/wp\/v2\/product\/17074"}],"collection":[{"href":"https:\/\/www.comercialanma.es\/index.php?rest_route=\/wp\/v2\/product"}],"about":[{"href":"https:\/\/www.comercialanma.es\/index.php?rest_route=\/wp\/v2\/types\/product"}],"version-history":[{"count":1,"href":"https:\/\/www.comercialanma.es\/index.php?rest_route=\/wp\/v2\/product\/17074\/revisions"}],"predecessor-version":[{"id":17076,"href":"https:\/\/www.comercialanma.es\/index.php?rest_route=\/wp\/v2\/product\/17074\/revisions\/17076"}],"wp:featuredmedia":[{"embeddable":true,"href":"https:\/\/www.comercialanma.es\/index.php?rest_route=\/wp\/v2\/media\/17075"}],"wp:attachment":[{"href":"https:\/\/www.comercialanma.es\/index.php?rest_route=%2Fwp%2Fv2%2Fmedia&parent=17074"}],"curies":[{"name":"wp","href":"https:\/\/api.w.org\/{rel}","templated":true}]}}