
{"id":17330,"date":"2021-07-08T12:40:45","date_gmt":"2021-07-08T10:40:45","guid":{"rendered":"https:\/\/www.comercialanma.es\/?post_type=product&#038;p=17330"},"modified":"2021-07-08T12:44:21","modified_gmt":"2021-07-08T10:44:21","slug":"pate-iberico-pimenton-riberena","status":"publish","type":"product","link":"https:\/\/www.comercialanma.es\/?product=pate-iberico-pimenton-riberena","title":{"rendered":"Pat\u00e9 Ib\u00e9rico de Piment\u00f3n de la Vera La Ribere\u00f1a 100gr."},"content":{"rendered":"<p>Marca: La Ribere\u00f1a<\/p>\n<p>Formato: Tarro<\/p>\n<p>Cantidad: 100gr.<\/p>\n<p>&nbsp;<\/p>\n","protected":false},"excerpt":{"rendered":"<p>Pat\u00e9 Ib\u00e9rico pimenton de la vera | 100gr.| La Ribere\u00f1a |<\/p>\n<p>El pat\u00e9 es un alimento que puede servir tanto para introducirlo como parte de una receta al cocinar, o como aperitivo o acompa\u00f1amiento. Su uso est\u00e1 muy extendido, por eso, es normal querer saber qu\u00e9 es el pat\u00e9 y c\u00f3mo se hace.<\/p>\n<p>Por su textura, el pat\u00e9 se puede untar en galletas o sobre el pan, convirti\u00e9ndose en un peque\u00f1o plato para abrir boca antes de una comida. Es una buena opci\u00f3n para aliviar al est\u00f3mago cuando hay hambre y no puedes esperar al plato fuerte.<\/p>\n","protected":false},"featured_media":17331,"template":"","meta":{"spay_email":""},"yoast_head":"<!-- This site is optimized with the Yoast SEO plugin v15.9 - https:\/\/yoast.com\/wordpress\/plugins\/seo\/ -->\n<title>Pat\u00e9 Ib\u00e9rico de Piment\u00f3n de la Vera La Ribere\u00f1a 100gr. - Comercial de Hosteleria Anma<\/title>\n<meta name=\"description\" content=\"Pat\u00e9 Ib\u00e9rico pimenton de la vera | 100gr.| La Ribere\u00f1a | Alimento que puede servir para receta al cocinar, como aperitivo o acompa\u00f1amiento.\" \/>\n<meta name=\"robots\" content=\"index, follow, max-snippet:-1, max-image-preview:large, max-video-preview:-1\" \/>\n<link rel=\"canonical\" href=\"https:\/\/www.comercialanma.es\/?product=pate-iberico-pimenton-riberena\" \/>\n<meta property=\"og:locale\" content=\"es_ES\" \/>\n<meta property=\"og:type\" content=\"article\" \/>\n<meta property=\"og:title\" content=\"Pat\u00e9 Ib\u00e9rico de Piment\u00f3n de la Vera La Ribere\u00f1a 100gr. - Comercial de Hosteleria Anma\" \/>\n<meta property=\"og:description\" content=\"Pat\u00e9 Ib\u00e9rico pimenton de la vera | 100gr.| La Ribere\u00f1a | Alimento que puede servir para receta al cocinar, como aperitivo o acompa\u00f1amiento.\" \/>\n<meta property=\"og:url\" content=\"https:\/\/www.comercialanma.es\/?product=pate-iberico-pimenton-riberena\" \/>\n<meta property=\"og:site_name\" content=\"Comercial de Hosteleria Anma\" \/>\n<meta property=\"article:publisher\" content=\"https:\/\/www.facebook.com\/AnmaHosteleria\" \/>\n<meta property=\"article:modified_time\" content=\"2021-07-08T10:44:21+00:00\" \/>\n<meta property=\"og:image\" content=\"https:\/\/i0.wp.com\/www.comercialanma.es\/wp-content\/uploads\/2021\/07\/pate-iberico-al-pimenton-de-la-vera.jpg?fit=1080%2C1080&#038;ssl=1\" \/>\n\t<meta property=\"og:image:width\" content=\"1080\" \/>\n\t<meta property=\"og:image:height\" content=\"1080\" \/>\n<meta name=\"twitter:card\" content=\"summary_large_image\" \/>\n<meta name=\"twitter:label1\" content=\"Tiempo de lectura\">\n\t<meta name=\"twitter:data1\" content=\"1 minuto\">\n<script type=\"application\/ld+json\" class=\"yoast-schema-graph\">{\"@context\":\"https:\/\/schema.org\",\"@graph\":[{\"@type\":\"Organization\",\"@id\":\"https:\/\/www.comercialanma.es\/#organization\",\"name\":\"Comercial Anma\",\"url\":\"https:\/\/www.comercialanma.es\/\",\"sameAs\":[\"https:\/\/www.facebook.com\/AnmaHosteleria\",\"https:\/\/www.instagram.com\/anmahosteleria\/?hl=es\",\"https:\/\/www.youtube.com\/channel\/UCT2nmn08Ntks0hmpZPnDgCA\"],\"logo\":{\"@type\":\"ImageObject\",\"@id\":\"https:\/\/www.comercialanma.es\/#logo\",\"inLanguage\":\"es\",\"url\":\"https:\/\/i2.wp.com\/www.comercialanma.es\/wp-content\/uploads\/2019\/06\/logo-anma-color.png?fit=247%2C101&ssl=1\",\"width\":247,\"height\":101,\"caption\":\"Comercial Anma\"},\"image\":{\"@id\":\"https:\/\/www.comercialanma.es\/#logo\"}},{\"@type\":\"WebSite\",\"@id\":\"https:\/\/www.comercialanma.es\/#website\",\"url\":\"https:\/\/www.comercialanma.es\/\",\"name\":\"Comercial de Hosteleria Anma\",\"description\":\"\",\"publisher\":{\"@id\":\"https:\/\/www.comercialanma.es\/#organization\"},\"potentialAction\":[{\"@type\":\"SearchAction\",\"target\":\"https:\/\/www.comercialanma.es\/?s={search_term_string}\",\"query-input\":\"required name=search_term_string\"}],\"inLanguage\":\"es\"},{\"@type\":\"ImageObject\",\"@id\":\"https:\/\/www.comercialanma.es\/?product=pate-iberico-pimenton-riberena#primaryimage\",\"inLanguage\":\"es\",\"url\":\"https:\/\/i0.wp.com\/www.comercialanma.es\/wp-content\/uploads\/2021\/07\/pate-iberico-al-pimenton-de-la-vera.jpg?fit=1080%2C1080&ssl=1\",\"width\":1080,\"height\":1080},{\"@type\":\"WebPage\",\"@id\":\"https:\/\/www.comercialanma.es\/?product=pate-iberico-pimenton-riberena#webpage\",\"url\":\"https:\/\/www.comercialanma.es\/?product=pate-iberico-pimenton-riberena\",\"name\":\"Pat\\u00e9 Ib\\u00e9rico de Piment\\u00f3n de la Vera La Ribere\\u00f1a 100gr. - Comercial de Hosteleria Anma\",\"isPartOf\":{\"@id\":\"https:\/\/www.comercialanma.es\/#website\"},\"primaryImageOfPage\":{\"@id\":\"https:\/\/www.comercialanma.es\/?product=pate-iberico-pimenton-riberena#primaryimage\"},\"datePublished\":\"2021-07-08T10:40:45+00:00\",\"dateModified\":\"2021-07-08T10:44:21+00:00\",\"description\":\"Pat\\u00e9 Ib\\u00e9rico pimenton de la vera | 100gr.| La Ribere\\u00f1a | Alimento que puede servir para receta al cocinar, como aperitivo o acompa\\u00f1amiento.\",\"breadcrumb\":{\"@id\":\"https:\/\/www.comercialanma.es\/?product=pate-iberico-pimenton-riberena#breadcrumb\"},\"inLanguage\":\"es\",\"potentialAction\":[{\"@type\":\"ReadAction\",\"target\":[\"https:\/\/www.comercialanma.es\/?product=pate-iberico-pimenton-riberena\"]}]},{\"@type\":\"BreadcrumbList\",\"@id\":\"https:\/\/www.comercialanma.es\/?product=pate-iberico-pimenton-riberena#breadcrumb\",\"itemListElement\":[{\"@type\":\"ListItem\",\"position\":1,\"item\":{\"@type\":\"WebPage\",\"@id\":\"https:\/\/www.comercialanma.es\/\",\"url\":\"https:\/\/www.comercialanma.es\/\",\"name\":\"Portada\"}},{\"@type\":\"ListItem\",\"position\":2,\"item\":{\"@type\":\"WebPage\",\"@id\":\"https:\/\/www.comercialanma.es\/?page_id=3963\",\"url\":\"https:\/\/www.comercialanma.es\/?page_id=3963\",\"name\":\"Cat\\u00e1logo de Productos\"}},{\"@type\":\"ListItem\",\"position\":3,\"item\":{\"@type\":\"WebPage\",\"@id\":\"https:\/\/www.comercialanma.es\/?product=pate-iberico-pimenton-riberena\",\"url\":\"https:\/\/www.comercialanma.es\/?product=pate-iberico-pimenton-riberena\",\"name\":\"Pat\\u00e9 Ib\\u00e9rico de Piment\\u00f3n de la Vera La Ribere\\u00f1a 100gr.\"}}]}]}<\/script>\n<!-- \/ Yoast SEO plugin. -->","_links":{"self":[{"href":"https:\/\/www.comercialanma.es\/index.php?rest_route=\/wp\/v2\/product\/17330"}],"collection":[{"href":"https:\/\/www.comercialanma.es\/index.php?rest_route=\/wp\/v2\/product"}],"about":[{"href":"https:\/\/www.comercialanma.es\/index.php?rest_route=\/wp\/v2\/types\/product"}],"version-history":[{"count":1,"href":"https:\/\/www.comercialanma.es\/index.php?rest_route=\/wp\/v2\/product\/17330\/revisions"}],"predecessor-version":[{"id":17332,"href":"https:\/\/www.comercialanma.es\/index.php?rest_route=\/wp\/v2\/product\/17330\/revisions\/17332"}],"wp:featuredmedia":[{"embeddable":true,"href":"https:\/\/www.comercialanma.es\/index.php?rest_route=\/wp\/v2\/media\/17331"}],"wp:attachment":[{"href":"https:\/\/www.comercialanma.es\/index.php?rest_route=%2Fwp%2Fv2%2Fmedia&parent=17330"}],"curies":[{"name":"wp","href":"https:\/\/api.w.org\/{rel}","templated":true}]}}

Paté Ibérico de Pimentón de la Vera La Ribereña 100gr.

<p>Marca: La Ribereña</p>
<p>Formato: Tarro</p>
<p>Cantidad: 100gr.</p>
<p>&nbsp;</p>

<p>Paté Ibérico pimenton de la vera | 100gr.| La Ribereña |</p>
<p>El paté es un alimento que puede servir tanto para introducirlo como parte de una receta al cocinar, o como aperitivo o acompañamiento. Su uso está muy extendido, por eso, es normal querer saber qué es el paté y cómo se hace.</p>
<p>Por su textura, el paté se puede untar en galletas o sobre el pan, convirtiéndose en un pequeño plato para abrir boca antes de una comida. Es una buena opción para aliviar al estómago cuando hay hambre y no puedes esperar al plato fuerte.</p>

<!-- This site is optimized with the Yoast SEO plugin v15.9 - https://yoast.com/wordpress/plugins/seo/ -->
<title>Paté Ibérico de Pimentón de la Vera La Ribereña 100gr. - Comercial de Hosteleria Anma</title>
<meta name="description" content="Paté Ibérico pimenton de la vera | 100gr.| La Ribereña | Alimento que puede servir para receta al cocinar, como aperitivo o acompañamiento." />
<meta name="robots" content="index, follow, max-snippet:-1, max-image-preview:large, max-video-preview:-1" />
<link rel="canonical" href="https://www.comercialanma.es/?product=pate-iberico-pimenton-riberena" />
<meta property="og:locale" content="es_ES" />
<meta property="og:type" content="article" />
<meta property="og:title" content="Paté Ibérico de Pimentón de la Vera La Ribereña 100gr. - Comercial de Hosteleria Anma" />
<meta property="og:description" content="Paté Ibérico pimenton de la vera | 100gr.| La Ribereña | Alimento que puede servir para receta al cocinar, como aperitivo o acompañamiento." />
<meta property="og:url" content="https://www.comercialanma.es/?product=pate-iberico-pimenton-riberena" />
<meta property="og:site_name" content="Comercial de Hosteleria Anma" />
<meta property="article:publisher" content="https://www.facebook.com/AnmaHosteleria" />
<meta property="article:modified_time" content="2021-07-08T10:44:21+00:00" />
<meta property="og:image" content="https://i0.wp.com/www.comercialanma.es/wp-content/uploads/2021/07/pate-iberico-al-pimenton-de-la-vera.jpg?fit=1080%2C1080&#038;ssl=1" />
	<meta property="og:image:width" content="1080" />
	<meta property="og:image:height" content="1080" />
<meta name="twitter:card" content="summary_large_image" />
<meta name="twitter:label1" content="Tiempo de lectura">
	<meta name="twitter:data1" content="1 minuto">
<script type="application/ld+json" class="yoast-schema-graph">{"@context":"https://schema.org","@graph":[{"@type":"Organization","@id":"https://www.comercialanma.es/#organization","name":"Comercial Anma","url":"https://www.comercialanma.es/","sameAs":["https://www.facebook.com/AnmaHosteleria","https://www.instagram.com/anmahosteleria/?hl=es","https://www.youtube.com/channel/UCT2nmn08Ntks0hmpZPnDgCA"],"logo":{"@type":"ImageObject","@id":"https://www.comercialanma.es/#logo","inLanguage":"es","url":"https://i2.wp.com/www.comercialanma.es/wp-content/uploads/2019/06/logo-anma-color.png?fit=247%2C101&ssl=1","width":247,"height":101,"caption":"Comercial Anma"},"image":{"@id":"https://www.comercialanma.es/#logo"}},{"@type":"WebSite","@id":"https://www.comercialanma.es/#website","url":"https://www.comercialanma.es/","name":"Comercial de Hosteleria Anma","description":"","publisher":{"@id":"https://www.comercialanma.es/#organization"},"potentialAction":[{"@type":"SearchAction","target":"https://www.comercialanma.es/?s={search_term_string}","query-input":"required name=search_term_string"}],"inLanguage":"es"},{"@type":"ImageObject","@id":"https://www.comercialanma.es/?product=pate-iberico-pimenton-riberena#primaryimage","inLanguage":"es","url":"https://i0.wp.com/www.comercialanma.es/wp-content/uploads/2021/07/pate-iberico-al-pimenton-de-la-vera.jpg?fit=1080%2C1080&ssl=1","width":1080,"height":1080},{"@type":"WebPage","@id":"https://www.comercialanma.es/?product=pate-iberico-pimenton-riberena#webpage","url":"https://www.comercialanma.es/?product=pate-iberico-pimenton-riberena","name":"Pat\u00e9 Ib\u00e9rico de Piment\u00f3n de la Vera La Ribere\u00f1a 100gr. - Comercial de Hosteleria Anma","isPartOf":{"@id":"https://www.comercialanma.es/#website"},"primaryImageOfPage":{"@id":"https://www.comercialanma.es/?product=pate-iberico-pimenton-riberena#primaryimage"},"datePublished":"2021-07-08T10:40:45+00:00","dateModified":"2021-07-08T10:44:21+00:00","description":"Pat\u00e9 Ib\u00e9rico pimenton de la vera | 100gr.| La Ribere\u00f1a | Alimento que puede servir para receta al cocinar, como aperitivo o acompa\u00f1amiento.","breadcrumb":{"@id":"https://www.comercialanma.es/?product=pate-iberico-pimenton-riberena#breadcrumb"},"inLanguage":"es","potentialAction":[{"@type":"ReadAction","target":["https://www.comercialanma.es/?product=pate-iberico-pimenton-riberena"]}]},{"@type":"BreadcrumbList","@id":"https://www.comercialanma.es/?product=pate-iberico-pimenton-riberena#breadcrumb","itemListElement":[{"@type":"ListItem","position":1,"item":{"@type":"WebPage","@id":"https://www.comercialanma.es/","url":"https://www.comercialanma.es/","name":"Portada"}},{"@type":"ListItem","position":2,"item":{"@type":"WebPage","@id":"https://www.comercialanma.es/?page_id=3963","url":"https://www.comercialanma.es/?page_id=3963","name":"Cat\u00e1logo de Productos"}},{"@type":"ListItem","position":3,"item":{"@type":"WebPage","@id":"https://www.comercialanma.es/?product=pate-iberico-pimenton-riberena","url":"https://www.comercialanma.es/?product=pate-iberico-pimenton-riberena","name":"Pat\u00e9 Ib\u00e9rico de Piment\u00f3n de la Vera La Ribere\u00f1a 100gr."}}]}]}</script>
<!-- / Yoast SEO plugin. -->
