
{"id":17450,"date":"2021-07-13T11:04:22","date_gmt":"2021-07-13T09:04:22","guid":{"rendered":"https:\/\/www.comercialanma.es\/?post_type=product&#038;p=17450"},"modified":"2021-07-13T11:13:03","modified_gmt":"2021-07-13T09:13:03","slug":"grasa-profesional-25","status":"publish","type":"product","link":"https:\/\/www.comercialanma.es\/?product=grasa-profesional-25","title":{"rendered":"Grasa Profesional Mill\u00e1s 25L."},"content":{"rendered":"<p>Marca: Mill\u00e1s<\/p>\n<p>Formato: Bid\u00f3n<\/p>\n<p>Cantindad: 25L.<\/p>\n","protected":false},"excerpt":{"rendered":"<div>\n<p>En las \u00e9pocas m\u00e1s fr\u00edas del a\u00f1o requiere de una fuente de calor pr\u00f3xima para deshacer aquella grasa en la que se ha convertido el aceite. A\u00fan as\u00ed es m\u00e1s fluido que una grasa.<\/p>\n<p>Resiste tambi\u00e9n altas temperaturas, aunque no tan prolongadamente como el Superfrid, as\u00ed conseguimos frituras menos oleosas y m\u00e1s saludables.<\/p>\n<p>No da sabor ni olor, solo cumple su funci\u00f3n de fre\u00edr.<\/p>\n<p>Es de f\u00e1cil manipulaci\u00f3n envasado en bid\u00f3n.<\/p>\n<\/div>\n","protected":false},"featured_media":17451,"template":"","meta":{"spay_email":""},"yoast_head":"<!-- This site is optimized with the Yoast SEO plugin v15.9 - https:\/\/yoast.com\/wordpress\/plugins\/seo\/ -->\n<title>Grasa Profesional Mill\u00e1s 25L. - Comercial de Hosteleria Anma<\/title>\n<meta name=\"description\" content=\"Grasa profesional Mill\u00e1s | 25L. | M\u00e1s fluido que una grasa. Resiste altas temperaturas. Frituras menos oleosas y m\u00e1s saludables.\" \/>\n<meta name=\"robots\" content=\"index, follow, max-snippet:-1, max-image-preview:large, max-video-preview:-1\" \/>\n<link rel=\"canonical\" href=\"https:\/\/www.comercialanma.es\/?product=grasa-profesional-25\" \/>\n<meta property=\"og:locale\" content=\"es_ES\" \/>\n<meta property=\"og:type\" content=\"article\" \/>\n<meta property=\"og:title\" content=\"Grasa Profesional Mill\u00e1s 25L. - Comercial de Hosteleria Anma\" \/>\n<meta property=\"og:description\" content=\"Grasa profesional Mill\u00e1s | 25L. | M\u00e1s fluido que una grasa. Resiste altas temperaturas. Frituras menos oleosas y m\u00e1s saludables.\" \/>\n<meta property=\"og:url\" content=\"https:\/\/www.comercialanma.es\/?product=grasa-profesional-25\" \/>\n<meta property=\"og:site_name\" content=\"Comercial de Hosteleria Anma\" \/>\n<meta property=\"article:publisher\" content=\"https:\/\/www.facebook.com\/AnmaHosteleria\" \/>\n<meta property=\"article:modified_time\" content=\"2021-07-13T09:13:03+00:00\" \/>\n<meta property=\"og:image\" content=\"https:\/\/i1.wp.com\/www.comercialanma.es\/wp-content\/uploads\/2021\/07\/grasa-profesional-25l-millas.jpg?fit=1080%2C1080&#038;ssl=1\" \/>\n\t<meta property=\"og:image:width\" content=\"1080\" \/>\n\t<meta property=\"og:image:height\" content=\"1080\" \/>\n<meta name=\"twitter:card\" content=\"summary_large_image\" \/>\n<meta name=\"twitter:label1\" content=\"Tiempo de lectura\">\n\t<meta name=\"twitter:data1\" content=\"1 minuto\">\n<script type=\"application\/ld+json\" class=\"yoast-schema-graph\">{\"@context\":\"https:\/\/schema.org\",\"@graph\":[{\"@type\":\"Organization\",\"@id\":\"https:\/\/www.comercialanma.es\/#organization\",\"name\":\"Comercial Anma\",\"url\":\"https:\/\/www.comercialanma.es\/\",\"sameAs\":[\"https:\/\/www.facebook.com\/AnmaHosteleria\",\"https:\/\/www.instagram.com\/anmahosteleria\/?hl=es\",\"https:\/\/www.youtube.com\/channel\/UCT2nmn08Ntks0hmpZPnDgCA\"],\"logo\":{\"@type\":\"ImageObject\",\"@id\":\"https:\/\/www.comercialanma.es\/#logo\",\"inLanguage\":\"es\",\"url\":\"https:\/\/i2.wp.com\/www.comercialanma.es\/wp-content\/uploads\/2019\/06\/logo-anma-color.png?fit=247%2C101&ssl=1\",\"width\":247,\"height\":101,\"caption\":\"Comercial Anma\"},\"image\":{\"@id\":\"https:\/\/www.comercialanma.es\/#logo\"}},{\"@type\":\"WebSite\",\"@id\":\"https:\/\/www.comercialanma.es\/#website\",\"url\":\"https:\/\/www.comercialanma.es\/\",\"name\":\"Comercial de Hosteleria Anma\",\"description\":\"\",\"publisher\":{\"@id\":\"https:\/\/www.comercialanma.es\/#organization\"},\"potentialAction\":[{\"@type\":\"SearchAction\",\"target\":\"https:\/\/www.comercialanma.es\/?s={search_term_string}\",\"query-input\":\"required name=search_term_string\"}],\"inLanguage\":\"es\"},{\"@type\":\"ImageObject\",\"@id\":\"https:\/\/www.comercialanma.es\/?product=grasa-profesional-25#primaryimage\",\"inLanguage\":\"es\",\"url\":\"https:\/\/i1.wp.com\/www.comercialanma.es\/wp-content\/uploads\/2021\/07\/grasa-profesional-25l-millas.jpg?fit=1080%2C1080&ssl=1\",\"width\":1080,\"height\":1080},{\"@type\":\"WebPage\",\"@id\":\"https:\/\/www.comercialanma.es\/?product=grasa-profesional-25#webpage\",\"url\":\"https:\/\/www.comercialanma.es\/?product=grasa-profesional-25\",\"name\":\"Grasa Profesional Mill\\u00e1s 25L. - Comercial de Hosteleria Anma\",\"isPartOf\":{\"@id\":\"https:\/\/www.comercialanma.es\/#website\"},\"primaryImageOfPage\":{\"@id\":\"https:\/\/www.comercialanma.es\/?product=grasa-profesional-25#primaryimage\"},\"datePublished\":\"2021-07-13T09:04:22+00:00\",\"dateModified\":\"2021-07-13T09:13:03+00:00\",\"description\":\"Grasa profesional Mill\\u00e1s | 25L. | M\\u00e1s fluido que una grasa. Resiste altas temperaturas. Frituras menos oleosas y m\\u00e1s saludables.\",\"breadcrumb\":{\"@id\":\"https:\/\/www.comercialanma.es\/?product=grasa-profesional-25#breadcrumb\"},\"inLanguage\":\"es\",\"potentialAction\":[{\"@type\":\"ReadAction\",\"target\":[\"https:\/\/www.comercialanma.es\/?product=grasa-profesional-25\"]}]},{\"@type\":\"BreadcrumbList\",\"@id\":\"https:\/\/www.comercialanma.es\/?product=grasa-profesional-25#breadcrumb\",\"itemListElement\":[{\"@type\":\"ListItem\",\"position\":1,\"item\":{\"@type\":\"WebPage\",\"@id\":\"https:\/\/www.comercialanma.es\/\",\"url\":\"https:\/\/www.comercialanma.es\/\",\"name\":\"Portada\"}},{\"@type\":\"ListItem\",\"position\":2,\"item\":{\"@type\":\"WebPage\",\"@id\":\"https:\/\/www.comercialanma.es\/?page_id=3963\",\"url\":\"https:\/\/www.comercialanma.es\/?page_id=3963\",\"name\":\"Cat\\u00e1logo de Productos\"}},{\"@type\":\"ListItem\",\"position\":3,\"item\":{\"@type\":\"WebPage\",\"@id\":\"https:\/\/www.comercialanma.es\/?product=grasa-profesional-25\",\"url\":\"https:\/\/www.comercialanma.es\/?product=grasa-profesional-25\",\"name\":\"Grasa Profesional Mill\\u00e1s 25L.\"}}]}]}<\/script>\n<!-- \/ Yoast SEO plugin. -->","_links":{"self":[{"href":"https:\/\/www.comercialanma.es\/index.php?rest_route=\/wp\/v2\/product\/17450"}],"collection":[{"href":"https:\/\/www.comercialanma.es\/index.php?rest_route=\/wp\/v2\/product"}],"about":[{"href":"https:\/\/www.comercialanma.es\/index.php?rest_route=\/wp\/v2\/types\/product"}],"version-history":[{"count":1,"href":"https:\/\/www.comercialanma.es\/index.php?rest_route=\/wp\/v2\/product\/17450\/revisions"}],"predecessor-version":[{"id":17452,"href":"https:\/\/www.comercialanma.es\/index.php?rest_route=\/wp\/v2\/product\/17450\/revisions\/17452"}],"wp:featuredmedia":[{"embeddable":true,"href":"https:\/\/www.comercialanma.es\/index.php?rest_route=\/wp\/v2\/media\/17451"}],"wp:attachment":[{"href":"https:\/\/www.comercialanma.es\/index.php?rest_route=%2Fwp%2Fv2%2Fmedia&parent=17450"}],"curies":[{"name":"wp","href":"https:\/\/api.w.org\/{rel}","templated":true}]}}