
{"id":17541,"date":"2021-07-14T17:42:22","date_gmt":"2021-07-14T15:42:22","guid":{"rendered":"https:\/\/www.comercialanma.es\/?post_type=product&#038;p=17541"},"modified":"2021-07-14T17:47:38","modified_gmt":"2021-07-14T15:47:38","slug":"mermelada-helios-frambuesa-340gr","status":"publish","type":"product","link":"https:\/\/www.comercialanma.es\/?product=mermelada-helios-frambuesa-340gr","title":{"rendered":"Mermelada Helios Frambuesa 340gr."},"content":{"rendered":"<p>Marca: Helios<\/p>\n<p>Cantidad: 340gr.<\/p>\n<p>Formato: tarro cristal<\/p>\n<p>Producto sin gluten<\/p>\n<p>Ingredientes: Frambuesa, az\u00facar, espesante: pectina, acidulante: \u00e1cido c\u00edtrico.<\/p>\n","protected":false},"excerpt":{"rendered":"<div class=\"col span_12 left\">\n<div class=\"vc_col-sm-12 wpb_column column_container vc_column_container col has-animation no-extra-padding instance-2 animated-in\" data-bg-cover=\"\" data-padding-pos=\"all\" data-has-bg-color=\"false\" data-bg-color=\"\" data-bg-opacity=\"1\" data-hover-bg=\"\" data-hover-bg-opacity=\"1\" data-animation=\"fade-in-from-bottom\" data-delay=\"300\">\n<div class=\"vc_column-inner\">\n<div class=\"wpb_wrapper\">\n<div>\n<p>Mermelada de Frambuesa | Helios | 340gr.|<\/p>\n<div class=\"dscp-smll mhide\">\n<div class=\"dscp-smll mhide\">\n<p>Mermelada de frambuesa elaborada con 91\u00a0frambuesas del campo de Huelva.\u00a0C\u00e1lculo estimado en base a un promedio de 2g por frambuesa.\u00a0Sin colorantes ni conservadores.<\/p>\n<\/div>\n<\/div>\n<p>&nbsp;<\/p>\n<\/div>\n<\/div>\n<\/div>\n<\/div>\n<\/div>\n","protected":false},"featured_media":17542,"template":"","meta":{"spay_email":""},"yoast_head":"<!-- This site is optimized with the Yoast SEO plugin v15.9 - https:\/\/yoast.com\/wordpress\/plugins\/seo\/ -->\n<title>Mermelada Helios Frambuesa 340gr. - Comercial de Hosteleria Anma<\/title>\n<meta name=\"description\" content=\"Mermelada de Frambuesa | Helios | 340gr.| Mermelada de frambuesa elaborada con 91\u00a0frambuesas del campo de Huelva.\" \/>\n<meta name=\"robots\" content=\"index, follow, max-snippet:-1, max-image-preview:large, max-video-preview:-1\" \/>\n<link rel=\"canonical\" href=\"https:\/\/www.comercialanma.es\/?product=mermelada-helios-frambuesa-340gr\" \/>\n<meta property=\"og:locale\" content=\"es_ES\" \/>\n<meta property=\"og:type\" content=\"article\" \/>\n<meta property=\"og:title\" content=\"Mermelada Helios Frambuesa 340gr. - Comercial de Hosteleria Anma\" \/>\n<meta property=\"og:description\" content=\"Mermelada de Frambuesa | Helios | 340gr.| Mermelada de frambuesa elaborada con 91\u00a0frambuesas del campo de Huelva.\" \/>\n<meta property=\"og:url\" content=\"https:\/\/www.comercialanma.es\/?product=mermelada-helios-frambuesa-340gr\" \/>\n<meta property=\"og:site_name\" content=\"Comercial de Hosteleria Anma\" \/>\n<meta property=\"article:publisher\" content=\"https:\/\/www.facebook.com\/AnmaHosteleria\" \/>\n<meta property=\"article:modified_time\" content=\"2021-07-14T15:47:38+00:00\" \/>\n<meta property=\"og:image\" content=\"https:\/\/i0.wp.com\/www.comercialanma.es\/wp-content\/uploads\/2021\/07\/mermelada-frambuesa-helios-340.jpg?fit=1080%2C1080&#038;ssl=1\" \/>\n\t<meta property=\"og:image:width\" content=\"1080\" \/>\n\t<meta property=\"og:image:height\" content=\"1080\" \/>\n<meta name=\"twitter:card\" content=\"summary_large_image\" \/>\n<meta name=\"twitter:label1\" content=\"Tiempo de lectura\">\n\t<meta name=\"twitter:data1\" content=\"1 minuto\">\n<script type=\"application\/ld+json\" class=\"yoast-schema-graph\">{\"@context\":\"https:\/\/schema.org\",\"@graph\":[{\"@type\":\"Organization\",\"@id\":\"https:\/\/www.comercialanma.es\/#organization\",\"name\":\"Comercial Anma\",\"url\":\"https:\/\/www.comercialanma.es\/\",\"sameAs\":[\"https:\/\/www.facebook.com\/AnmaHosteleria\",\"https:\/\/www.instagram.com\/anmahosteleria\/?hl=es\",\"https:\/\/www.youtube.com\/channel\/UCT2nmn08Ntks0hmpZPnDgCA\"],\"logo\":{\"@type\":\"ImageObject\",\"@id\":\"https:\/\/www.comercialanma.es\/#logo\",\"inLanguage\":\"es\",\"url\":\"https:\/\/i2.wp.com\/www.comercialanma.es\/wp-content\/uploads\/2019\/06\/logo-anma-color.png?fit=247%2C101&ssl=1\",\"width\":247,\"height\":101,\"caption\":\"Comercial Anma\"},\"image\":{\"@id\":\"https:\/\/www.comercialanma.es\/#logo\"}},{\"@type\":\"WebSite\",\"@id\":\"https:\/\/www.comercialanma.es\/#website\",\"url\":\"https:\/\/www.comercialanma.es\/\",\"name\":\"Comercial de Hosteleria Anma\",\"description\":\"\",\"publisher\":{\"@id\":\"https:\/\/www.comercialanma.es\/#organization\"},\"potentialAction\":[{\"@type\":\"SearchAction\",\"target\":\"https:\/\/www.comercialanma.es\/?s={search_term_string}\",\"query-input\":\"required name=search_term_string\"}],\"inLanguage\":\"es\"},{\"@type\":\"ImageObject\",\"@id\":\"https:\/\/www.comercialanma.es\/?product=mermelada-helios-frambuesa-340gr#primaryimage\",\"inLanguage\":\"es\",\"url\":\"https:\/\/i0.wp.com\/www.comercialanma.es\/wp-content\/uploads\/2021\/07\/mermelada-frambuesa-helios-340.jpg?fit=1080%2C1080&ssl=1\",\"width\":1080,\"height\":1080},{\"@type\":\"WebPage\",\"@id\":\"https:\/\/www.comercialanma.es\/?product=mermelada-helios-frambuesa-340gr#webpage\",\"url\":\"https:\/\/www.comercialanma.es\/?product=mermelada-helios-frambuesa-340gr\",\"name\":\"Mermelada Helios Frambuesa 340gr. - Comercial de Hosteleria Anma\",\"isPartOf\":{\"@id\":\"https:\/\/www.comercialanma.es\/#website\"},\"primaryImageOfPage\":{\"@id\":\"https:\/\/www.comercialanma.es\/?product=mermelada-helios-frambuesa-340gr#primaryimage\"},\"datePublished\":\"2021-07-14T15:42:22+00:00\",\"dateModified\":\"2021-07-14T15:47:38+00:00\",\"description\":\"Mermelada de Frambuesa | Helios | 340gr.| Mermelada de frambuesa elaborada con 91\\u00a0frambuesas del campo de Huelva.\",\"breadcrumb\":{\"@id\":\"https:\/\/www.comercialanma.es\/?product=mermelada-helios-frambuesa-340gr#breadcrumb\"},\"inLanguage\":\"es\",\"potentialAction\":[{\"@type\":\"ReadAction\",\"target\":[\"https:\/\/www.comercialanma.es\/?product=mermelada-helios-frambuesa-340gr\"]}]},{\"@type\":\"BreadcrumbList\",\"@id\":\"https:\/\/www.comercialanma.es\/?product=mermelada-helios-frambuesa-340gr#breadcrumb\",\"itemListElement\":[{\"@type\":\"ListItem\",\"position\":1,\"item\":{\"@type\":\"WebPage\",\"@id\":\"https:\/\/www.comercialanma.es\/\",\"url\":\"https:\/\/www.comercialanma.es\/\",\"name\":\"Portada\"}},{\"@type\":\"ListItem\",\"position\":2,\"item\":{\"@type\":\"WebPage\",\"@id\":\"https:\/\/www.comercialanma.es\/?page_id=3963\",\"url\":\"https:\/\/www.comercialanma.es\/?page_id=3963\",\"name\":\"Cat\\u00e1logo de Productos\"}},{\"@type\":\"ListItem\",\"position\":3,\"item\":{\"@type\":\"WebPage\",\"@id\":\"https:\/\/www.comercialanma.es\/?product=mermelada-helios-frambuesa-340gr\",\"url\":\"https:\/\/www.comercialanma.es\/?product=mermelada-helios-frambuesa-340gr\",\"name\":\"Mermelada Helios Frambuesa 340gr.\"}}]}]}<\/script>\n<!-- \/ Yoast SEO plugin. -->","_links":{"self":[{"href":"https:\/\/www.comercialanma.es\/index.php?rest_route=\/wp\/v2\/product\/17541"}],"collection":[{"href":"https:\/\/www.comercialanma.es\/index.php?rest_route=\/wp\/v2\/product"}],"about":[{"href":"https:\/\/www.comercialanma.es\/index.php?rest_route=\/wp\/v2\/types\/product"}],"version-history":[{"count":1,"href":"https:\/\/www.comercialanma.es\/index.php?rest_route=\/wp\/v2\/product\/17541\/revisions"}],"predecessor-version":[{"id":17543,"href":"https:\/\/www.comercialanma.es\/index.php?rest_route=\/wp\/v2\/product\/17541\/revisions\/17543"}],"wp:featuredmedia":[{"embeddable":true,"href":"https:\/\/www.comercialanma.es\/index.php?rest_route=\/wp\/v2\/media\/17542"}],"wp:attachment":[{"href":"https:\/\/www.comercialanma.es\/index.php?rest_route=%2Fwp%2Fv2%2Fmedia&parent=17541"}],"curies":[{"name":"wp","href":"https:\/\/api.w.org\/{rel}","templated":true}]}}

<p>Marca: Helios</p>
<p>Cantidad: 340gr.</p>
<p>Formato: tarro cristal</p>
<p>Producto sin gluten</p>
<p>Ingredientes: Frambuesa, azúcar, espesante: pectina, acidulante: ácido cítrico.</p>

<div class="col span_12 left">
<div class="vc_col-sm-12 wpb_column column_container vc_column_container col has-animation no-extra-padding instance-2 animated-in" data-bg-cover="" data-padding-pos="all" data-has-bg-color="false" data-bg-color="" data-bg-opacity="1" data-hover-bg="" data-hover-bg-opacity="1" data-animation="fade-in-from-bottom" data-delay="300">
<div class="vc_column-inner">
<div class="wpb_wrapper">
<div>
<p>Mermelada de Frambuesa | Helios | 340gr.|</p>
<div class="dscp-smll mhide">
<div class="dscp-smll mhide">
<p>Mermelada de frambuesa elaborada con 91 frambuesas del campo de Huelva. Cálculo estimado en base a un promedio de 2g por frambuesa. Sin colorantes ni conservadores.</p>
</div>
</div>
<p>&nbsp;</p>
</div>
</div>
</div>
</div>
</div>
