
{"id":17733,"date":"2021-07-21T10:49:05","date_gmt":"2021-07-21T08:49:05","guid":{"rendered":"https:\/\/www.comercialanma.es\/?post_type=product&#038;p=17733"},"modified":"2025-10-03T17:27:11","modified_gmt":"2025-10-03T15:27:11","slug":"berberechos-baymar-25-35","status":"publish","type":"product","link":"https:\/\/www.comercialanma.es\/?product=berberechos-baymar-25-35","title":{"rendered":"Berberechos Baymar 25\/35 al natural R\u00edas Gallegas 120gr."},"content":{"rendered":"<p>Marca: Baymar<\/p>\n<p>Descripci\u00f3n: Berberechos al natural R\u00edas Gallegas grande<\/p>\n<p>Cantidad: 25\/35 piezas<\/p>\n","protected":false},"excerpt":{"rendered":"<p>Berberechos al natural | 25\/35 | 120gr. | Baymar |<\/p>\n<p>El berberecho es un molusco muy apreciado que se caracteriza por estar constantemente filtrando agua. Por eso mantiene un sabor a mar caracter\u00edstico y son tan importantes las aguas donde se encuentre, ya que determinan su sabor<\/p>\n<p>Son un alimento muy ligero, rico en yodo y en hierro, y que adem\u00e1s contienen calcio, magnesio, f\u00f3sforo y potasio; tambi\u00e9n es fuente de vitaminas como el retinol, la tiamina y la riboflavina. Son nutricionalmente muy completos. Aportan gran cantidad de prote\u00ednas, nada de hidratos de carbono, muy pocas calor\u00edas, y pr\u00e1cticamente nada de grasa ni de colesterol. Ello los convierte en un alimento ideal para alimentarse sin engordar, perfectos para una dieta sana y equilibrada.<\/p>\n<p>&nbsp;<\/p>\n<p>&nbsp;<\/p>\n","protected":false},"featured_media":24464,"template":"","meta":{"spay_email":""},"yoast_head":"<!-- This site is optimized with the Yoast SEO plugin v15.9 - https:\/\/yoast.com\/wordpress\/plugins\/seo\/ -->\n<title>Berberechos Baymar 25\/35 al natural R\u00edas Gallegas 120gr. - Comercial de Hosteleria Anma<\/title>\n<meta name=\"description\" content=\"Berberechos al natural | 25\/35 | 120gr. | Baymar | Berberecho pescado artesanalmente a mano de las R\u00edas Gallegas.\" \/>\n<meta name=\"robots\" content=\"index, follow, max-snippet:-1, max-image-preview:large, max-video-preview:-1\" \/>\n<link rel=\"canonical\" href=\"https:\/\/www.comercialanma.es\/?product=berberechos-baymar-25-35\" \/>\n<meta property=\"og:locale\" content=\"es_ES\" \/>\n<meta property=\"og:type\" content=\"article\" \/>\n<meta property=\"og:title\" content=\"Berberechos Baymar 25\/35 al natural R\u00edas Gallegas 120gr. - Comercial de Hosteleria Anma\" \/>\n<meta property=\"og:description\" content=\"Berberechos al natural | 25\/35 | 120gr. | Baymar | Berberecho pescado artesanalmente a mano de las R\u00edas Gallegas.\" \/>\n<meta property=\"og:url\" content=\"https:\/\/www.comercialanma.es\/?product=berberechos-baymar-25-35\" \/>\n<meta property=\"og:site_name\" content=\"Comercial de Hosteleria Anma\" \/>\n<meta property=\"article:publisher\" content=\"https:\/\/www.facebook.com\/AnmaHosteleria\" \/>\n<meta property=\"article:modified_time\" content=\"2025-10-03T15:27:11+00:00\" \/>\n<meta property=\"og:image\" content=\"https:\/\/i0.wp.com\/www.comercialanma.es\/wp-content\/uploads\/2021\/07\/berberecho-baymar-el-gigante-2535.jpg?fit=1080%2C1080&#038;ssl=1\" \/>\n\t<meta property=\"og:image:width\" content=\"1080\" \/>\n\t<meta property=\"og:image:height\" content=\"1080\" \/>\n<meta name=\"twitter:card\" content=\"summary_large_image\" \/>\n<meta name=\"twitter:label1\" content=\"Tiempo de lectura\">\n\t<meta name=\"twitter:data1\" content=\"1 minuto\">\n<script type=\"application\/ld+json\" class=\"yoast-schema-graph\">{\"@context\":\"https:\/\/schema.org\",\"@graph\":[{\"@type\":\"Organization\",\"@id\":\"https:\/\/www.comercialanma.es\/#organization\",\"name\":\"Comercial Anma\",\"url\":\"https:\/\/www.comercialanma.es\/\",\"sameAs\":[\"https:\/\/www.facebook.com\/AnmaHosteleria\",\"https:\/\/www.instagram.com\/anmahosteleria\/?hl=es\",\"https:\/\/www.youtube.com\/channel\/UCT2nmn08Ntks0hmpZPnDgCA\"],\"logo\":{\"@type\":\"ImageObject\",\"@id\":\"https:\/\/www.comercialanma.es\/#logo\",\"inLanguage\":\"es\",\"url\":\"https:\/\/i2.wp.com\/www.comercialanma.es\/wp-content\/uploads\/2019\/06\/logo-anma-color.png?fit=247%2C101&ssl=1\",\"width\":247,\"height\":101,\"caption\":\"Comercial Anma\"},\"image\":{\"@id\":\"https:\/\/www.comercialanma.es\/#logo\"}},{\"@type\":\"WebSite\",\"@id\":\"https:\/\/www.comercialanma.es\/#website\",\"url\":\"https:\/\/www.comercialanma.es\/\",\"name\":\"Comercial de Hosteleria Anma\",\"description\":\"\",\"publisher\":{\"@id\":\"https:\/\/www.comercialanma.es\/#organization\"},\"potentialAction\":[{\"@type\":\"SearchAction\",\"target\":\"https:\/\/www.comercialanma.es\/?s={search_term_string}\",\"query-input\":\"required name=search_term_string\"}],\"inLanguage\":\"es\"},{\"@type\":\"ImageObject\",\"@id\":\"https:\/\/www.comercialanma.es\/?product=berberechos-baymar-25-35#primaryimage\",\"inLanguage\":\"es\",\"url\":\"https:\/\/i0.wp.com\/www.comercialanma.es\/wp-content\/uploads\/2021\/07\/berberecho-baymar-el-gigante-2535.jpg?fit=1080%2C1080&ssl=1\",\"width\":1080,\"height\":1080},{\"@type\":\"WebPage\",\"@id\":\"https:\/\/www.comercialanma.es\/?product=berberechos-baymar-25-35#webpage\",\"url\":\"https:\/\/www.comercialanma.es\/?product=berberechos-baymar-25-35\",\"name\":\"Berberechos Baymar 25\/35 al natural R\\u00edas Gallegas 120gr. - Comercial de Hosteleria Anma\",\"isPartOf\":{\"@id\":\"https:\/\/www.comercialanma.es\/#website\"},\"primaryImageOfPage\":{\"@id\":\"https:\/\/www.comercialanma.es\/?product=berberechos-baymar-25-35#primaryimage\"},\"datePublished\":\"2021-07-21T08:49:05+00:00\",\"dateModified\":\"2025-10-03T15:27:11+00:00\",\"description\":\"Berberechos al natural | 25\/35 | 120gr. | Baymar | Berberecho pescado artesanalmente a mano de las R\\u00edas Gallegas.\",\"breadcrumb\":{\"@id\":\"https:\/\/www.comercialanma.es\/?product=berberechos-baymar-25-35#breadcrumb\"},\"inLanguage\":\"es\",\"potentialAction\":[{\"@type\":\"ReadAction\",\"target\":[\"https:\/\/www.comercialanma.es\/?product=berberechos-baymar-25-35\"]}]},{\"@type\":\"BreadcrumbList\",\"@id\":\"https:\/\/www.comercialanma.es\/?product=berberechos-baymar-25-35#breadcrumb\",\"itemListElement\":[{\"@type\":\"ListItem\",\"position\":1,\"item\":{\"@type\":\"WebPage\",\"@id\":\"https:\/\/www.comercialanma.es\/\",\"url\":\"https:\/\/www.comercialanma.es\/\",\"name\":\"Portada\"}},{\"@type\":\"ListItem\",\"position\":2,\"item\":{\"@type\":\"WebPage\",\"@id\":\"https:\/\/www.comercialanma.es\/?page_id=3963\",\"url\":\"https:\/\/www.comercialanma.es\/?page_id=3963\",\"name\":\"Cat\\u00e1logo de Productos\"}},{\"@type\":\"ListItem\",\"position\":3,\"item\":{\"@type\":\"WebPage\",\"@id\":\"https:\/\/www.comercialanma.es\/?product=berberechos-baymar-25-35\",\"url\":\"https:\/\/www.comercialanma.es\/?product=berberechos-baymar-25-35\",\"name\":\"Berberechos Baymar 25\/35 al natural R\\u00edas Gallegas 120gr.\"}}]}]}<\/script>\n<!-- \/ Yoast SEO plugin. -->","_links":{"self":[{"href":"https:\/\/www.comercialanma.es\/index.php?rest_route=\/wp\/v2\/product\/17733"}],"collection":[{"href":"https:\/\/www.comercialanma.es\/index.php?rest_route=\/wp\/v2\/product"}],"about":[{"href":"https:\/\/www.comercialanma.es\/index.php?rest_route=\/wp\/v2\/types\/product"}],"version-history":[{"count":1,"href":"https:\/\/www.comercialanma.es\/index.php?rest_route=\/wp\/v2\/product\/17733\/revisions"}],"predecessor-version":[{"id":17735,"href":"https:\/\/www.comercialanma.es\/index.php?rest_route=\/wp\/v2\/product\/17733\/revisions\/17735"}],"wp:featuredmedia":[{"embeddable":true,"href":"https:\/\/www.comercialanma.es\/index.php?rest_route=\/wp\/v2\/media\/24464"}],"wp:attachment":[{"href":"https:\/\/www.comercialanma.es\/index.php?rest_route=%2Fwp%2Fv2%2Fmedia&parent=17733"}],"curies":[{"name":"wp","href":"https:\/\/api.w.org\/{rel}","templated":true}]}}