
{"id":17736,"date":"2021-07-21T10:56:47","date_gmt":"2021-07-21T08:56:47","guid":{"rendered":"https:\/\/www.comercialanma.es\/?post_type=product&#038;p=17736"},"modified":"2021-07-21T11:22:39","modified_gmt":"2021-07-21T09:22:39","slug":"mejillones-dardo-escabeche-picante-12-16","status":"publish","type":"product","link":"https:\/\/www.comercialanma.es\/?product=mejillones-dardo-escabeche-picante-12-16","title":{"rendered":"Mejillones Dardo 12\/16 en escabeche Picante 120gr."},"content":{"rendered":"<p>Marca: Dardo<\/p>\n<p>Descripci\u00f3n: Mejillones en escabeche picante<\/p>\n<p>Cantidad: 12\/16<\/p>\n","protected":false},"excerpt":{"rendered":"<p>Mejillones en escabeche picante | 12\/16 | Dardo | 120gr.|<\/p>\n<p>Los Mejillones en escabeche picante de Dardo\u00a0provienen exclusivamente de las\u00a0 R\u00edas Gallegas, cada lata contiene entre 12 y 16 mejillones. El mejill\u00f3n de las R\u00edas Gallegas tiene un alto contenido en sales minerales y micronutrientes. Estos mejillones han sido seleccionados a mano y fritos en aceite de oliva. (los meses de m\u00e1xima recolecta de mejillones va de Octubre a Marzo).<\/p>\n<p>&nbsp;<\/p>\n<p>&nbsp;<\/p>\n","protected":false},"featured_media":17737,"template":"","meta":{"spay_email":""},"yoast_head":"<!-- This site is optimized with the Yoast SEO plugin v15.9 - https:\/\/yoast.com\/wordpress\/plugins\/seo\/ -->\n<title>Mejillones Dardo 12\/16 en escabeche Picante 120gr. - Comercial de Hosteleria Anma<\/title>\n<meta name=\"description\" content=\"Mejillones en escabeche picante | 12\/16 | Dardo | 120gr.| De la ria gallega llegan estos exquisitos mejillones escabeche con toque picante.\" \/>\n<meta name=\"robots\" content=\"index, follow, max-snippet:-1, max-image-preview:large, max-video-preview:-1\" \/>\n<link rel=\"canonical\" href=\"https:\/\/www.comercialanma.es\/?product=mejillones-dardo-escabeche-picante-12-16\" \/>\n<meta property=\"og:locale\" content=\"es_ES\" \/>\n<meta property=\"og:type\" content=\"article\" \/>\n<meta property=\"og:title\" content=\"Mejillones Dardo 12\/16 en escabeche Picante 120gr. - Comercial de Hosteleria Anma\" \/>\n<meta property=\"og:description\" content=\"Mejillones en escabeche picante | 12\/16 | Dardo | 120gr.| De la ria gallega llegan estos exquisitos mejillones escabeche con toque picante.\" \/>\n<meta property=\"og:url\" content=\"https:\/\/www.comercialanma.es\/?product=mejillones-dardo-escabeche-picante-12-16\" \/>\n<meta property=\"og:site_name\" content=\"Comercial de Hosteleria Anma\" \/>\n<meta property=\"article:publisher\" content=\"https:\/\/www.facebook.com\/AnmaHosteleria\" \/>\n<meta property=\"article:modified_time\" content=\"2021-07-21T09:22:39+00:00\" \/>\n<meta property=\"og:image\" content=\"https:\/\/i0.wp.com\/www.comercialanma.es\/wp-content\/uploads\/2021\/07\/Mejillones-en-escabeche-picantes-dardo-1216.jpg?fit=1080%2C1080&#038;ssl=1\" \/>\n\t<meta property=\"og:image:width\" content=\"1080\" \/>\n\t<meta property=\"og:image:height\" content=\"1080\" \/>\n<meta name=\"twitter:card\" content=\"summary_large_image\" \/>\n<meta name=\"twitter:label1\" content=\"Tiempo de lectura\">\n\t<meta name=\"twitter:data1\" content=\"1 minuto\">\n<script type=\"application\/ld+json\" class=\"yoast-schema-graph\">{\"@context\":\"https:\/\/schema.org\",\"@graph\":[{\"@type\":\"Organization\",\"@id\":\"https:\/\/www.comercialanma.es\/#organization\",\"name\":\"Comercial Anma\",\"url\":\"https:\/\/www.comercialanma.es\/\",\"sameAs\":[\"https:\/\/www.facebook.com\/AnmaHosteleria\",\"https:\/\/www.instagram.com\/anmahosteleria\/?hl=es\",\"https:\/\/www.youtube.com\/channel\/UCT2nmn08Ntks0hmpZPnDgCA\"],\"logo\":{\"@type\":\"ImageObject\",\"@id\":\"https:\/\/www.comercialanma.es\/#logo\",\"inLanguage\":\"es\",\"url\":\"https:\/\/i2.wp.com\/www.comercialanma.es\/wp-content\/uploads\/2019\/06\/logo-anma-color.png?fit=247%2C101&ssl=1\",\"width\":247,\"height\":101,\"caption\":\"Comercial Anma\"},\"image\":{\"@id\":\"https:\/\/www.comercialanma.es\/#logo\"}},{\"@type\":\"WebSite\",\"@id\":\"https:\/\/www.comercialanma.es\/#website\",\"url\":\"https:\/\/www.comercialanma.es\/\",\"name\":\"Comercial de Hosteleria Anma\",\"description\":\"\",\"publisher\":{\"@id\":\"https:\/\/www.comercialanma.es\/#organization\"},\"potentialAction\":[{\"@type\":\"SearchAction\",\"target\":\"https:\/\/www.comercialanma.es\/?s={search_term_string}\",\"query-input\":\"required name=search_term_string\"}],\"inLanguage\":\"es\"},{\"@type\":\"ImageObject\",\"@id\":\"https:\/\/www.comercialanma.es\/?product=mejillones-dardo-escabeche-picante-12-16#primaryimage\",\"inLanguage\":\"es\",\"url\":\"https:\/\/i0.wp.com\/www.comercialanma.es\/wp-content\/uploads\/2021\/07\/Mejillones-en-escabeche-picantes-dardo-1216.jpg?fit=1080%2C1080&ssl=1\",\"width\":1080,\"height\":1080},{\"@type\":\"WebPage\",\"@id\":\"https:\/\/www.comercialanma.es\/?product=mejillones-dardo-escabeche-picante-12-16#webpage\",\"url\":\"https:\/\/www.comercialanma.es\/?product=mejillones-dardo-escabeche-picante-12-16\",\"name\":\"Mejillones Dardo 12\/16 en escabeche Picante 120gr. - Comercial de Hosteleria Anma\",\"isPartOf\":{\"@id\":\"https:\/\/www.comercialanma.es\/#website\"},\"primaryImageOfPage\":{\"@id\":\"https:\/\/www.comercialanma.es\/?product=mejillones-dardo-escabeche-picante-12-16#primaryimage\"},\"datePublished\":\"2021-07-21T08:56:47+00:00\",\"dateModified\":\"2021-07-21T09:22:39+00:00\",\"description\":\"Mejillones en escabeche picante | 12\/16 | Dardo | 120gr.| De la ria gallega llegan estos exquisitos mejillones escabeche con toque picante.\",\"breadcrumb\":{\"@id\":\"https:\/\/www.comercialanma.es\/?product=mejillones-dardo-escabeche-picante-12-16#breadcrumb\"},\"inLanguage\":\"es\",\"potentialAction\":[{\"@type\":\"ReadAction\",\"target\":[\"https:\/\/www.comercialanma.es\/?product=mejillones-dardo-escabeche-picante-12-16\"]}]},{\"@type\":\"BreadcrumbList\",\"@id\":\"https:\/\/www.comercialanma.es\/?product=mejillones-dardo-escabeche-picante-12-16#breadcrumb\",\"itemListElement\":[{\"@type\":\"ListItem\",\"position\":1,\"item\":{\"@type\":\"WebPage\",\"@id\":\"https:\/\/www.comercialanma.es\/\",\"url\":\"https:\/\/www.comercialanma.es\/\",\"name\":\"Portada\"}},{\"@type\":\"ListItem\",\"position\":2,\"item\":{\"@type\":\"WebPage\",\"@id\":\"https:\/\/www.comercialanma.es\/?page_id=3963\",\"url\":\"https:\/\/www.comercialanma.es\/?page_id=3963\",\"name\":\"Cat\\u00e1logo de Productos\"}},{\"@type\":\"ListItem\",\"position\":3,\"item\":{\"@type\":\"WebPage\",\"@id\":\"https:\/\/www.comercialanma.es\/?product=mejillones-dardo-escabeche-picante-12-16\",\"url\":\"https:\/\/www.comercialanma.es\/?product=mejillones-dardo-escabeche-picante-12-16\",\"name\":\"Mejillones Dardo 12\/16 en escabeche Picante 120gr.\"}}]}]}<\/script>\n<!-- \/ Yoast SEO plugin. -->","_links":{"self":[{"href":"https:\/\/www.comercialanma.es\/index.php?rest_route=\/wp\/v2\/product\/17736"}],"collection":[{"href":"https:\/\/www.comercialanma.es\/index.php?rest_route=\/wp\/v2\/product"}],"about":[{"href":"https:\/\/www.comercialanma.es\/index.php?rest_route=\/wp\/v2\/types\/product"}],"version-history":[{"count":2,"href":"https:\/\/www.comercialanma.es\/index.php?rest_route=\/wp\/v2\/product\/17736\/revisions"}],"predecessor-version":[{"id":17743,"href":"https:\/\/www.comercialanma.es\/index.php?rest_route=\/wp\/v2\/product\/17736\/revisions\/17743"}],"wp:featuredmedia":[{"embeddable":true,"href":"https:\/\/www.comercialanma.es\/index.php?rest_route=\/wp\/v2\/media\/17737"}],"wp:attachment":[{"href":"https:\/\/www.comercialanma.es\/index.php?rest_route=%2Fwp%2Fv2%2Fmedia&parent=17736"}],"curies":[{"name":"wp","href":"https:\/\/api.w.org\/{rel}","templated":true}]}}