
{"id":17750,"date":"2021-07-21T11:51:47","date_gmt":"2021-07-21T09:51:47","guid":{"rendered":"https:\/\/www.comercialanma.es\/?post_type=product&#038;p=17750"},"modified":"2021-07-21T11:58:58","modified_gmt":"2021-07-21T09:58:58","slug":"mejillones-dardo-25-35-en-escabeche-ro-280","status":"publish","type":"product","link":"https:\/\/www.comercialanma.es\/?product=mejillones-dardo-25-35-en-escabeche-ro-280","title":{"rendered":"Mejillones Dardo 25\/35 en escabeche RO-280"},"content":{"rendered":"<p>Marca: Dardo<\/p>\n<p>Descripci\u00f3n: Mejillones en escabeche<\/p>\n<p>Cantidad: 25\/35<\/p>\n","protected":false},"excerpt":{"rendered":"<p>Mejillones escabeche | 25\/35 | Dardo | 280gr.|<\/p>\n<p>Seleccionamos directamente el mejor mejill\u00f3n de las R\u00edas Gallegas en la mejor \u00e9poca del a\u00f1o. Se recoge en los puertos m\u00e1s importantes de Galicia, se cuece, empaca, y envasa, en un suave y exquisito escabeche; envas\u00e1ndolo tambi\u00e9n en otras ricas coberturas, como salsa de vieira, al natural, etc.<\/p>\n<p>&nbsp;<\/p>\n<p>&nbsp;<\/p>\n","protected":false},"featured_media":17751,"template":"","meta":{"spay_email":""},"yoast_head":"<!-- This site is optimized with the Yoast SEO plugin v15.9 - https:\/\/yoast.com\/wordpress\/plugins\/seo\/ -->\n<title>Mejillones Dardo 25\/35 en escabeche RO-280 - Comercial de Hosteleria Anma<\/title>\n<meta name=\"description\" content=\"Mejillones escabeche | 25\/35 | Dardo | 280gr.| Se cuecen, empacan, y envasan, en un suave y exquisito escabeche.\" \/>\n<meta name=\"robots\" content=\"index, follow, max-snippet:-1, max-image-preview:large, max-video-preview:-1\" \/>\n<link rel=\"canonical\" href=\"https:\/\/www.comercialanma.es\/?product=mejillones-dardo-25-35-en-escabeche-ro-280\" \/>\n<meta property=\"og:locale\" content=\"es_ES\" \/>\n<meta property=\"og:type\" content=\"article\" \/>\n<meta property=\"og:title\" content=\"Mejillones Dardo 25\/35 en escabeche RO-280 - Comercial de Hosteleria Anma\" \/>\n<meta property=\"og:description\" content=\"Mejillones escabeche | 25\/35 | Dardo | 280gr.| Se cuecen, empacan, y envasan, en un suave y exquisito escabeche.\" \/>\n<meta property=\"og:url\" content=\"https:\/\/www.comercialanma.es\/?product=mejillones-dardo-25-35-en-escabeche-ro-280\" \/>\n<meta property=\"og:site_name\" content=\"Comercial de Hosteleria Anma\" \/>\n<meta property=\"article:publisher\" content=\"https:\/\/www.facebook.com\/AnmaHosteleria\" \/>\n<meta property=\"article:modified_time\" content=\"2021-07-21T09:58:58+00:00\" \/>\n<meta property=\"og:image\" content=\"https:\/\/i2.wp.com\/www.comercialanma.es\/wp-content\/uploads\/2021\/07\/Mejillones-escabeche-ria-gallega-dardo-2535.jpg?fit=1080%2C1080&#038;ssl=1\" \/>\n\t<meta property=\"og:image:width\" content=\"1080\" \/>\n\t<meta property=\"og:image:height\" content=\"1080\" \/>\n<meta name=\"twitter:card\" content=\"summary_large_image\" \/>\n<meta name=\"twitter:label1\" content=\"Tiempo de lectura\">\n\t<meta name=\"twitter:data1\" content=\"1 minuto\">\n<script type=\"application\/ld+json\" class=\"yoast-schema-graph\">{\"@context\":\"https:\/\/schema.org\",\"@graph\":[{\"@type\":\"Organization\",\"@id\":\"https:\/\/www.comercialanma.es\/#organization\",\"name\":\"Comercial Anma\",\"url\":\"https:\/\/www.comercialanma.es\/\",\"sameAs\":[\"https:\/\/www.facebook.com\/AnmaHosteleria\",\"https:\/\/www.instagram.com\/anmahosteleria\/?hl=es\",\"https:\/\/www.youtube.com\/channel\/UCT2nmn08Ntks0hmpZPnDgCA\"],\"logo\":{\"@type\":\"ImageObject\",\"@id\":\"https:\/\/www.comercialanma.es\/#logo\",\"inLanguage\":\"es\",\"url\":\"https:\/\/i2.wp.com\/www.comercialanma.es\/wp-content\/uploads\/2019\/06\/logo-anma-color.png?fit=247%2C101&ssl=1\",\"width\":247,\"height\":101,\"caption\":\"Comercial Anma\"},\"image\":{\"@id\":\"https:\/\/www.comercialanma.es\/#logo\"}},{\"@type\":\"WebSite\",\"@id\":\"https:\/\/www.comercialanma.es\/#website\",\"url\":\"https:\/\/www.comercialanma.es\/\",\"name\":\"Comercial de Hosteleria Anma\",\"description\":\"\",\"publisher\":{\"@id\":\"https:\/\/www.comercialanma.es\/#organization\"},\"potentialAction\":[{\"@type\":\"SearchAction\",\"target\":\"https:\/\/www.comercialanma.es\/?s={search_term_string}\",\"query-input\":\"required name=search_term_string\"}],\"inLanguage\":\"es\"},{\"@type\":\"ImageObject\",\"@id\":\"https:\/\/www.comercialanma.es\/?product=mejillones-dardo-25-35-en-escabeche-ro-280#primaryimage\",\"inLanguage\":\"es\",\"url\":\"https:\/\/i2.wp.com\/www.comercialanma.es\/wp-content\/uploads\/2021\/07\/Mejillones-escabeche-ria-gallega-dardo-2535.jpg?fit=1080%2C1080&ssl=1\",\"width\":1080,\"height\":1080},{\"@type\":\"WebPage\",\"@id\":\"https:\/\/www.comercialanma.es\/?product=mejillones-dardo-25-35-en-escabeche-ro-280#webpage\",\"url\":\"https:\/\/www.comercialanma.es\/?product=mejillones-dardo-25-35-en-escabeche-ro-280\",\"name\":\"Mejillones Dardo 25\/35 en escabeche RO-280 - Comercial de Hosteleria Anma\",\"isPartOf\":{\"@id\":\"https:\/\/www.comercialanma.es\/#website\"},\"primaryImageOfPage\":{\"@id\":\"https:\/\/www.comercialanma.es\/?product=mejillones-dardo-25-35-en-escabeche-ro-280#primaryimage\"},\"datePublished\":\"2021-07-21T09:51:47+00:00\",\"dateModified\":\"2021-07-21T09:58:58+00:00\",\"description\":\"Mejillones escabeche | 25\/35 | Dardo | 280gr.| Se cuecen, empacan, y envasan, en un suave y exquisito escabeche.\",\"breadcrumb\":{\"@id\":\"https:\/\/www.comercialanma.es\/?product=mejillones-dardo-25-35-en-escabeche-ro-280#breadcrumb\"},\"inLanguage\":\"es\",\"potentialAction\":[{\"@type\":\"ReadAction\",\"target\":[\"https:\/\/www.comercialanma.es\/?product=mejillones-dardo-25-35-en-escabeche-ro-280\"]}]},{\"@type\":\"BreadcrumbList\",\"@id\":\"https:\/\/www.comercialanma.es\/?product=mejillones-dardo-25-35-en-escabeche-ro-280#breadcrumb\",\"itemListElement\":[{\"@type\":\"ListItem\",\"position\":1,\"item\":{\"@type\":\"WebPage\",\"@id\":\"https:\/\/www.comercialanma.es\/\",\"url\":\"https:\/\/www.comercialanma.es\/\",\"name\":\"Portada\"}},{\"@type\":\"ListItem\",\"position\":2,\"item\":{\"@type\":\"WebPage\",\"@id\":\"https:\/\/www.comercialanma.es\/?page_id=3963\",\"url\":\"https:\/\/www.comercialanma.es\/?page_id=3963\",\"name\":\"Cat\\u00e1logo de Productos\"}},{\"@type\":\"ListItem\",\"position\":3,\"item\":{\"@type\":\"WebPage\",\"@id\":\"https:\/\/www.comercialanma.es\/?product=mejillones-dardo-25-35-en-escabeche-ro-280\",\"url\":\"https:\/\/www.comercialanma.es\/?product=mejillones-dardo-25-35-en-escabeche-ro-280\",\"name\":\"Mejillones Dardo 25\/35 en escabeche RO-280\"}}]}]}<\/script>\n<!-- \/ Yoast SEO plugin. -->","_links":{"self":[{"href":"https:\/\/www.comercialanma.es\/index.php?rest_route=\/wp\/v2\/product\/17750"}],"collection":[{"href":"https:\/\/www.comercialanma.es\/index.php?rest_route=\/wp\/v2\/product"}],"about":[{"href":"https:\/\/www.comercialanma.es\/index.php?rest_route=\/wp\/v2\/types\/product"}],"version-history":[{"count":2,"href":"https:\/\/www.comercialanma.es\/index.php?rest_route=\/wp\/v2\/product\/17750\/revisions"}],"predecessor-version":[{"id":17753,"href":"https:\/\/www.comercialanma.es\/index.php?rest_route=\/wp\/v2\/product\/17750\/revisions\/17753"}],"wp:featuredmedia":[{"embeddable":true,"href":"https:\/\/www.comercialanma.es\/index.php?rest_route=\/wp\/v2\/media\/17751"}],"wp:attachment":[{"href":"https:\/\/www.comercialanma.es\/index.php?rest_route=%2Fwp%2Fv2%2Fmedia&parent=17750"}],"curies":[{"name":"wp","href":"https:\/\/api.w.org\/{rel}","templated":true}]}}

<p>Marca: Dardo</p>
<p>Descripción: Mejillones en escabeche</p>
<p>Cantidad: 25/35</p>

<p>Mejillones escabeche | 25/35 | Dardo | 280gr.|</p>
<p>Seleccionamos directamente el mejor mejillón de las Rías Gallegas en la mejor época del año. Se recoge en los puertos más importantes de Galicia, se cuece, empaca, y envasa, en un suave y exquisito escabeche; envasándolo también en otras ricas coberturas, como salsa de vieira, al natural, etc.</p>
<p>&nbsp;</p>
<p>&nbsp;</p>
