
{"id":17776,"date":"2021-07-23T09:54:22","date_gmt":"2021-07-23T07:54:22","guid":{"rendered":"https:\/\/www.comercialanma.es\/?post_type=product&#038;p=17776"},"modified":"2021-07-23T10:04:31","modified_gmt":"2021-07-23T08:04:31","slug":"efecte-volador-blanc","status":"publish","type":"product","link":"https:\/\/www.comercialanma.es\/?product=efecte-volador-blanc","title":{"rendered":"Efecte volador blanco 75cl."},"content":{"rendered":"<h3>D.O.:<\/h3>\n<ul>\n<li>Montsant.<\/li>\n<\/ul>\n<h3>Variedades de uva:<\/h3>\n<ul>\n<li><span lang=\"es\" xml:lang=\"es\">Garnacha blanca, muscat de grano peque\u00f1o y Sauvignon blanc<\/span>.<\/li>\n<\/ul>\n<h3>Graduaci\u00f3n:<\/h3>\n<ul>\n<li>Graduaci\u00f3n: 12,8% vol.<\/li>\n<\/ul>\n<h3>Nota de cata:<\/h3>\n<ul>\n<li><span lang=\"es\" xml:lang=\"es\">Arom\u00e1tico en nariz, con notas frutales y de flores blancas. <\/span><\/li>\n<li><span lang=\"es\" xml:lang=\"es\">En boca<\/span>\u00a0es muy aromatico y armonico, con una sensaci\u00f3n que no defrauda en nariz que lo ha precedido.<\/li>\n<li>Graso y muy agradable.<\/li>\n<\/ul>\n","protected":false},"excerpt":{"rendered":"<div id=\"tw-target-text-container\" class=\"tw-ta-container tw-nfl\">Efecte volador blanc | 75cl. | D.O Montsant |<\/div>\n<div class=\"tw-ta-container tw-nfl\">\n<div class=\"product-view nested-container\">\n<div>\n<div>\n<div id=\"product-tabs\">\n<div>\n<div>\n<div>\n<p>Nueva a\u00f1ada del vino L\u2019Efecte Volador Blanc, un vino blanco joven elaborado por la bodega\u00a0Josep Grau Viticultor\u00a0que, junto al vino\u00a0L&#8217;Efecte Volador Vinyes Singulars, forman una pareja de vinos de lo m\u00e1s apetecible.<\/p>\n<p>Una\u00a0Garnacha Blanca\u00a0100% que nace en las vi\u00f1as de unos 5 a\u00f1os que\u00a0se encuentran en peque\u00f1as parcelas en los alrededores de Mar\u00e7\u00e0, en el coraz\u00f3n de la\u00a0DO Montsant. Unas parcelas de suelos arcillosos que siguen los par\u00e1metros de la\u00a0agricultura org\u00e1nica.<\/p>\n<p>Tras una vendimia manual, los racimos se prensan muy lentamente en prensas neum\u00e1ticas. De esta forma, se extrae un mosto con un gran potencial arom\u00e1tico. La fermentaci\u00f3n se realiza en dep\u00f3sitos de acero inoxidable donde el vino blanco\u00a0L\u2019Efecte Volador Blanc 2020\u00a0reposa durante 5 meses sobre sus l\u00edas.<\/p>\n<p>Elegante y sugerente\u00a0vino blanco del Montsant\u00a0de producci\u00f3n muy limitada.<\/p>\n<\/div>\n<\/div>\n<\/div>\n<\/div>\n<\/div>\n<\/div>\n<div class=\"product-lower-primary-column-part2 box-additional grid12-12\"><\/div>\n<\/div>\n<\/div>\n<div><\/div>\n","protected":false},"featured_media":17777,"template":"","meta":{"spay_email":""},"yoast_head":"<!-- This site is optimized with the Yoast SEO plugin v15.9 - https:\/\/yoast.com\/wordpress\/plugins\/seo\/ -->\n<title>Efecte volador blanco 75cl. - Comercial de Hosteleria Anma<\/title>\n<meta name=\"description\" content=\"Efecte volador blanc | 75cl. | D.O Montsant | Elegante y sugerente vino blanco del Montsant de producci\u00f3n muy limitada.\" \/>\n<meta name=\"robots\" content=\"index, follow, max-snippet:-1, max-image-preview:large, max-video-preview:-1\" \/>\n<link rel=\"canonical\" href=\"https:\/\/www.comercialanma.es\/?product=efecte-volador-blanc\" \/>\n<meta property=\"og:locale\" content=\"es_ES\" \/>\n<meta property=\"og:type\" content=\"article\" \/>\n<meta property=\"og:title\" content=\"Efecte volador blanco 75cl. - Comercial de Hosteleria Anma\" \/>\n<meta property=\"og:description\" content=\"Efecte volador blanc | 75cl. | D.O Montsant | Elegante y sugerente vino blanco del Montsant de producci\u00f3n muy limitada.\" \/>\n<meta property=\"og:url\" content=\"https:\/\/www.comercialanma.es\/?product=efecte-volador-blanc\" \/>\n<meta property=\"og:site_name\" content=\"Comercial de Hosteleria Anma\" \/>\n<meta property=\"article:publisher\" content=\"https:\/\/www.facebook.com\/AnmaHosteleria\" \/>\n<meta property=\"article:modified_time\" content=\"2021-07-23T08:04:31+00:00\" \/>\n<meta property=\"og:image\" content=\"https:\/\/i2.wp.com\/www.comercialanma.es\/wp-content\/uploads\/2021\/07\/efecte-volador-blanc.jpg?fit=1080%2C1080&#038;ssl=1\" \/>\n\t<meta property=\"og:image:width\" content=\"1080\" \/>\n\t<meta property=\"og:image:height\" content=\"1080\" \/>\n<meta name=\"twitter:card\" content=\"summary_large_image\" \/>\n<meta name=\"twitter:label1\" content=\"Tiempo de lectura\">\n\t<meta name=\"twitter:data1\" content=\"1 minuto\">\n<script type=\"application\/ld+json\" class=\"yoast-schema-graph\">{\"@context\":\"https:\/\/schema.org\",\"@graph\":[{\"@type\":\"Organization\",\"@id\":\"https:\/\/www.comercialanma.es\/#organization\",\"name\":\"Comercial Anma\",\"url\":\"https:\/\/www.comercialanma.es\/\",\"sameAs\":[\"https:\/\/www.facebook.com\/AnmaHosteleria\",\"https:\/\/www.instagram.com\/anmahosteleria\/?hl=es\",\"https:\/\/www.youtube.com\/channel\/UCT2nmn08Ntks0hmpZPnDgCA\"],\"logo\":{\"@type\":\"ImageObject\",\"@id\":\"https:\/\/www.comercialanma.es\/#logo\",\"inLanguage\":\"es\",\"url\":\"https:\/\/i2.wp.com\/www.comercialanma.es\/wp-content\/uploads\/2019\/06\/logo-anma-color.png?fit=247%2C101&ssl=1\",\"width\":247,\"height\":101,\"caption\":\"Comercial Anma\"},\"image\":{\"@id\":\"https:\/\/www.comercialanma.es\/#logo\"}},{\"@type\":\"WebSite\",\"@id\":\"https:\/\/www.comercialanma.es\/#website\",\"url\":\"https:\/\/www.comercialanma.es\/\",\"name\":\"Comercial de Hosteleria Anma\",\"description\":\"\",\"publisher\":{\"@id\":\"https:\/\/www.comercialanma.es\/#organization\"},\"potentialAction\":[{\"@type\":\"SearchAction\",\"target\":\"https:\/\/www.comercialanma.es\/?s={search_term_string}\",\"query-input\":\"required name=search_term_string\"}],\"inLanguage\":\"es\"},{\"@type\":\"ImageObject\",\"@id\":\"https:\/\/www.comercialanma.es\/?product=efecte-volador-blanc#primaryimage\",\"inLanguage\":\"es\",\"url\":\"https:\/\/i2.wp.com\/www.comercialanma.es\/wp-content\/uploads\/2021\/07\/efecte-volador-blanc.jpg?fit=1080%2C1080&ssl=1\",\"width\":1080,\"height\":1080},{\"@type\":\"WebPage\",\"@id\":\"https:\/\/www.comercialanma.es\/?product=efecte-volador-blanc#webpage\",\"url\":\"https:\/\/www.comercialanma.es\/?product=efecte-volador-blanc\",\"name\":\"Efecte volador blanco 75cl. - Comercial de Hosteleria Anma\",\"isPartOf\":{\"@id\":\"https:\/\/www.comercialanma.es\/#website\"},\"primaryImageOfPage\":{\"@id\":\"https:\/\/www.comercialanma.es\/?product=efecte-volador-blanc#primaryimage\"},\"datePublished\":\"2021-07-23T07:54:22+00:00\",\"dateModified\":\"2021-07-23T08:04:31+00:00\",\"description\":\"Efecte volador blanc | 75cl. | D.O Montsant | Elegante y sugerente vino blanco del Montsant de producci\\u00f3n muy limitada.\",\"breadcrumb\":{\"@id\":\"https:\/\/www.comercialanma.es\/?product=efecte-volador-blanc#breadcrumb\"},\"inLanguage\":\"es\",\"potentialAction\":[{\"@type\":\"ReadAction\",\"target\":[\"https:\/\/www.comercialanma.es\/?product=efecte-volador-blanc\"]}]},{\"@type\":\"BreadcrumbList\",\"@id\":\"https:\/\/www.comercialanma.es\/?product=efecte-volador-blanc#breadcrumb\",\"itemListElement\":[{\"@type\":\"ListItem\",\"position\":1,\"item\":{\"@type\":\"WebPage\",\"@id\":\"https:\/\/www.comercialanma.es\/\",\"url\":\"https:\/\/www.comercialanma.es\/\",\"name\":\"Portada\"}},{\"@type\":\"ListItem\",\"position\":2,\"item\":{\"@type\":\"WebPage\",\"@id\":\"https:\/\/www.comercialanma.es\/?page_id=3963\",\"url\":\"https:\/\/www.comercialanma.es\/?page_id=3963\",\"name\":\"Cat\\u00e1logo de Productos\"}},{\"@type\":\"ListItem\",\"position\":3,\"item\":{\"@type\":\"WebPage\",\"@id\":\"https:\/\/www.comercialanma.es\/?product=efecte-volador-blanc\",\"url\":\"https:\/\/www.comercialanma.es\/?product=efecte-volador-blanc\",\"name\":\"Efecte volador blanco 75cl.\"}}]}]}<\/script>\n<!-- \/ Yoast SEO plugin. -->","_links":{"self":[{"href":"https:\/\/www.comercialanma.es\/index.php?rest_route=\/wp\/v2\/product\/17776"}],"collection":[{"href":"https:\/\/www.comercialanma.es\/index.php?rest_route=\/wp\/v2\/product"}],"about":[{"href":"https:\/\/www.comercialanma.es\/index.php?rest_route=\/wp\/v2\/types\/product"}],"version-history":[{"count":2,"href":"https:\/\/www.comercialanma.es\/index.php?rest_route=\/wp\/v2\/product\/17776\/revisions"}],"predecessor-version":[{"id":17781,"href":"https:\/\/www.comercialanma.es\/index.php?rest_route=\/wp\/v2\/product\/17776\/revisions\/17781"}],"wp:featuredmedia":[{"embeddable":true,"href":"https:\/\/www.comercialanma.es\/index.php?rest_route=\/wp\/v2\/media\/17777"}],"wp:attachment":[{"href":"https:\/\/www.comercialanma.es\/index.php?rest_route=%2Fwp%2Fv2%2Fmedia&parent=17776"}],"curies":[{"name":"wp","href":"https:\/\/api.w.org\/{rel}","templated":true}]}}